{"id":20403,"date":"2021-02-21T14:40:11","date_gmt":"2021-02-21T14:40:11","guid":{"rendered":"https:\/\/www.autonvaraosahaku.fi\/?product=ridex-51t0167-raidetangon-sisapaa"},"modified":"2021-02-21T14:40:12","modified_gmt":"2021-02-21T14:40:12","slug":"ridex-51t0167-raidetangon-sisapaa","status":"publish","type":"product","link":"https:\/\/www.autonvaraosahaku.fi\/?product=ridex-51t0167-raidetangon-sisapaa","title":{"rendered":"RIDEX 51T0167 Raidetangon sis\u00e4p\u00e4\u00e4"},"content":{"rendered":"<p>Kierremitta: M12x1.5; Kierremalli: Oikealla kierteell\u00e4; Vasen \/ oikea liikenne: Oikean-\/vasemmanpuolinen ohjaus; Asennuspuoli: Vorderachse beidseitig; SEAT: MARBELLA 28,TERRA Kasten 024A,127 127A,MARBELLA Kasten 028A,TERRA 24,133,128,PANDA 141A,FURA 025A; LANCIA: Y10 156,A 112; FIAT: PANDA 141A_,UNO 146A\/E,X 1\/9 128 AS,127,FIORINO Kasten 146,128 Coupe,128,PANDA Van 141_,FIORINO Pick up 146,FIORINO 147,127 Panorama,128 Familiare,FIORINO 127,147,FIORINO Pick up 147,147 Panorama,DUNA 146 B,ELBA 146_,DUNA Weekend 146 B; AUTOBIANCHI: A 112,Y10; ZASTAVA: 101 1100,YUGO,YUGO FLORIDA; INNOCENTI: ELBA 146; 5860321, 5960321, 5960321, 5860321, 5960321, SE141162449A; Raidetangon P\u00e4\u00e4 Sisempi,Raidetangon P\u00e4\u00e4, Suora<\/p>\n","protected":false},"excerpt":{"rendered":"<p>RIDEX Raidetangon Sis\u00e4p\u00e4\u00e4 51T0167 Raidetangon P\u00e4\u00e4 Sisempi,Raidetangon P\u00e4\u00e4, Suora SEAT,LANCIA,FIAT,MARBELLA 28,TERRA Kasten 024A,127 127A<\/p>\n","protected":false},"featured_media":0,"template":"","meta":{"site-sidebar-layout":"default","site-content-layout":"default","ast-global-header-display":"","ast-main-header-display":"","ast-hfb-above-header-display":"","ast-hfb-below-header-display":"","ast-hfb-mobile-header-display":"","site-post-title":"","ast-breadcrumbs-content":"","ast-featured-img":"","footer-sml-layout":"","theme-transparent-header-meta":"","adv-header-id-meta":"","stick-header-meta":"","header-above-stick-meta":"","header-main-stick-meta":"","header-below-stick-meta":""},"pwb-brand":[157],"product_cat":[208],"product_tag":[],"class_list":{"0":"post-20403","1":"product","2":"type-product","3":"status-publish","5":"pwb-brand-ridex","6":"product_cat-raidetangon-sisapaa","7":"desktop-align-left","8":"tablet-align-left","9":"mobile-align-left","11":"first","12":"instock","13":"product-type-external"},"brands":[{"id":157,"name":"RIDEX","slug":"ridex"}],"_links":{"self":[{"href":"https:\/\/www.autonvaraosahaku.fi\/index.php?rest_route=\/wp\/v2\/product\/20403","targetHints":{"allow":["GET"]}}],"collection":[{"href":"https:\/\/www.autonvaraosahaku.fi\/index.php?rest_route=\/wp\/v2\/product"}],"about":[{"href":"https:\/\/www.autonvaraosahaku.fi\/index.php?rest_route=\/wp\/v2\/types\/product"}],"wp:attachment":[{"href":"https:\/\/www.autonvaraosahaku.fi\/index.php?rest_route=%2Fwp%2Fv2%2Fmedia&parent=20403"}],"wp:term":[{"taxonomy":"pwb-brand","embeddable":true,"href":"https:\/\/www.autonvaraosahaku.fi\/index.php?rest_route=%2Fwp%2Fv2%2Fpwb-brand&post=20403"},{"taxonomy":"product_cat","embeddable":true,"href":"https:\/\/www.autonvaraosahaku.fi\/index.php?rest_route=%2Fwp%2Fv2%2Fproduct_cat&post=20403"},{"taxonomy":"product_tag","embeddable":true,"href":"https:\/\/www.autonvaraosahaku.fi\/index.php?rest_route=%2Fwp%2Fv2%2Fproduct_tag&post=20403"}],"curies":[{"name":"wp","href":"https:\/\/api.w.org\/{rel}","templated":true}]}}