{"id":20445,"date":"2021-02-21T14:40:19","date_gmt":"2021-02-21T14:40:19","guid":{"rendered":"https:\/\/www.autonvaraosahaku.fi\/?product=quick-brake-105-0820-muut-luokat"},"modified":"2021-02-21T14:40:20","modified_gmt":"2021-02-21T14:40:20","slug":"quick-brake-105-0820-muut-luokat","status":"publish","type":"product","link":"https:\/\/www.autonvaraosahaku.fi\/?product=quick-brake-105-0820-muut-luokat","title":{"rendered":"QUICK BRAKE 105-0820 Muut luokat"},"content":{"rendered":"<p>Asennuspuoli: Hinterachse; SUZUKI: SWIFT III MZ, EZ,SPLASH,SWIFT II Schr\u00e4gheck EA, MA; SUBARU: LEGACY IV Station Wagon BL, BP, B13_,JUSTY II JMA, MS,LEGACY IV BL, BP; OPEL: AGILA B H08; TOYOTA: YARIS SCP1_, NLP1_, NCP1_,AYGO WNB1_, KGB1_,AYGO PAB4_, KGB4_; CITRO\u00cbN: C1 PM_, PN_,C1 II; PEUGEOT: 107,108; VAUXHALL: AGILA Mk II B; Tarvikesarja K\u00e4sijarru<\/p>\n","protected":false},"excerpt":{"rendered":"<p>QUICK BRAKE Tarvikesarja Jarrukeng\u00e4t 105-0820 Tarvikesarja K\u00e4sijarru SUZUKI,SUBARU,OPEL,SWIFT III MZ, EZ,SPLASH,SWIFT II Schr\u00e4gheck EA, MA<\/p>\n","protected":false},"featured_media":0,"template":"","meta":{"site-sidebar-layout":"default","site-content-layout":"default","ast-global-header-display":"","ast-main-header-display":"","ast-hfb-above-header-display":"","ast-hfb-below-header-display":"","ast-hfb-mobile-header-display":"","site-post-title":"","ast-breadcrumbs-content":"","ast-featured-img":"","footer-sml-layout":"","theme-transparent-header-meta":"","adv-header-id-meta":"","stick-header-meta":"","header-above-stick-meta":"","header-main-stick-meta":"","header-below-stick-meta":""},"pwb-brand":[376],"product_cat":[37],"product_tag":[],"class_list":{"0":"post-20445","1":"product","2":"type-product","3":"status-publish","5":"pwb-brand-quick-brake","6":"product_cat-muut-luokat","7":"desktop-align-left","8":"tablet-align-left","9":"mobile-align-left","11":"first","12":"instock","13":"product-type-external"},"brands":[{"id":376,"name":"QUICK BRAKE","slug":"quick-brake"}],"_links":{"self":[{"href":"https:\/\/www.autonvaraosahaku.fi\/index.php?rest_route=\/wp\/v2\/product\/20445","targetHints":{"allow":["GET"]}}],"collection":[{"href":"https:\/\/www.autonvaraosahaku.fi\/index.php?rest_route=\/wp\/v2\/product"}],"about":[{"href":"https:\/\/www.autonvaraosahaku.fi\/index.php?rest_route=\/wp\/v2\/types\/product"}],"wp:attachment":[{"href":"https:\/\/www.autonvaraosahaku.fi\/index.php?rest_route=%2Fwp%2Fv2%2Fmedia&parent=20445"}],"wp:term":[{"taxonomy":"pwb-brand","embeddable":true,"href":"https:\/\/www.autonvaraosahaku.fi\/index.php?rest_route=%2Fwp%2Fv2%2Fpwb-brand&post=20445"},{"taxonomy":"product_cat","embeddable":true,"href":"https:\/\/www.autonvaraosahaku.fi\/index.php?rest_route=%2Fwp%2Fv2%2Fproduct_cat&post=20445"},{"taxonomy":"product_tag","embeddable":true,"href":"https:\/\/www.autonvaraosahaku.fi\/index.php?rest_route=%2Fwp%2Fv2%2Fproduct_tag&post=20445"}],"curies":[{"name":"wp","href":"https:\/\/api.w.org\/{rel}","templated":true}]}}