{"id":21052,"date":"2021-02-21T14:42:22","date_gmt":"2021-02-21T14:42:22","guid":{"rendered":"https:\/\/www.autonvaraosahaku.fi\/?product=ridex-469o0010-oljynjaahdytin"},"modified":"2021-02-21T14:42:24","modified_gmt":"2021-02-21T14:42:24","slug":"ridex-469o0010-oljynjaahdytin","status":"publish","type":"product","link":"https:\/\/www.autonvaraosahaku.fi\/?product=ridex-469o0010-oljynjaahdytin","title":{"rendered":"RIDEX 469O0010 \u00d6ljynj\u00e4\u00e4hdytin"},"content":{"rendered":"<p>Vaihteistomalli: K\u00e4si- \/ lis\u00e4varuste autom. vaihteisto; Kennon mitat: 140 x 106 x 23 mm; Pakokaasunormi: Euro 4 (D4); SUZUKI: SWIFT III MZ, EZ,SWIFT IV FZ, NZ,WAGON R+ MM,SPLASH,IGNIS II; CHEVROLET: AVEO Schr\u00e4gheck T300,AVEO Stufenheck T300; LANCIA: YPSILON 843,MUSA 350,YPSILON 312, 846; OPEL: CORSA D,CORSA C F08, F68,MERIVA,AGILA A H00,TIGRA TwinTop,COMBO Kasten\/Kombi,COMBO Tour,AGILA B H08,CORSA D Van,CORSA C Kasten F08, W5L; FORD: KA RU8; FIAT: GRANDE PUNTO 199,PUNTO 188,PANDA 169,500 312,PUNTO EVO 199,DOBLO Cargo 223,500 C 312,DOBLO 119,PANDA Van 169,PUNTO 199,IDEA,QUBO 225,500L,PUNTO Van 188AX,FIORINO Kasten\/Kombi 225,PUNTO Van 199,PALIO 178BX,SIENA 178_,GRANDE PUNTO Van 199_; VAUXHALL: CORSA Mk III D L_8,CORSA Mk II C W5L, F08,AGILA Mk II B,MERIVA Mk I A,CORSAVAN Mk II C,CORSAVAN Mk III D,TIGRA Convertible,COMBO TOUR Mk II C F25,COMBO Mk II C Kasten\/Kombi F25; 1539132, 1539133, 1549997, 1619837, 1619838, 1619839, 1651085E00, 1651085E01, 1651085E10, 1724210, 1758757, 55193743, 55197216, 55210687, 55210712, 55210717, 55238294, 5650341, 5650358, 5650366, 650034, 650035, 650143, 73500434, 9162974, 93177482, 93179536, 93184546, 93186851, 9S516B624A1A, 9S516B624A1B, 9S516B624A2B, BS516B624AA, 1539132, 1539133, 1549997, 1619837, 1619838, 1619839, 1651085E00, 1651085E01, 1651085E10, 1724210, 1758757, 55193743, 55197216, 55210687, 55210712, 55210717, 55238294, 5650341, 5650358, 5650366, 650034, 650035, 650143, 73500434, 9162974, 93177482, 93179536, 93184546, 93186851, 9S516B624A1A, 9S516B624A1B, 9S516B624A2B, BS516B624AA, 1539132, 1539133, 1549997, 1619837, 1619838, 1619839, 1651085E00, 1651085E01, 1651085E10, 1724210, 1758757, 55193743, 55197216, 55210687, 55210712, 55210717, 55238294, 5650341, 5650358, 5650366, 650034, 650035, 650143, 73500434, 9162974, 93177482, 93179536, 93184546, 93186851, 9S516B624A1A, 9S516B624A1B, 9S516B624A2B, BS516B624AA,&#8230;; \u00d6ljynlauhdutin,Moottori\u00f6ljyn J\u00e4\u00e4hdytin<\/p>\n","protected":false},"excerpt":{"rendered":"<p>RIDEX \u00d6ljynj\u00e4\u00e4hdytin 469O0010 \u00d6ljynlauhdutin,Moottori\u00f6ljyn J\u00e4\u00e4hdytin SUZUKI,CHEVROLET,LANCIA,SWIFT III MZ, EZ,SWIFT IV FZ, NZ,WAGON R+ MM,SPLASH<\/p>\n","protected":false},"featured_media":0,"template":"","meta":{"site-sidebar-layout":"default","site-content-layout":"default","ast-global-header-display":"","ast-main-header-display":"","ast-hfb-above-header-display":"","ast-hfb-below-header-display":"","ast-hfb-mobile-header-display":"","site-post-title":"","ast-breadcrumbs-content":"","ast-featured-img":"","footer-sml-layout":"","theme-transparent-header-meta":"","adv-header-id-meta":"","stick-header-meta":"","header-above-stick-meta":"","header-main-stick-meta":"","header-below-stick-meta":""},"pwb-brand":[157],"product_cat":[244],"product_tag":[],"class_list":{"0":"post-21052","1":"product","2":"type-product","3":"status-publish","5":"pwb-brand-ridex","6":"product_cat-oljynjaahdytin","7":"desktop-align-left","8":"tablet-align-left","9":"mobile-align-left","11":"first","12":"instock","13":"product-type-external"},"brands":[{"id":157,"name":"RIDEX","slug":"ridex"}],"_links":{"self":[{"href":"https:\/\/www.autonvaraosahaku.fi\/index.php?rest_route=\/wp\/v2\/product\/21052","targetHints":{"allow":["GET"]}}],"collection":[{"href":"https:\/\/www.autonvaraosahaku.fi\/index.php?rest_route=\/wp\/v2\/product"}],"about":[{"href":"https:\/\/www.autonvaraosahaku.fi\/index.php?rest_route=\/wp\/v2\/types\/product"}],"wp:attachment":[{"href":"https:\/\/www.autonvaraosahaku.fi\/index.php?rest_route=%2Fwp%2Fv2%2Fmedia&parent=21052"}],"wp:term":[{"taxonomy":"pwb-brand","embeddable":true,"href":"https:\/\/www.autonvaraosahaku.fi\/index.php?rest_route=%2Fwp%2Fv2%2Fpwb-brand&post=21052"},{"taxonomy":"product_cat","embeddable":true,"href":"https:\/\/www.autonvaraosahaku.fi\/index.php?rest_route=%2Fwp%2Fv2%2Fproduct_cat&post=21052"},{"taxonomy":"product_tag","embeddable":true,"href":"https:\/\/www.autonvaraosahaku.fi\/index.php?rest_route=%2Fwp%2Fv2%2Fproduct_tag&post=21052"}],"curies":[{"name":"wp","href":"https:\/\/api.w.org\/{rel}","templated":true}]}}