{"id":21076,"date":"2021-02-21T14:42:27","date_gmt":"2021-02-21T14:42:27","guid":{"rendered":"https:\/\/www.autonvaraosahaku.fi\/?product=ridex-1385c0122-ohjainlaite-lammitys-tuuletus"},"modified":"2021-02-21T14:42:30","modified_gmt":"2021-02-21T14:42:30","slug":"ridex-1385c0122-ohjainlaite-lammitys-tuuletus","status":"publish","type":"product","link":"https:\/\/www.autonvaraosahaku.fi\/?product=ridex-1385c0122-ohjainlaite-lammitys-tuuletus","title":{"rendered":"RIDEX 1385C0122 Ohjainlaite l\u00e4mmitys tuuletus"},"content":{"rendered":"<p>J\u00e4nnite (V): 12; Liittimi\u00e4: 4; RENAULT: SC\u00c9NIC I JA0\/1_,MEGANE Scenic JA0\/1_; PEUGEOT: 1007 KM_; CITRO\u00cbN: C2 JM_,C3 I FC_,C3 Pluriel HB_,C2 ENTERPRISE; 7701046943<\/p>\n","protected":false},"excerpt":{"rendered":"<p>RIDEX Ohjainlaite, L\u00e4mmitys\/Tuuletus 1385C0122  RENAULT,PEUGEOT,CITRO\u00cbN,SC\u00c9NIC I JA0\/1_,MEGANE Scenic JA0\/1_,1007 KM_,C2 JM_,C3 I FC_,C3 Pluriel HB_<\/p>\n","protected":false},"featured_media":0,"template":"","meta":{"site-sidebar-layout":"default","site-content-layout":"default","ast-global-header-display":"","ast-main-header-display":"","ast-hfb-above-header-display":"","ast-hfb-below-header-display":"","ast-hfb-mobile-header-display":"","site-post-title":"","ast-breadcrumbs-content":"","ast-featured-img":"","footer-sml-layout":"","theme-transparent-header-meta":"","adv-header-id-meta":"","stick-header-meta":"","header-above-stick-meta":"","header-main-stick-meta":"","header-below-stick-meta":""},"pwb-brand":[157],"product_cat":[262],"product_tag":[],"class_list":{"0":"post-21076","1":"product","2":"type-product","3":"status-publish","5":"pwb-brand-ridex","6":"product_cat-ohjainlaite-lammitys-tuuletus","7":"desktop-align-left","8":"tablet-align-left","9":"mobile-align-left","11":"first","12":"instock","13":"product-type-external"},"brands":[{"id":157,"name":"RIDEX","slug":"ridex"}],"_links":{"self":[{"href":"https:\/\/www.autonvaraosahaku.fi\/index.php?rest_route=\/wp\/v2\/product\/21076","targetHints":{"allow":["GET"]}}],"collection":[{"href":"https:\/\/www.autonvaraosahaku.fi\/index.php?rest_route=\/wp\/v2\/product"}],"about":[{"href":"https:\/\/www.autonvaraosahaku.fi\/index.php?rest_route=\/wp\/v2\/types\/product"}],"wp:attachment":[{"href":"https:\/\/www.autonvaraosahaku.fi\/index.php?rest_route=%2Fwp%2Fv2%2Fmedia&parent=21076"}],"wp:term":[{"taxonomy":"pwb-brand","embeddable":true,"href":"https:\/\/www.autonvaraosahaku.fi\/index.php?rest_route=%2Fwp%2Fv2%2Fpwb-brand&post=21076"},{"taxonomy":"product_cat","embeddable":true,"href":"https:\/\/www.autonvaraosahaku.fi\/index.php?rest_route=%2Fwp%2Fv2%2Fproduct_cat&post=21076"},{"taxonomy":"product_tag","embeddable":true,"href":"https:\/\/www.autonvaraosahaku.fi\/index.php?rest_route=%2Fwp%2Fv2%2Fproduct_tag&post=21076"}],"curies":[{"name":"wp","href":"https:\/\/api.w.org\/{rel}","templated":true}]}}