{"id":21122,"date":"2021-02-21T14:42:40","date_gmt":"2021-02-21T14:42:40","guid":{"rendered":"https:\/\/www.autonvaraosahaku.fi\/?product=maxgear-50-0223-polttoainepumpun-rele"},"modified":"2021-02-21T14:42:40","modified_gmt":"2021-02-21T14:42:40","slug":"maxgear-50-0223-polttoainepumpun-rele","status":"publish","type":"product","link":"https:\/\/www.autonvaraosahaku.fi\/?product=maxgear-50-0223-polttoainepumpun-rele","title":{"rendered":"MAXGEAR 50-0223 Polttoainepumpun rele"},"content":{"rendered":"<p>Nimellisvirta [A]: 30, 40; K\u00e4ytt\u00f6j\u00e4nnite [V]: 12; Yhdistelm\u00e4kytkintoiminto: Sulkija; Napojen m\u00e4\u00e4r\u00e4: 5; Korkeus (mm): 33; Leveys (mm): 35; Pituus (mm): 35; Liittimet: 1 x 2,8&#215;0,8 mm, 2x 6,3&#215;0,8 mm, 2x 9,5&#215;1,2 mm; Alustanumerosta: 8G-T-000001; VW: PASSAT Variant 3B6,PASSAT Variant 3B5,PASSAT 3B2,PASSAT 3B3; AUDI: A4 8D2, B5,A6 Avant 4B5, C5,A4 Avant 8D5, B5,80 8C, B4,A6 4B2, C5,CABRIOLET 8G7, B4,100 4A, C4,A8 4D2, 4D8,80 Avant 8C, B4,A6 Avant 4A, C4,A6 4A, C4,COUPE 89, 8B,100 Avant 4A, C4,V8 44_, 4C_; SKODA: SUPERB 3U4; 4D0951253, 4D0951253, 4D0951253; Rele, Polttoainepumppu<\/p>\n","protected":false},"excerpt":{"rendered":"<p>MAXGEAR Polttoainepumpun Rele 50-0223 Rele, Polttoainepumppu VW,AUDI,SKODA,PASSAT Variant 3B6,PASSAT Variant 3B5,PASSAT 3B2,PASSAT 3B3,A4 8D2, B5<\/p>\n","protected":false},"featured_media":0,"template":"","meta":{"site-sidebar-layout":"default","site-content-layout":"default","ast-global-header-display":"","ast-main-header-display":"","ast-hfb-above-header-display":"","ast-hfb-below-header-display":"","ast-hfb-mobile-header-display":"","site-post-title":"","ast-breadcrumbs-content":"","ast-featured-img":"","footer-sml-layout":"","theme-transparent-header-meta":"","adv-header-id-meta":"","stick-header-meta":"","header-above-stick-meta":"","header-main-stick-meta":"","header-below-stick-meta":""},"pwb-brand":[48],"product_cat":[132],"product_tag":[],"class_list":{"0":"post-21122","1":"product","2":"type-product","3":"status-publish","5":"pwb-brand-maxgear","6":"product_cat-polttoainepumpun-rele","7":"desktop-align-left","8":"tablet-align-left","9":"mobile-align-left","11":"first","12":"instock","13":"product-type-external"},"brands":[{"id":48,"name":"MAXGEAR","slug":"maxgear"}],"_links":{"self":[{"href":"https:\/\/www.autonvaraosahaku.fi\/index.php?rest_route=\/wp\/v2\/product\/21122","targetHints":{"allow":["GET"]}}],"collection":[{"href":"https:\/\/www.autonvaraosahaku.fi\/index.php?rest_route=\/wp\/v2\/product"}],"about":[{"href":"https:\/\/www.autonvaraosahaku.fi\/index.php?rest_route=\/wp\/v2\/types\/product"}],"wp:attachment":[{"href":"https:\/\/www.autonvaraosahaku.fi\/index.php?rest_route=%2Fwp%2Fv2%2Fmedia&parent=21122"}],"wp:term":[{"taxonomy":"pwb-brand","embeddable":true,"href":"https:\/\/www.autonvaraosahaku.fi\/index.php?rest_route=%2Fwp%2Fv2%2Fpwb-brand&post=21122"},{"taxonomy":"product_cat","embeddable":true,"href":"https:\/\/www.autonvaraosahaku.fi\/index.php?rest_route=%2Fwp%2Fv2%2Fproduct_cat&post=21122"},{"taxonomy":"product_tag","embeddable":true,"href":"https:\/\/www.autonvaraosahaku.fi\/index.php?rest_route=%2Fwp%2Fv2%2Fproduct_tag&post=21122"}],"curies":[{"name":"wp","href":"https:\/\/api.w.org\/{rel}","templated":true}]}}