{"id":21631,"date":"2021-02-21T14:44:23","date_gmt":"2021-02-21T14:44:23","guid":{"rendered":"https:\/\/www.autonvaraosahaku.fi\/?product=vaico-v10-6459-huohotin"},"modified":"2021-02-21T14:44:24","modified_gmt":"2021-02-21T14:44:24","slug":"vaico-v10-6459-huohotin","status":"publish","type":"product","link":"https:\/\/www.autonvaraosahaku.fi\/?product=vaico-v10-6459-huohotin","title":{"rendered":"VAICO V10-6459 Huohotin"},"content":{"rendered":"<p>Asennuspuoli: Sylinterikansi; Venttiilimalli: Kalvonventtiili, Ilmanpoistoventtiili; Kotelomateriaali: Polyamidi 6.6; Suositeltu vaihtov\u00e4li [km]: 60000; Suositeltu vaihtov\u00e4li [vuotta]: 3; Huomioi huolto-ohjeet: ; Materiaali tiiviste: FPM (fluori-kumi)\/APM (polyakryyli-kumi); K\u00e4ytt\u00f6: paineohjattu; Paino [kg]: 0,2239; Pakkausleveys [cm]: 10,2; Pakkauskorkeus [mm]: 25,1; Pakkaussyvyys [cm]: 9,3; lis\u00e4tieto: CST98; TECDOC-moottorinumero: 27628; VW: GOLF V 1K1,GOLF VI 5K1,PASSAT Variant 3C5,PASSAT 3C2,POLO 6R, 6C,GOLF V Variant 1K5,EOS 1F7, 1F8,SCIROCCO 137, 138,JETTA III 1K2; AUDI: A6 Avant 4F5, C6,A3 8P1,A3 Sportback 8PA,A4 Avant 8ED, B7,A6 4F2, C6,A4 Cabriolet 8H7, B6, 8HE, B7,A4 8EC, B7,TT 8J3,A1 8X1, 8XF,TT Roadster 8J9; SKODA: OCTAVIA Combi 1Z5,OCTAVIA 1Z3; SEAT: LEON 1P1,ALTEA 5P1,ALTEA XL 5P5, 5P8,EXEO ST 3R5,EXEO 3R2,TOLEDO III 5P2; 06F129101F, 06F129101K, 06F129101L, 06F129101N, 06F129101F, 06F129101K, 06F129101L, 06F129101N, 06F129101R, 06F129101F, 06F129101K, 06F129101L, 06F129101N, 06F129101R, 06F129101F, 06F129101K, 06F129101L, 06F129101N<\/p>\n","protected":false},"excerpt":{"rendered":"<p>VAICO Korjaussarja, Kampikammiotuuletus V10-6459  VW,AUDI,SKODA,GOLF V 1K1,GOLF VI 5K1,PASSAT Variant 3C5,PASSAT 3C2,POLO 6R, 6C,GOLF V Variant 1K5<\/p>\n","protected":false},"featured_media":0,"template":"","meta":{"site-sidebar-layout":"default","site-content-layout":"default","ast-global-header-display":"","ast-main-header-display":"","ast-hfb-above-header-display":"","ast-hfb-below-header-display":"","ast-hfb-mobile-header-display":"","site-post-title":"","ast-breadcrumbs-content":"","ast-featured-img":"","footer-sml-layout":"","theme-transparent-header-meta":"","adv-header-id-meta":"","stick-header-meta":"","header-above-stick-meta":"","header-main-stick-meta":"","header-below-stick-meta":""},"pwb-brand":[330],"product_cat":[125],"product_tag":[],"class_list":{"0":"post-21631","1":"product","2":"type-product","3":"status-publish","5":"pwb-brand-vaico","6":"product_cat-huohotin","7":"desktop-align-left","8":"tablet-align-left","9":"mobile-align-left","11":"first","12":"instock","13":"product-type-external"},"brands":[{"id":330,"name":"VAICO","slug":"vaico"}],"_links":{"self":[{"href":"https:\/\/www.autonvaraosahaku.fi\/index.php?rest_route=\/wp\/v2\/product\/21631","targetHints":{"allow":["GET"]}}],"collection":[{"href":"https:\/\/www.autonvaraosahaku.fi\/index.php?rest_route=\/wp\/v2\/product"}],"about":[{"href":"https:\/\/www.autonvaraosahaku.fi\/index.php?rest_route=\/wp\/v2\/types\/product"}],"wp:attachment":[{"href":"https:\/\/www.autonvaraosahaku.fi\/index.php?rest_route=%2Fwp%2Fv2%2Fmedia&parent=21631"}],"wp:term":[{"taxonomy":"pwb-brand","embeddable":true,"href":"https:\/\/www.autonvaraosahaku.fi\/index.php?rest_route=%2Fwp%2Fv2%2Fpwb-brand&post=21631"},{"taxonomy":"product_cat","embeddable":true,"href":"https:\/\/www.autonvaraosahaku.fi\/index.php?rest_route=%2Fwp%2Fv2%2Fproduct_cat&post=21631"},{"taxonomy":"product_tag","embeddable":true,"href":"https:\/\/www.autonvaraosahaku.fi\/index.php?rest_route=%2Fwp%2Fv2%2Fproduct_tag&post=21631"}],"curies":[{"name":"wp","href":"https:\/\/api.w.org\/{rel}","templated":true}]}}