{"id":21849,"date":"2021-02-21T14:45:08","date_gmt":"2021-02-21T14:45:08","guid":{"rendered":"https:\/\/www.autonvaraosahaku.fi\/?product=metzger-6490083-jousijalan-tukilaakeri"},"modified":"2021-02-21T14:45:10","modified_gmt":"2021-02-21T14:45:10","slug":"metzger-6490083-jousijalan-tukilaakeri","status":"publish","type":"product","link":"https:\/\/www.autonvaraosahaku.fi\/?product=metzger-6490083-jousijalan-tukilaakeri","title":{"rendered":"METZGER 6490083 Jousijalan tukilaakeri"},"content":{"rendered":"<p>Asennuspuoli: etuakseli molemminpuoleinen; Korvaava tuote\/korvaava tiedote 2: Vierint\u00e4laakerilla; Vaihtoehtoinen korjaussarja: 6490090; Valmistusvuoteen: 11\/2008; MAZDA: 3 BK,3 Stufenheck BK; VOLVO: V50 MW,C30,S40 II MS,C70 II Cabriolet; FORD: FOCUS II Kombi DA_,FOCUS II DA_,FOCUS C-MAX,KUGA I,C-MAX DM2,KUGA II DM2,FOCUS II Stufenheck DA_; 1223835, 1230960, 1250820, 1255350, 1255747, 1305330, 1305330S1, 1305954, 1308718, 1308719, 1320605, 1323599, 1334230, 1339553, 1365854, 1377471, 1377471S1, 1377612, 1508111, 1695818, 1820399, 3M513K099AA, 3M513K099AB, 3M513K099AC, 3M513K099AD, 3M513K155BD, 3M513K155BE, 3M513K155CC, 3M513K155DB, 3M513K155DC, 3M513K155EC, 3M513K155FA, 3M513K155FB, 3M515E211ND, 8N613K155AA, 8N613K155DA, B39D3438XA, DV613K099AD, BBM23438X, BP4K34380A, BP4K34380B, BP4K34380C, BP4K34380D, BP4K3438XA, BP4K3438XB, BP4K34XB, BP4L34380, BP4L34380B, BP4L34380C, BP4L34380D, BP4L34380S1, BPL34380, BPL34380B, BPL34380C, BPL34380D, 30639948, 30647733, 30666194, 30666530, 30678437, 30681546, 30681546S1, 31262470, 8646174; Iskarin Yl\u00e4p\u00e4\u00e4,Iskunvaimentimen Yl\u00e4p\u00e4\u00e4<\/p>\n","protected":false},"excerpt":{"rendered":"<p>METZGER Jousijalan Tukilaakeri 6490083 Iskarin Yl\u00e4p\u00e4\u00e4,Iskunvaimentimen Yl\u00e4p\u00e4\u00e4 MAZDA,VOLVO,FORD,3 BK,3 Stufenheck BK,V50 MW,C30,S40 II MS<\/p>\n","protected":false},"featured_media":0,"template":"","meta":{"site-sidebar-layout":"default","site-content-layout":"default","ast-global-header-display":"","ast-main-header-display":"","ast-hfb-above-header-display":"","ast-hfb-below-header-display":"","ast-hfb-mobile-header-display":"","site-post-title":"","ast-breadcrumbs-content":"","ast-featured-img":"","footer-sml-layout":"","theme-transparent-header-meta":"","adv-header-id-meta":"","stick-header-meta":"","header-above-stick-meta":"","header-main-stick-meta":"","header-below-stick-meta":""},"pwb-brand":[69],"product_cat":[45],"product_tag":[],"class_list":{"0":"post-21849","1":"product","2":"type-product","3":"status-publish","5":"pwb-brand-metzger","6":"product_cat-jousijalan-tukilaakeri","7":"desktop-align-left","8":"tablet-align-left","9":"mobile-align-left","11":"first","12":"instock","13":"product-type-external"},"brands":[{"id":69,"name":"METZGER","slug":"metzger"}],"_links":{"self":[{"href":"https:\/\/www.autonvaraosahaku.fi\/index.php?rest_route=\/wp\/v2\/product\/21849","targetHints":{"allow":["GET"]}}],"collection":[{"href":"https:\/\/www.autonvaraosahaku.fi\/index.php?rest_route=\/wp\/v2\/product"}],"about":[{"href":"https:\/\/www.autonvaraosahaku.fi\/index.php?rest_route=\/wp\/v2\/types\/product"}],"wp:attachment":[{"href":"https:\/\/www.autonvaraosahaku.fi\/index.php?rest_route=%2Fwp%2Fv2%2Fmedia&parent=21849"}],"wp:term":[{"taxonomy":"pwb-brand","embeddable":true,"href":"https:\/\/www.autonvaraosahaku.fi\/index.php?rest_route=%2Fwp%2Fv2%2Fpwb-brand&post=21849"},{"taxonomy":"product_cat","embeddable":true,"href":"https:\/\/www.autonvaraosahaku.fi\/index.php?rest_route=%2Fwp%2Fv2%2Fproduct_cat&post=21849"},{"taxonomy":"product_tag","embeddable":true,"href":"https:\/\/www.autonvaraosahaku.fi\/index.php?rest_route=%2Fwp%2Fv2%2Fproduct_tag&post=21849"}],"curies":[{"name":"wp","href":"https:\/\/api.w.org\/{rel}","templated":true}]}}