{"id":22312,"date":"2021-02-21T14:46:44","date_gmt":"2021-02-21T14:46:44","guid":{"rendered":"https:\/\/www.autonvaraosahaku.fi\/?product=alca-534000-antenni"},"modified":"2021-02-21T14:46:46","modified_gmt":"2021-02-21T14:46:46","slug":"alca-534000-antenni","status":"publish","type":"product","link":"https:\/\/www.autonvaraosahaku.fi\/?product=alca-534000-antenni","title":{"rendered":"ALCA 534000 Antenni"},"content":{"rendered":"<p>K\u00e4ytt\u00f6: Elektroninen; Pituus (cm): 34; Kaapelipituus [m]: 2(radiocable), 2.1(powercable); Asennuspuoli: Tuulilasi; Rekister\u00f6ity tyyppi: CE-hyv\u00e4ksynt\u00e4; J\u00e4nnite (V): 12; Materiaali: ABS (Acrylnitril-Butadien-Styrol-Copolymerisat), PVC, lasikuitu, Metalli; Taajuusalue [Mhz]: FM(87.5-108MHz), AM(535-1605KHz); Paino [g]: 100; Tuotelinja: Aktiv<\/p>\n","protected":false},"excerpt":{"rendered":"<p>ALCA Antenni 534000<\/p>\n","protected":false},"featured_media":0,"template":"","meta":{"site-sidebar-layout":"default","site-content-layout":"default","ast-global-header-display":"","ast-main-header-display":"","ast-hfb-above-header-display":"","ast-hfb-below-header-display":"","ast-hfb-mobile-header-display":"","site-post-title":"","ast-breadcrumbs-content":"","ast-featured-img":"","footer-sml-layout":"","theme-transparent-header-meta":"","adv-header-id-meta":"","stick-header-meta":"","header-above-stick-meta":"","header-main-stick-meta":"","header-below-stick-meta":""},"pwb-brand":[351],"product_cat":[164],"product_tag":[],"class_list":{"0":"post-22312","1":"product","2":"type-product","3":"status-publish","5":"pwb-brand-alca","6":"product_cat-antenni","7":"desktop-align-left","8":"tablet-align-left","9":"mobile-align-left","11":"first","12":"instock","13":"product-type-external"},"brands":[{"id":351,"name":"ALCA","slug":"alca"}],"_links":{"self":[{"href":"https:\/\/www.autonvaraosahaku.fi\/index.php?rest_route=\/wp\/v2\/product\/22312","targetHints":{"allow":["GET"]}}],"collection":[{"href":"https:\/\/www.autonvaraosahaku.fi\/index.php?rest_route=\/wp\/v2\/product"}],"about":[{"href":"https:\/\/www.autonvaraosahaku.fi\/index.php?rest_route=\/wp\/v2\/types\/product"}],"wp:attachment":[{"href":"https:\/\/www.autonvaraosahaku.fi\/index.php?rest_route=%2Fwp%2Fv2%2Fmedia&parent=22312"}],"wp:term":[{"taxonomy":"pwb-brand","embeddable":true,"href":"https:\/\/www.autonvaraosahaku.fi\/index.php?rest_route=%2Fwp%2Fv2%2Fpwb-brand&post=22312"},{"taxonomy":"product_cat","embeddable":true,"href":"https:\/\/www.autonvaraosahaku.fi\/index.php?rest_route=%2Fwp%2Fv2%2Fproduct_cat&post=22312"},{"taxonomy":"product_tag","embeddable":true,"href":"https:\/\/www.autonvaraosahaku.fi\/index.php?rest_route=%2Fwp%2Fv2%2Fproduct_tag&post=22312"}],"curies":[{"name":"wp","href":"https:\/\/api.w.org\/{rel}","templated":true}]}}