{"id":22841,"date":"2021-02-21T14:48:38","date_gmt":"2021-02-21T14:48:38","guid":{"rendered":"https:\/\/www.autonvaraosahaku.fi\/?product=master-sport-940-6-kf-pcs-ms-polttoainesuodatin"},"modified":"2021-02-21T14:48:39","modified_gmt":"2021-02-21T14:48:39","slug":"master-sport-940-6-kf-pcs-ms-polttoainesuodatin","status":"publish","type":"product","link":"https:\/\/www.autonvaraosahaku.fi\/?product=master-sport-940-6-kf-pcs-ms-polttoainesuodatin","title":{"rendered":"MASTER-SPORT 940\/6-KF-PCS-MS Polttoainesuodatin"},"content":{"rendered":"<p>Ulkol\u00e4pimitta [mm]: 93; Ulkol\u00e4pimitta 2 [mm]: 71; Kierre sis\u00e4\u00e4ntulo: M 36 X 1.5; Kierre ulostulo: 3\/4-16 UNF; Korkeus (mm): 155; Sis\u00e4l\u00e4pimitta 2 [mm]: 62; Nettopaino [kg]: 0,44; Bruttopaino [kg]: 0,48; Valmistusvuosi alkaen: 03\/1984; FORD: MAVERICK UDS, UNS,MAVERICK VAN; NISSAN: X-TRAIL T30,ALMERA TINO V10,ALMERA II Hatchback N16,PATHFINDER R51,PRIMERA P11,PRIMERA Kombi WP12,PRIMERA P12,TERRANO II R20,PRIMERA Traveller WP11,PRIMERA Hatchback P11,PRIMERA Hatchback P12,PATROL GR II Wagon Y61,ALMERA I Hatchback N15,PICK UP D22,NAVARA D22,PATHFINDER R50,ALMERA Mk II N16,ALMERA I N15,PICK UP D21,SERENA C23M,PATROL GR I Y60, GR,PRIMERA P10,TERRANO I WD21,PATROL Station Wagon W260,PATROL Hardtop K260,NP300,SUNNY III N14,VANETTE Bus C22,PULSAR V Schr\u00e4gheck N14,SUNNY III Liftback N14,PRIMERA Hatchback P10,PRIMERA Traveller W10,NAVARA Pritsche\/Fahrgestell D22,SUNNY II Hatchback N13,NAVARA Pick-up D21,BLUEBIRD T72 , T12,LAUREL JC32,SUNNY III Traveller Y10,VANETTE CARGO Kasten HC 23,TERRANO Van R20,TRADE Kasten\/Kombi,BLUEBIRD Hatchback T72, T12,VANETTE CARGO Bus HC 23,SUNNY II N13,BLUEBIRD Station Wagon WU11,BLUEBIRD U11,SUNNY Kasten Y10,TRADE Pritsche\/Fahrgestell,SUNNY II Traveller B12,VANETTE Kasten C22,CHERRY III N12,TRADE Bus,URVAN Bus E24,ATLEON,ECO-T,L-Serie; BMC: LEVEND; 1952956, 1960482, YL4J9155BA, 164005M311, 164008H802, 16400AU610, 16400EQ400, 16400VB201, 164034U105, 164034U11A, 1640359E00, 1640359E0A, 16403G2400, 16403G9900, 16403G990A, 1640505E01, 1640505E02, 1640559300, 1640559E00, 74700013, A640C59EM0, A640C59EM0SA, A640C59EMOSA, AY500NS001, NI1640359E00<\/p>\n","protected":false},"excerpt":{"rendered":"<p>MASTER-SPORT Polttoainesuodatin 940\/6-KF-PCS-MS  FORD,NISSAN,BMC,MAVERICK UDS, UNS,MAVERICK VAN,X-TRAIL T30,ALMERA TINO V10,ALMERA II Hatchback N16<\/p>\n","protected":false},"featured_media":0,"template":"","meta":{"site-sidebar-layout":"default","site-content-layout":"default","ast-global-header-display":"","ast-main-header-display":"","ast-hfb-above-header-display":"","ast-hfb-below-header-display":"","ast-hfb-mobile-header-display":"","site-post-title":"","ast-breadcrumbs-content":"","ast-featured-img":"","footer-sml-layout":"","theme-transparent-header-meta":"","adv-header-id-meta":"","stick-header-meta":"","header-above-stick-meta":"","header-main-stick-meta":"","header-below-stick-meta":""},"pwb-brand":[61],"product_cat":[29],"product_tag":[],"class_list":{"0":"post-22841","1":"product","2":"type-product","3":"status-publish","5":"pwb-brand-master-sport","6":"product_cat-polttoainesuodatin","7":"desktop-align-left","8":"tablet-align-left","9":"mobile-align-left","11":"first","12":"instock","13":"product-type-external"},"brands":[{"id":61,"name":"MASTER-SPORT","slug":"master-sport"}],"_links":{"self":[{"href":"https:\/\/www.autonvaraosahaku.fi\/index.php?rest_route=\/wp\/v2\/product\/22841","targetHints":{"allow":["GET"]}}],"collection":[{"href":"https:\/\/www.autonvaraosahaku.fi\/index.php?rest_route=\/wp\/v2\/product"}],"about":[{"href":"https:\/\/www.autonvaraosahaku.fi\/index.php?rest_route=\/wp\/v2\/types\/product"}],"wp:attachment":[{"href":"https:\/\/www.autonvaraosahaku.fi\/index.php?rest_route=%2Fwp%2Fv2%2Fmedia&parent=22841"}],"wp:term":[{"taxonomy":"pwb-brand","embeddable":true,"href":"https:\/\/www.autonvaraosahaku.fi\/index.php?rest_route=%2Fwp%2Fv2%2Fpwb-brand&post=22841"},{"taxonomy":"product_cat","embeddable":true,"href":"https:\/\/www.autonvaraosahaku.fi\/index.php?rest_route=%2Fwp%2Fv2%2Fproduct_cat&post=22841"},{"taxonomy":"product_tag","embeddable":true,"href":"https:\/\/www.autonvaraosahaku.fi\/index.php?rest_route=%2Fwp%2Fv2%2Fproduct_tag&post=22841"}],"curies":[{"name":"wp","href":"https:\/\/api.w.org\/{rel}","templated":true}]}}