{"id":22946,"date":"2021-02-21T14:48:59","date_gmt":"2021-02-21T14:48:59","guid":{"rendered":"https:\/\/www.autonvaraosahaku.fi\/?product=jp-group-1453600610-vetonivelen-suojakumi"},"modified":"2021-02-21T14:49:00","modified_gmt":"2021-02-21T14:49:00","slug":"jp-group-1453600610-vetonivelen-suojakumi","status":"publish","type":"product","link":"https:\/\/www.autonvaraosahaku.fi\/?product=jp-group-1453600610-vetonivelen-suojakumi","title":{"rendered":"JP GROUP 1453600610 Vetonivelen suojakumi"},"content":{"rendered":"<p>Sis\u00e4l\u00e4pimitta 1 [mm]: 23; Sis\u00e4l\u00e4pimitta 2 [mm]: 52; Korkeus (mm): 75; Materiaali: Neopreni; Asennuspuoli: radseitig; BMW: 3 E36,3 E30,Z3 E36,3 Cabriolet E30,8 E31,3 Touring E30,Z3 Coupe E36; VOLVO: 340-360 343, 345,66,340-360 Stufenheck 344,66 Kombi; 33211205748, 33211207037, 33211225541, 33211227291, 33211227293, 33217840673, 33219067806, 33219067810, 33219067819, 33219067912, 3103799, 3284415<\/p>\n","protected":false},"excerpt":{"rendered":"<p>JP GROUP Paljekumisarja, Vetoakseli JP Group 1453600610  BMW,VOLVO,3 E36,3 E30,Z3 E36,3 Cabriolet E30,8 E31,3 Touring E30,Z3 Coupe E36<\/p>\n","protected":false},"featured_media":0,"template":"","meta":{"site-sidebar-layout":"default","site-content-layout":"default","ast-global-header-display":"","ast-main-header-display":"","ast-hfb-above-header-display":"","ast-hfb-below-header-display":"","ast-hfb-mobile-header-display":"","site-post-title":"","ast-breadcrumbs-content":"","ast-featured-img":"","footer-sml-layout":"","theme-transparent-header-meta":"","adv-header-id-meta":"","stick-header-meta":"","header-above-stick-meta":"","header-main-stick-meta":"","header-below-stick-meta":""},"pwb-brand":[131],"product_cat":[42],"product_tag":[],"class_list":{"0":"post-22946","1":"product","2":"type-product","3":"status-publish","5":"pwb-brand-jp-group","6":"product_cat-vetonivelen-suojakumi","7":"desktop-align-left","8":"tablet-align-left","9":"mobile-align-left","11":"first","12":"instock","13":"product-type-external"},"brands":[{"id":131,"name":"JP GROUP","slug":"jp-group"}],"_links":{"self":[{"href":"https:\/\/www.autonvaraosahaku.fi\/index.php?rest_route=\/wp\/v2\/product\/22946","targetHints":{"allow":["GET"]}}],"collection":[{"href":"https:\/\/www.autonvaraosahaku.fi\/index.php?rest_route=\/wp\/v2\/product"}],"about":[{"href":"https:\/\/www.autonvaraosahaku.fi\/index.php?rest_route=\/wp\/v2\/types\/product"}],"wp:attachment":[{"href":"https:\/\/www.autonvaraosahaku.fi\/index.php?rest_route=%2Fwp%2Fv2%2Fmedia&parent=22946"}],"wp:term":[{"taxonomy":"pwb-brand","embeddable":true,"href":"https:\/\/www.autonvaraosahaku.fi\/index.php?rest_route=%2Fwp%2Fv2%2Fpwb-brand&post=22946"},{"taxonomy":"product_cat","embeddable":true,"href":"https:\/\/www.autonvaraosahaku.fi\/index.php?rest_route=%2Fwp%2Fv2%2Fproduct_cat&post=22946"},{"taxonomy":"product_tag","embeddable":true,"href":"https:\/\/www.autonvaraosahaku.fi\/index.php?rest_route=%2Fwp%2Fv2%2Fproduct_tag&post=22946"}],"curies":[{"name":"wp","href":"https:\/\/api.w.org\/{rel}","templated":true}]}}