{"id":23057,"date":"2021-02-21T14:49:20","date_gmt":"2021-02-21T14:49:20","guid":{"rendered":"https:\/\/www.autonvaraosahaku.fi\/?product=oximo-wr306350-pyyhkijansulat"},"modified":"2021-02-21T14:49:22","modified_gmt":"2021-02-21T14:49:22","slug":"oximo-wr306350-pyyhkijansulat","status":"publish","type":"product","link":"https:\/\/www.autonvaraosahaku.fi\/?product=oximo-wr306350-pyyhkijansulat","title":{"rendered":"OXIMO WR306350 Pyyhkij\u00e4nsulat"},"content":{"rendered":"<p>Asennuspuoli: Takana; Pituus (mm): 350; Pyyhkij\u00e4nsulkatyyppi: Pyyhkij\u00e4nsulka,perinteinen runko; Varusteet: f\u00fcr Fahrzeuge mit Fl\u00fcgelt\u00fcren; OPEL: ZAFIRA B A05,ZAFIRA B Van; FORD: TRANSIT CONNECT P65_, P70_, P80_,TOURNEO CONNECT \/ GRAND TOURNEO CONNECT Kombi,TRANSIT CONNECT Kasten,TOURNEO COURIER Kombi,TRANSIT CONNECT Kombi,TRANSIT COURIER Kasten,TRANSIT COURIER Kombi; RENAULT: CLIO III BR0\/1, CR0\/1,MEGANE III Grandtour KZ0\/1,ESPACE IV JK0\/1_,LAGUNA II Grandtour KG0\/1_,SC\u00c9NIC I JA0\/1_,MEGANE I Grandtour KA0\/1_,DUSTER,LOGAN I Kombi KS_; FIAT: STILO Multi Wagon 192,SCUDO 270_,ULYSSE 179AX,SCUDO Kasten 270_; PEUGEOT: 206 Schr\u00e4gheck 2A\/C,307 SW 3H,307 3A\/C,208,807 E,106 II 1,206+ T3E,307 Break 3E,PARTNER Tepee,PARTNER Kasten 5,PARTNER Kasten,PARTNER Pritsche\/Fahrgestell,EXPERT Kasten,TRAVELLER,208 Kasten; TOYOTA: PROACE Kasten\/Kombi; CITRO\u00cbN: C3 I FC_,BERLINGO B9,C8 EA_, EB_,SAXO S0, S1,JUMPY,BERLINGO Kasten B9,JUMPY Kasten,XANTIA Break X2,XANTIA Break X1,BERLINGO Pritsche\/Fahrgestell B9,SPACETOURER,JUMPY Pritsche\/Fahrgestell; NISSAN: ALMERA II Hatchback N16,TIIDA Schr\u00e4gheck; VOLVO: XC60,XC90 II; DACIA: DUSTER,LOGAN MCV KS_,LOGAN EXPRESS FS_,DUSTER Kasten; Tuulilasinpyyhkimet,Pyyhkij\u00e4t,Pyyhkij\u00e4nsulka<\/p>\n","protected":false},"excerpt":{"rendered":"<p>OXIMO Pyyhkij\u00e4nsulat WR306350 Tuulilasinpyyhkimet,Pyyhkij\u00e4t OPEL,FORD,RENAULT,ZAFIRA B A05,ZAFIRA B Van,TRANSIT CONNECT P65_, P70_, P80_<\/p>\n","protected":false},"featured_media":0,"template":"","meta":{"site-sidebar-layout":"default","site-content-layout":"default","ast-global-header-display":"","ast-main-header-display":"","ast-hfb-above-header-display":"","ast-hfb-below-header-display":"","ast-hfb-mobile-header-display":"","site-post-title":"","ast-breadcrumbs-content":"","ast-featured-img":"","footer-sml-layout":"","theme-transparent-header-meta":"","adv-header-id-meta":"","stick-header-meta":"","header-above-stick-meta":"","header-main-stick-meta":"","header-below-stick-meta":""},"pwb-brand":[382],"product_cat":[33],"product_tag":[],"class_list":{"0":"post-23057","1":"product","2":"type-product","3":"status-publish","5":"pwb-brand-oximo","6":"product_cat-pyyhkijansulat","7":"desktop-align-left","8":"tablet-align-left","9":"mobile-align-left","11":"first","12":"instock","13":"product-type-external"},"brands":[{"id":382,"name":"OXIMO","slug":"oximo"}],"_links":{"self":[{"href":"https:\/\/www.autonvaraosahaku.fi\/index.php?rest_route=\/wp\/v2\/product\/23057","targetHints":{"allow":["GET"]}}],"collection":[{"href":"https:\/\/www.autonvaraosahaku.fi\/index.php?rest_route=\/wp\/v2\/product"}],"about":[{"href":"https:\/\/www.autonvaraosahaku.fi\/index.php?rest_route=\/wp\/v2\/types\/product"}],"wp:attachment":[{"href":"https:\/\/www.autonvaraosahaku.fi\/index.php?rest_route=%2Fwp%2Fv2%2Fmedia&parent=23057"}],"wp:term":[{"taxonomy":"pwb-brand","embeddable":true,"href":"https:\/\/www.autonvaraosahaku.fi\/index.php?rest_route=%2Fwp%2Fv2%2Fpwb-brand&post=23057"},{"taxonomy":"product_cat","embeddable":true,"href":"https:\/\/www.autonvaraosahaku.fi\/index.php?rest_route=%2Fwp%2Fv2%2Fproduct_cat&post=23057"},{"taxonomy":"product_tag","embeddable":true,"href":"https:\/\/www.autonvaraosahaku.fi\/index.php?rest_route=%2Fwp%2Fv2%2Fproduct_tag&post=23057"}],"curies":[{"name":"wp","href":"https:\/\/api.w.org\/{rel}","templated":true}]}}