{"id":23112,"date":"2021-02-21T14:49:31","date_gmt":"2021-02-21T14:49:31","guid":{"rendered":"https:\/\/www.autonvaraosahaku.fi\/?product=ridex-448c0302-ilmastoinnin-lauhdutin"},"modified":"2021-02-21T14:49:33","modified_gmt":"2021-02-21T14:49:33","slug":"ridex-448c0302-ilmastoinnin-lauhdutin","status":"publish","type":"product","link":"https:\/\/www.autonvaraosahaku.fi\/?product=ridex-448c0302-ilmastoinnin-lauhdutin","title":{"rendered":"RIDEX 448C0302 Ilmastoinnin lauhdutin"},"content":{"rendered":"<p>Korvaava tuote\/korvaava tiedote 2: Vedenerottimella; Materiaali: Alumiini; Paksuus [mm]: 12; Leveys (mm): 396; Korkeus (mm): 513; Kylm\u00e4aine: R 134a; Sis\u00e4\u00e4ntulol\u00e4pimitta [mm]: 15,5; Ulostulon l\u00e4pimitta [mm]: 10,2; Valmistusvuosi alkaen: 10\/2013; DACIA: DUSTER,SANDERO II,LODGY,LOGAN MCV II,DOKKER,DOKKER Express,LOGAN II,DUSTER Kasten; RENAULT: CLIO IV,CAPTUR,CLIO Grandtour IV,DUSTER,LOGAN I Kombi KS_,LOGAN I LS_,THALIA II LU1\/2_,CLIO IV Kasten,SANDERO\/STEPWAY II,LOGAN II Kombi,LOGAN II,THALIA III; 8660003626, 8660003630, 921001908R, 921006454R, 921006843R, 8660003626, 8660003630, 921001908R, 921006454R, 921006843R; Lauhdutin, Ilmastointilaite<\/p>\n","protected":false},"excerpt":{"rendered":"<p>RIDEX Ilmastoinnin Lauhdutin 448C0302 Lauhdutin, Ilmastointilaite DACIA,RENAULT,DUSTER,SANDERO II,LODGY,LOGAN MCV II,DOKKER,DOKKER Express,LOGAN II<\/p>\n","protected":false},"featured_media":0,"template":"","meta":{"site-sidebar-layout":"default","site-content-layout":"default","ast-global-header-display":"","ast-main-header-display":"","ast-hfb-above-header-display":"","ast-hfb-below-header-display":"","ast-hfb-mobile-header-display":"","site-post-title":"","ast-breadcrumbs-content":"","ast-featured-img":"","footer-sml-layout":"","theme-transparent-header-meta":"","adv-header-id-meta":"","stick-header-meta":"","header-above-stick-meta":"","header-main-stick-meta":"","header-below-stick-meta":""},"pwb-brand":[157],"product_cat":[453],"product_tag":[],"class_list":{"0":"post-23112","1":"product","2":"type-product","3":"status-publish","5":"pwb-brand-ridex","6":"product_cat-ilmastoinnin-lauhdutin","7":"desktop-align-left","8":"tablet-align-left","9":"mobile-align-left","11":"first","12":"instock","13":"product-type-external"},"brands":[{"id":157,"name":"RIDEX","slug":"ridex"}],"_links":{"self":[{"href":"https:\/\/www.autonvaraosahaku.fi\/index.php?rest_route=\/wp\/v2\/product\/23112","targetHints":{"allow":["GET"]}}],"collection":[{"href":"https:\/\/www.autonvaraosahaku.fi\/index.php?rest_route=\/wp\/v2\/product"}],"about":[{"href":"https:\/\/www.autonvaraosahaku.fi\/index.php?rest_route=\/wp\/v2\/types\/product"}],"wp:attachment":[{"href":"https:\/\/www.autonvaraosahaku.fi\/index.php?rest_route=%2Fwp%2Fv2%2Fmedia&parent=23112"}],"wp:term":[{"taxonomy":"pwb-brand","embeddable":true,"href":"https:\/\/www.autonvaraosahaku.fi\/index.php?rest_route=%2Fwp%2Fv2%2Fpwb-brand&post=23112"},{"taxonomy":"product_cat","embeddable":true,"href":"https:\/\/www.autonvaraosahaku.fi\/index.php?rest_route=%2Fwp%2Fv2%2Fproduct_cat&post=23112"},{"taxonomy":"product_tag","embeddable":true,"href":"https:\/\/www.autonvaraosahaku.fi\/index.php?rest_route=%2Fwp%2Fv2%2Fproduct_tag&post=23112"}],"curies":[{"name":"wp","href":"https:\/\/api.w.org\/{rel}","templated":true}]}}