{"id":23468,"date":"2021-02-21T14:50:42","date_gmt":"2021-02-21T14:50:42","guid":{"rendered":"https:\/\/www.autonvaraosahaku.fi\/?product=mapco-61703-oljynsuodatin"},"modified":"2021-02-21T14:50:43","modified_gmt":"2021-02-21T14:50:43","slug":"mapco-61703-oljynsuodatin","status":"publish","type":"product","link":"https:\/\/www.autonvaraosahaku.fi\/?product=mapco-61703-oljynsuodatin","title":{"rendered":"MAPCO 61703 \u00d6ljynsuodatin"},"content":{"rendered":"<p>Suodatintyyppi: Ruuvattava suodatin; Kopan l\u00e4pimitta (mm): 76; Korkeus (mm): 80; Liitinkierre: M22x1,5; Tiivisteen l\u00e4pimitta [mm]: 72; Sis\u00e4l\u00e4pimitta 2 [mm]: 62; Avauspaine ohitusventtiili [bar]: 1,6; Kiristysmomentti: 20; Valmistusvuosi alkaen: 01\/2013; CHEVROLET: CAMARO,CORVETTE C7,CAMARO Convertible,CORVETTE Convertible C7; OPEL: INSIGNIA Caravan,MOKKA,ADAM,INSIGNIA,INSIGNIA Stufenheck,CORSA E,ASTRA K,ASTRA K Caravan,KARL,INSIGNIA A Country Tourer G09,INSIGNIA CC,INSIGNIA B Country Tourer Z18; CADILLAC: ATS,CTS A1LL; VAUXHALL: INSIGNIA Mk I A,ADAM,INSIGNIA Mk I A Estate,INSIGNIA Mk I A Sedan,MOKKA,ASTRA Mk VII K Estate,ASTRA Mk VII K,CORSA Mk IV E; 12667194, 12670058, 012670058, 012674698, 055496755, 055499629, 0650237, 095528296, 12667194, 12670058, 12674698, 55496755, 55496756, 55499629, 650189, 650237, 95528296, 012667194, 012670058, 012674698, 055496755, 055499629, 095528296, 12667194, 12670058, 12674698, 55496755, 55499629, 95528296<\/p>\n","protected":false},"excerpt":{"rendered":"<p>MAPCO \u00d6ljynsuodatin 61703  CHEVROLET,OPEL,CADILLAC,CAMARO,CORVETTE C7,CAMARO Convertible,CORVETTE Convertible C7,INSIGNIA Caravan,MOKKA,ADAM,INSIGNIA<\/p>\n","protected":false},"featured_media":0,"template":"","meta":{"site-sidebar-layout":"default","site-content-layout":"default","ast-global-header-display":"","ast-main-header-display":"","ast-hfb-above-header-display":"","ast-hfb-below-header-display":"","ast-hfb-mobile-header-display":"","site-post-title":"","ast-breadcrumbs-content":"","ast-featured-img":"","footer-sml-layout":"","theme-transparent-header-meta":"","adv-header-id-meta":"","stick-header-meta":"","header-above-stick-meta":"","header-main-stick-meta":"","header-below-stick-meta":""},"pwb-brand":[36],"product_cat":[30],"product_tag":[],"class_list":{"0":"post-23468","1":"product","2":"type-product","3":"status-publish","5":"pwb-brand-mapco","6":"product_cat-oljynsuodatin","7":"desktop-align-left","8":"tablet-align-left","9":"mobile-align-left","11":"first","12":"instock","13":"product-type-external"},"brands":[{"id":36,"name":"MAPCO","slug":"mapco"}],"_links":{"self":[{"href":"https:\/\/www.autonvaraosahaku.fi\/index.php?rest_route=\/wp\/v2\/product\/23468","targetHints":{"allow":["GET"]}}],"collection":[{"href":"https:\/\/www.autonvaraosahaku.fi\/index.php?rest_route=\/wp\/v2\/product"}],"about":[{"href":"https:\/\/www.autonvaraosahaku.fi\/index.php?rest_route=\/wp\/v2\/types\/product"}],"wp:attachment":[{"href":"https:\/\/www.autonvaraosahaku.fi\/index.php?rest_route=%2Fwp%2Fv2%2Fmedia&parent=23468"}],"wp:term":[{"taxonomy":"pwb-brand","embeddable":true,"href":"https:\/\/www.autonvaraosahaku.fi\/index.php?rest_route=%2Fwp%2Fv2%2Fpwb-brand&post=23468"},{"taxonomy":"product_cat","embeddable":true,"href":"https:\/\/www.autonvaraosahaku.fi\/index.php?rest_route=%2Fwp%2Fv2%2Fproduct_cat&post=23468"},{"taxonomy":"product_tag","embeddable":true,"href":"https:\/\/www.autonvaraosahaku.fi\/index.php?rest_route=%2Fwp%2Fv2%2Fproduct_tag&post=23468"}],"curies":[{"name":"wp","href":"https:\/\/api.w.org\/{rel}","templated":true}]}}