{"id":23749,"date":"2021-02-21T14:51:40","date_gmt":"2021-02-21T14:51:40","guid":{"rendered":"https:\/\/www.autonvaraosahaku.fi\/?product=dakatec-8040016-pyyhkijansulat"},"modified":"2021-02-21T14:51:42","modified_gmt":"2021-02-21T14:51:42","slug":"dakatec-8040016-pyyhkijansulat","status":"publish","type":"product","link":"https:\/\/www.autonvaraosahaku.fi\/?product=dakatec-8040016-pyyhkijansulat","title":{"rendered":"DAKAtec 8040016 Pyyhkij\u00e4nsulat"},"content":{"rendered":"<p>Pituus (mm): 400; Pituus (tuumaa): 16; Asennuspuoli: Edess\u00e4, fahrerseitig; Paino [g]: 260; VW: TRANSPORTER IV Bus 70XB, 70XC, 7DB, 7DW,SHARAN 7M8, 7M9, 7M6,GOLF II 19E, 1G1,PASSAT Variant 3B5,PASSAT Variant 3A5, 35I,GOLF I Cabriolet 155,TRANSPORTER IV Kasten 70XA,POLO 86C, 80,POLO Coupe 86C, 80,SCIROCCO 53B,GOLF I 17,CADDY I 14,JETTA II 19E, 1G2, 165,POLO CLASSIC 86C, 80,PASSAT 32B,POLO 86,SCIROCCO 53,JETTA I 16,DERBY 86C, 80,POLO Kasten 86CF,PASSAT 32,DERBY 86,PASSAT Variant 33; AUDI: 80 Avant 8C, B4,50 86; MAZDA: 5 CR19,2 DY,PREMACY CP,5 CW,DEMIO DW,MPV II LW,121 II DB,E-SERIE Kasten SR2,626 III Station Wagon GV,2 DL, DJ,E-SERIE Kasten; SKODA: FELICIA I 6U1,FELICIA II 6U1,FELICIA I Kombi 6U5,105,120 742,FELICIA II Kombi 6U5,FAVORIT 781,105,120 744,FAVORIT Forman 785,130,RAPID 120G, 130G, 135G; BMW: 3 E21; SEAT: ALHAMBRA 7V8, 7V9,MARBELLA 28,TERRA Kasten 024A,MARBELLA Kasten 028A,MALAGA 023A,TERRA 24,RONDA 022A,PANDA 141A; CHEVROLET: CAPTIVA C100, C140,KALOS,AVEO Schr\u00e4gheck T250, T255,AVEO Stufenheck T250, T255,KALOS Stufenheck,TRAILBLAZER KC_,TAHOE B2W,TRANS SPORT; JEEP: CHEROKEE; DAEWOO: KALOS KLAS,MATIZ KLYA,KALOS Stufenheck KLAS,KORANDO KJ,TICO KLY3,KORANDO Cabrio KJ; LADA: KALINA Kombi 1117,KALINA Schr\u00e4gheck 1119,KALINA Stufenheck 1118,GRANTA 2190,KALINA Kombi 2194,KALINA Schr\u00e4gheck 2192; Tuulilasinpyyhkimet,Pyyhkij\u00e4t,Pyyhkij\u00e4nsulka<\/p>\n","protected":false},"excerpt":{"rendered":"<p>DAKAtec Pyyhkij\u00e4nsulat 8040016 Tuulilasinpyyhkimet,Pyyhkij\u00e4t VW,AUDI,MAZDA,TRANSPORTER IV Bus 70XB, 70XC, 7DB, 7DW,SHARAN 7M8, 7M9, 7M6<\/p>\n","protected":false},"featured_media":0,"template":"","meta":{"site-sidebar-layout":"default","site-content-layout":"default","ast-global-header-display":"","ast-main-header-display":"","ast-hfb-above-header-display":"","ast-hfb-below-header-display":"","ast-hfb-mobile-header-display":"","site-post-title":"","ast-breadcrumbs-content":"","ast-featured-img":"","footer-sml-layout":"","theme-transparent-header-meta":"","adv-header-id-meta":"","stick-header-meta":"","header-above-stick-meta":"","header-main-stick-meta":"","header-below-stick-meta":""},"pwb-brand":[283],"product_cat":[33],"product_tag":[],"class_list":{"0":"post-23749","1":"product","2":"type-product","3":"status-publish","5":"pwb-brand-dakatec","6":"product_cat-pyyhkijansulat","7":"desktop-align-left","8":"tablet-align-left","9":"mobile-align-left","11":"first","12":"instock","13":"product-type-external"},"brands":[{"id":283,"name":"DAKAtec","slug":"dakatec"}],"_links":{"self":[{"href":"https:\/\/www.autonvaraosahaku.fi\/index.php?rest_route=\/wp\/v2\/product\/23749","targetHints":{"allow":["GET"]}}],"collection":[{"href":"https:\/\/www.autonvaraosahaku.fi\/index.php?rest_route=\/wp\/v2\/product"}],"about":[{"href":"https:\/\/www.autonvaraosahaku.fi\/index.php?rest_route=\/wp\/v2\/types\/product"}],"wp:attachment":[{"href":"https:\/\/www.autonvaraosahaku.fi\/index.php?rest_route=%2Fwp%2Fv2%2Fmedia&parent=23749"}],"wp:term":[{"taxonomy":"pwb-brand","embeddable":true,"href":"https:\/\/www.autonvaraosahaku.fi\/index.php?rest_route=%2Fwp%2Fv2%2Fpwb-brand&post=23749"},{"taxonomy":"product_cat","embeddable":true,"href":"https:\/\/www.autonvaraosahaku.fi\/index.php?rest_route=%2Fwp%2Fv2%2Fproduct_cat&post=23749"},{"taxonomy":"product_tag","embeddable":true,"href":"https:\/\/www.autonvaraosahaku.fi\/index.php?rest_route=%2Fwp%2Fv2%2Fproduct_tag&post=23749"}],"curies":[{"name":"wp","href":"https:\/\/api.w.org\/{rel}","templated":true}]}}