{"id":23803,"date":"2021-02-21T14:51:53","date_gmt":"2021-02-21T14:51:53","guid":{"rendered":"https:\/\/www.autonvaraosahaku.fi\/?product=maxgear-39-9350-pyyhkijansulat"},"modified":"2021-02-21T14:51:54","modified_gmt":"2021-02-21T14:51:54","slug":"maxgear-39-9350-pyyhkijansulat","status":"publish","type":"product","link":"https:\/\/www.autonvaraosahaku.fi\/?product=maxgear-39-9350-pyyhkijansulat","title":{"rendered":"MAXGEAR 39-9350 Pyyhkij\u00e4nsulat"},"content":{"rendered":"<p>Pyyhkij\u00e4nsulkatyyppi: Flatblade-pyyhinsulka (rungoton); M\u00e4\u00e4r\u00e4: 1; Pituus (mm): 350; Pituus (tuumaa): 14; Sopiva adapteri: HOOK+U; Valmistusvuoteen: 02\/2011; MAZDA: 2 DE; CHEVROLET: MATIZ M200, M250,AVEO Schr\u00e4gheck T300,TRAX,AVEO Stufenheck T300; JEEP: WRANGLER II TJ,WRANGLER I YJ, SJ_; ABARTH: 500 \/ 595 312_,500C \/ 595C 312_; NISSAN: NOTE E11,JUKE F15,MICRA IV K13,PIXO UA0,TIIDA Schr\u00e4gheck,TIIDA Stufenheck SC11X,PULSAR Schr\u00e4gheck C13; KIA: VENGA YN,CEE&#8217;D JD,CEE`D Sportswagon JD,PRO CEE\u00b4D JD; HONDA: JAZZ II GD,CIVIC VII Hatchback EU, EP, EV,JAZZ III GE,STREAM RN,CIVIC VII Coupe EM2,CIVIC VII Stufenheck ES; HYUNDAI: i30 GD,ix20 JC,i30 CW GD,SANTA F\u00c9 III DM,i30 Coupe,GRAND SANTA F\u00c9; DAIHATSU: YRV M2,TERIOS J1; SUZUKI: SX4 EY, GY,ALTO HA25, HA35,SX4 S-Cross,SX4 Stufenheck GY,CARRY Kasten FD,SUPER CARRY Bus ED,CELERIO; Tuulilasinpyyhkimet,Pyyhkij\u00e4t,Pyyhkij\u00e4nsulka<\/p>\n","protected":false},"excerpt":{"rendered":"<p>MAXGEAR Pyyhkij\u00e4nsulat 39-9350 Tuulilasinpyyhkimet,Pyyhkij\u00e4t MAZDA,CHEVROLET,JEEP,2 DE,MATIZ M200, M250,AVEO Schr\u00e4gheck T300,TRAX,AVEO Stufenheck T300<\/p>\n","protected":false},"featured_media":0,"template":"","meta":{"site-sidebar-layout":"default","site-content-layout":"default","ast-global-header-display":"","ast-main-header-display":"","ast-hfb-above-header-display":"","ast-hfb-below-header-display":"","ast-hfb-mobile-header-display":"","site-post-title":"","ast-breadcrumbs-content":"","ast-featured-img":"","footer-sml-layout":"","theme-transparent-header-meta":"","adv-header-id-meta":"","stick-header-meta":"","header-above-stick-meta":"","header-main-stick-meta":"","header-below-stick-meta":""},"pwb-brand":[48],"product_cat":[33],"product_tag":[],"class_list":{"0":"post-23803","1":"product","2":"type-product","3":"status-publish","5":"pwb-brand-maxgear","6":"product_cat-pyyhkijansulat","7":"desktop-align-left","8":"tablet-align-left","9":"mobile-align-left","11":"first","12":"instock","13":"product-type-external"},"brands":[{"id":48,"name":"MAXGEAR","slug":"maxgear"}],"_links":{"self":[{"href":"https:\/\/www.autonvaraosahaku.fi\/index.php?rest_route=\/wp\/v2\/product\/23803","targetHints":{"allow":["GET"]}}],"collection":[{"href":"https:\/\/www.autonvaraosahaku.fi\/index.php?rest_route=\/wp\/v2\/product"}],"about":[{"href":"https:\/\/www.autonvaraosahaku.fi\/index.php?rest_route=\/wp\/v2\/types\/product"}],"wp:attachment":[{"href":"https:\/\/www.autonvaraosahaku.fi\/index.php?rest_route=%2Fwp%2Fv2%2Fmedia&parent=23803"}],"wp:term":[{"taxonomy":"pwb-brand","embeddable":true,"href":"https:\/\/www.autonvaraosahaku.fi\/index.php?rest_route=%2Fwp%2Fv2%2Fpwb-brand&post=23803"},{"taxonomy":"product_cat","embeddable":true,"href":"https:\/\/www.autonvaraosahaku.fi\/index.php?rest_route=%2Fwp%2Fv2%2Fproduct_cat&post=23803"},{"taxonomy":"product_tag","embeddable":true,"href":"https:\/\/www.autonvaraosahaku.fi\/index.php?rest_route=%2Fwp%2Fv2%2Fproduct_tag&post=23803"}],"curies":[{"name":"wp","href":"https:\/\/api.w.org\/{rel}","templated":true}]}}