{"id":23993,"date":"2021-02-21T14:52:32","date_gmt":"2021-02-21T14:52:32","guid":{"rendered":"https:\/\/www.autonvaraosahaku.fi\/?product=lemforder-36902-01-alatukivarsi"},"modified":"2021-02-21T14:52:34","modified_gmt":"2021-02-21T14:52:34","slug":"lemforder-36902-01-alatukivarsi","status":"publish","type":"product","link":"https:\/\/www.autonvaraosahaku.fi\/?product=lemforder-36902-01-alatukivarsi","title":{"rendered":"LEMF\u00d6RDER 36902 01 Alatukivarsi"},"content":{"rendered":"<p>Asennuspuoli: Taka-akseli, Alla, Molemminpuolin; Ohjausmalli: Poikittaistukivarsi; Lukum\u00e4\u00e4r\u00e4 akselille: 2; Suositellun tarvikkeen tuotenumero: 37830 01, 37832 01; BMW: 5 E39,5 E60,5 Touring E61,5 Touring E39,X5 E53,7 E38,7 E65, E66, E67,6 E63,6 Cabriolet E64,Z8 E52; ALPINA: B10 E39,B7 E65,B10 Kombi E39; 33326770749, 6770749, 1090030, 1091620, 33321090030, 33321091620, 33326770749, 6770749; Tukivarsi,Tukivarsi, Py\u00f6r\u00e4ntuenta<\/p>\n","protected":false},"excerpt":{"rendered":"<p>LEMF\u00d6RDER Alatukivarsi 36902 01 Tukivarsi,Tukivarsi, Py\u00f6r\u00e4ntuenta BMW,ALPINA,5 E39,5 E60,5 Touring E61,5 Touring E39,X5 E53,7 E38,7 E65, E66, E67<\/p>\n","protected":false},"featured_media":0,"template":"","meta":{"site-sidebar-layout":"default","site-content-layout":"default","ast-global-header-display":"","ast-main-header-display":"","ast-hfb-above-header-display":"","ast-hfb-below-header-display":"","ast-hfb-mobile-header-display":"","site-post-title":"","ast-breadcrumbs-content":"","ast-featured-img":"","footer-sml-layout":"","theme-transparent-header-meta":"","adv-header-id-meta":"","stick-header-meta":"","header-above-stick-meta":"","header-main-stick-meta":"","header-below-stick-meta":""},"pwb-brand":[77],"product_cat":[62],"product_tag":[],"class_list":{"0":"post-23993","1":"product","2":"type-product","3":"status-publish","5":"pwb-brand-lemforder","6":"product_cat-alatukivarsi","7":"desktop-align-left","8":"tablet-align-left","9":"mobile-align-left","11":"first","12":"instock","13":"product-type-external"},"brands":[{"id":77,"name":"LEMF\u00d6RDER","slug":"lemforder"}],"_links":{"self":[{"href":"https:\/\/www.autonvaraosahaku.fi\/index.php?rest_route=\/wp\/v2\/product\/23993","targetHints":{"allow":["GET"]}}],"collection":[{"href":"https:\/\/www.autonvaraosahaku.fi\/index.php?rest_route=\/wp\/v2\/product"}],"about":[{"href":"https:\/\/www.autonvaraosahaku.fi\/index.php?rest_route=\/wp\/v2\/types\/product"}],"wp:attachment":[{"href":"https:\/\/www.autonvaraosahaku.fi\/index.php?rest_route=%2Fwp%2Fv2%2Fmedia&parent=23993"}],"wp:term":[{"taxonomy":"pwb-brand","embeddable":true,"href":"https:\/\/www.autonvaraosahaku.fi\/index.php?rest_route=%2Fwp%2Fv2%2Fpwb-brand&post=23993"},{"taxonomy":"product_cat","embeddable":true,"href":"https:\/\/www.autonvaraosahaku.fi\/index.php?rest_route=%2Fwp%2Fv2%2Fproduct_cat&post=23993"},{"taxonomy":"product_tag","embeddable":true,"href":"https:\/\/www.autonvaraosahaku.fi\/index.php?rest_route=%2Fwp%2Fv2%2Fproduct_tag&post=23993"}],"curies":[{"name":"wp","href":"https:\/\/api.w.org\/{rel}","templated":true}]}}