{"id":24045,"date":"2021-02-21T14:52:45","date_gmt":"2021-02-21T14:52:45","guid":{"rendered":"https:\/\/www.autonvaraosahaku.fi\/?product=ridex-854s0316-iskunvaimennin"},"modified":"2021-02-21T14:52:46","modified_gmt":"2021-02-21T14:52:46","slug":"ridex-854s0316-iskunvaimennin","status":"publish","type":"product","link":"https:\/\/www.autonvaraosahaku.fi\/?product=ridex-854s0316-iskunvaimennin","title":{"rendered":"RIDEX 854S0316 Iskunvaimennin"},"content":{"rendered":"<p>Asennuspuoli: Etuakseli; Iskunvaimennin tyyppi: Kaasupaine; Iskunvaimennin malli: Joustintuki; Iskunvaimennin asennustapa: Tappi ylh\u00e4\u00e4ll\u00e4; Alustarakenne: f\u00fcr Fahrzeuge mit Standard Fahrwerk; VW: POLO 9N_,FOX 5Z1, 5Z3,POLO Stufenheck,POLO Stufenheck 9A4; AUDI: A2 8Z0; SKODA: FABIA Combi 6Y5,FABIA,FABIA 6Y2,FABIA Combi,ROOMSTER 5J,FABIA Stufenheck 6Y3,ROOMSTER Praktik 5J,FABIA Praktik; SEAT: IBIZA IV 6L1,IBIZA II 6K1,CORDOBA 6L2; 6Q0513031BN, 6Q0513031BQ, 8Z0413031AC, 8Z0413031N, 8Z0413031P, 96298718, 96298721, 6Q0413031BR, 6Q0413031BT, 6Q0513025AJ, 443512331, 600413031AH, 600413031AJ, 6O0413031AH, 6O0413031AJ, 6Q0413031AH, 6Q0413031AJ, 6Q0413031AM, 6Q0413031AN, 6Q0413031AP, 6Q0413031BH, 6Q0413031BJ, 6Q0413031BK, 6Q0413031BL, 6Q0513025AR, 6Q0513031BN, 5Z0413031AB, 5Z0413031C, 5Z0413031L, 6Q0413031BL, 6Q0413031BM, 6Q0413031BN, 6Q0413031BT, 6Q0413031CD, 6Q0413031CE, 6Q0413031CF, 6Q0513031BN, 6Q0513031BQ, 8Z0413031AB, 8Z0413031AC, 8Z0413031AD, 8Z0413031P, 8Z0413031S; Iskarit,Iskunvaimennin<\/p>\n","protected":false},"excerpt":{"rendered":"<p>RIDEX Iskunvaimentimet 854S0316 Iskarit,Iskunvaimennin VW,AUDI,SKODA,POLO 9N_,FOX 5Z1, 5Z3,POLO Stufenheck,POLO Stufenheck 9A4,A2 8Z0,FABIA Combi 6Y5<\/p>\n","protected":false},"featured_media":0,"template":"","meta":{"site-sidebar-layout":"default","site-content-layout":"default","ast-global-header-display":"","ast-main-header-display":"","ast-hfb-above-header-display":"","ast-hfb-below-header-display":"","ast-hfb-mobile-header-display":"","site-post-title":"","ast-breadcrumbs-content":"","ast-featured-img":"","footer-sml-layout":"","theme-transparent-header-meta":"","adv-header-id-meta":"","stick-header-meta":"","header-above-stick-meta":"","header-main-stick-meta":"","header-below-stick-meta":""},"pwb-brand":[157],"product_cat":[80],"product_tag":[],"class_list":{"0":"post-24045","1":"product","2":"type-product","3":"status-publish","5":"pwb-brand-ridex","6":"product_cat-iskunvaimennin","7":"desktop-align-left","8":"tablet-align-left","9":"mobile-align-left","11":"first","12":"instock","13":"product-type-external"},"brands":[{"id":157,"name":"RIDEX","slug":"ridex"}],"_links":{"self":[{"href":"https:\/\/www.autonvaraosahaku.fi\/index.php?rest_route=\/wp\/v2\/product\/24045","targetHints":{"allow":["GET"]}}],"collection":[{"href":"https:\/\/www.autonvaraosahaku.fi\/index.php?rest_route=\/wp\/v2\/product"}],"about":[{"href":"https:\/\/www.autonvaraosahaku.fi\/index.php?rest_route=\/wp\/v2\/types\/product"}],"wp:attachment":[{"href":"https:\/\/www.autonvaraosahaku.fi\/index.php?rest_route=%2Fwp%2Fv2%2Fmedia&parent=24045"}],"wp:term":[{"taxonomy":"pwb-brand","embeddable":true,"href":"https:\/\/www.autonvaraosahaku.fi\/index.php?rest_route=%2Fwp%2Fv2%2Fpwb-brand&post=24045"},{"taxonomy":"product_cat","embeddable":true,"href":"https:\/\/www.autonvaraosahaku.fi\/index.php?rest_route=%2Fwp%2Fv2%2Fproduct_cat&post=24045"},{"taxonomy":"product_tag","embeddable":true,"href":"https:\/\/www.autonvaraosahaku.fi\/index.php?rest_route=%2Fwp%2Fv2%2Fproduct_tag&post=24045"}],"curies":[{"name":"wp","href":"https:\/\/api.w.org\/{rel}","templated":true}]}}