{"id":24126,"date":"2021-02-21T14:53:03","date_gmt":"2021-02-21T14:53:03","guid":{"rendered":"https:\/\/www.autonvaraosahaku.fi\/?product=ufi-24-360-00-polttoainesuodatin"},"modified":"2021-02-21T14:53:05","modified_gmt":"2021-02-21T14:53:05","slug":"ufi-24-360-00-polttoainesuodatin","status":"publish","type":"product","link":"https:\/\/www.autonvaraosahaku.fi\/?product=ufi-24-360-00-polttoainesuodatin","title":{"rendered":"UFI 24.360.00 Polttoainesuodatin"},"content":{"rendered":"<p>Ulkol\u00e4pimitta [mm]: 84,0; Ulkol\u00e4pimitta 1 [mm]: 88,0; Sis\u00e4l\u00e4pimitta [mm]: 19,2; Sis\u00e4l\u00e4pimitta 1 [mm]: 17,0; Korkeus (mm): 71,5; OE-numerolle: MOTORCRAFT EFG 3; VW: TRANSPORTER III Bus,LT 28-35 I Kasten 281-363,GOLF I 17,JETTA II 19E, 1G2, 165,PASSAT Variant 32B,TRANSPORTER III Kasten,LT 28-35 I Pritsche\/Fahrgestell 281-363,TRANSPORTER III Pritsche\/Fahrgestell,PASSAT 32B,JETTA I 16,PASSAT 32,PASSAT Variant 33,SANTANA 32B; AUDI: 80 81, 85, B2; SEAT: IBIZA I 021A,MALAGA 023A,131,RONDA 022A,RITMO 138; DAEWOO: LUBLIN II Bus,LUBLIN II Kasten; LADA: NIVA 2121; IVECO: DAILY II Pritsche\/Fahrgestell,DAILY II Kasten\/Kombi,DAILY I Pritsche\/Fahrgestell,DAILY I Kasten\/Kombi,M,ZETA; LAND ROVER: 88\/109,88\/109 Hardtop; VOLVO: 440 K 445,460 L 464,F4; SUZUKI: SAMURAI SJ,VITARA ET, TA,VITARA Cabrio ET, TA,BALENO Kombi EG,BALENO EG,BALENO Schr\u00e4gheck EG; OPEL: REKORD D,REKORD D Caravan; 190632, 1906C9, 321430650, 5470709, 5470709C, 5470709D, 9401906138, 95551283, 95575783, 95608917, ND14365, ND14665, PD14365A, 494251, 0060715665, 0060740421, 4561986, 4621540, 4621739, 4621740, 4621742, 4651986, 4669550, 4669551, 4680444, 4787696, 5983958, 60715665, 60740421, 70251397, 9280124, 9401906138, 9819500, 9918114, 9918144, 9918184, 9924318, 1582261, 1635103, 2701E9150B, 2701E9167B, 2701E9176A, 2704E9150, 5010518, 6149716, 6161789, 7235770, 775F9150AA, 825F9150A1A, 825F9150A1B, 93FF9150AA, C3TA9176A, C3TZ9365A, C5NE9176A, C5NE9176C, C5NE9176CQTXL, C7NN9176A, C7NN9176C, C7TZ9365A, C7TZ9365C, C7TZ9365PC, CJLE9176A, DONN9N074B, 1901687, 1901929, 212151117015, 90517711, 81125030038, 82125030038, 86120006009, 3046272000, 1640376200, 813561, 190608, 190613, 1906C9, 005006163, 0123110800, 08545896, 08555896, 0855589600, 0941709013, 1231108, 20855589600, 25560017, 25568011, 2652621, 3124456, 5000243097, 5000807551, 6005007409, 656621, 7701010100, 7701016181, 7701065609, 7711502907, &#8230;<\/p>\n","protected":false},"excerpt":{"rendered":"<p>UFI Polttoainesuodatin 24.360.00  VW,AUDI,SEAT,TRANSPORTER III Bus,LT 28-35 I Kasten 281-363,GOLF I 17,JETTA II 19E, 1G2, 165,PASSAT Variant 32B<\/p>\n","protected":false},"featured_media":0,"template":"","meta":{"site-sidebar-layout":"default","site-content-layout":"default","ast-global-header-display":"","ast-main-header-display":"","ast-hfb-above-header-display":"","ast-hfb-below-header-display":"","ast-hfb-mobile-header-display":"","site-post-title":"","ast-breadcrumbs-content":"","ast-featured-img":"","footer-sml-layout":"","theme-transparent-header-meta":"","adv-header-id-meta":"","stick-header-meta":"","header-above-stick-meta":"","header-main-stick-meta":"","header-below-stick-meta":""},"pwb-brand":[109],"product_cat":[29],"product_tag":[],"class_list":{"0":"post-24126","1":"product","2":"type-product","3":"status-publish","5":"pwb-brand-ufi","6":"product_cat-polttoainesuodatin","7":"desktop-align-left","8":"tablet-align-left","9":"mobile-align-left","11":"first","12":"instock","13":"product-type-external"},"brands":[{"id":109,"name":"UFI","slug":"ufi"}],"_links":{"self":[{"href":"https:\/\/www.autonvaraosahaku.fi\/index.php?rest_route=\/wp\/v2\/product\/24126","targetHints":{"allow":["GET"]}}],"collection":[{"href":"https:\/\/www.autonvaraosahaku.fi\/index.php?rest_route=\/wp\/v2\/product"}],"about":[{"href":"https:\/\/www.autonvaraosahaku.fi\/index.php?rest_route=\/wp\/v2\/types\/product"}],"wp:attachment":[{"href":"https:\/\/www.autonvaraosahaku.fi\/index.php?rest_route=%2Fwp%2Fv2%2Fmedia&parent=24126"}],"wp:term":[{"taxonomy":"pwb-brand","embeddable":true,"href":"https:\/\/www.autonvaraosahaku.fi\/index.php?rest_route=%2Fwp%2Fv2%2Fpwb-brand&post=24126"},{"taxonomy":"product_cat","embeddable":true,"href":"https:\/\/www.autonvaraosahaku.fi\/index.php?rest_route=%2Fwp%2Fv2%2Fproduct_cat&post=24126"},{"taxonomy":"product_tag","embeddable":true,"href":"https:\/\/www.autonvaraosahaku.fi\/index.php?rest_route=%2Fwp%2Fv2%2Fproduct_tag&post=24126"}],"curies":[{"name":"wp","href":"https:\/\/api.w.org\/{rel}","templated":true}]}}