{"id":24706,"date":"2021-02-21T14:55:12","date_gmt":"2021-02-21T14:55:12","guid":{"rendered":"https:\/\/www.autonvaraosahaku.fi\/?product=trw-gdb1700-jarrupalat"},"modified":"2021-02-21T14:55:13","modified_gmt":"2021-02-21T14:55:13","slug":"trw-gdb1700-jarrupalat","status":"publish","type":"product","link":"https:\/\/www.autonvaraosahaku.fi\/?product=trw-gdb1700-jarrupalat","title":{"rendered":"TRW GDB1700 Jarrupalat"},"content":{"rendered":"<p>Valmistaja rajaus: BOSCH; Pituus (mm): 123,0; Korkeus (mm): 53,3; Paksuus [mm]: 17,8; Kulumisenilmaisimen liitos: akustisella kulumavaroittimella; Korvaava tuote\/korvaava tiedote 2: Jarrusatulan ruuveilla; Lis\u00e4tarvike\/lis\u00e4tieto: Tarvikkeilla; Tarkistuskilpi: E9 90R 01107\/461; M\u00e4\u00e4r\u00e4tty kiertosuunta: ; M\u00e4\u00e4r\u00e4yksikk\u00f6: Akselisarja; Tuotelinja: COTEC; Asennuspuoli: Vorderachse; OPEL: CORSA D,ADAM,CORSA D Van; FIAT: PANDA 169,DOBLO Cargo 223,DOBLO 119; VAUXHALL: CORSA Mk III D L_8,ADAM,CORSAVAN Mk III D; 0000071772818, 0000077363942, 0000077363974, 71770082, 77364477, 77364517, 77364919, 1605153, 1605184, 1605226, 1605258, 1605353, 1605357, 1605359, 93167073, 93169174, 93169254, 93189815, 93191697, 93191698, 95513810, 95521571, 1605153, 1605184, 1605226, 1605258, 1605357, 93167073, 93169174, 93169254, 93189815, 93191697, 93191698, 95513810, 95521571; Jarrupalasarja,Jarrupala, Levyjarru<\/p>\n","protected":false},"excerpt":{"rendered":"<p>TRW Jarrupalat GDB1700 Jarrupalasarja,Jarrupala, Levyjarru OPEL,FIAT,VAUXHALL,CORSA D,ADAM,CORSA D Van,PANDA 169,DOBLO Cargo 223,DOBLO 119<\/p>\n","protected":false},"featured_media":0,"template":"","meta":{"site-sidebar-layout":"default","site-content-layout":"default","ast-global-header-display":"","ast-main-header-display":"","ast-hfb-above-header-display":"","ast-hfb-below-header-display":"","ast-hfb-mobile-header-display":"","site-post-title":"","ast-breadcrumbs-content":"","ast-featured-img":"","footer-sml-layout":"","theme-transparent-header-meta":"","adv-header-id-meta":"","stick-header-meta":"","header-above-stick-meta":"","header-main-stick-meta":"","header-below-stick-meta":""},"pwb-brand":[332],"product_cat":[100],"product_tag":[],"class_list":{"0":"post-24706","1":"product","2":"type-product","3":"status-publish","5":"pwb-brand-trw","6":"product_cat-jarrupalat","7":"desktop-align-left","8":"tablet-align-left","9":"mobile-align-left","11":"first","12":"instock","13":"product-type-external"},"brands":[{"id":332,"name":"TRW","slug":"trw"}],"_links":{"self":[{"href":"https:\/\/www.autonvaraosahaku.fi\/index.php?rest_route=\/wp\/v2\/product\/24706","targetHints":{"allow":["GET"]}}],"collection":[{"href":"https:\/\/www.autonvaraosahaku.fi\/index.php?rest_route=\/wp\/v2\/product"}],"about":[{"href":"https:\/\/www.autonvaraosahaku.fi\/index.php?rest_route=\/wp\/v2\/types\/product"}],"wp:attachment":[{"href":"https:\/\/www.autonvaraosahaku.fi\/index.php?rest_route=%2Fwp%2Fv2%2Fmedia&parent=24706"}],"wp:term":[{"taxonomy":"pwb-brand","embeddable":true,"href":"https:\/\/www.autonvaraosahaku.fi\/index.php?rest_route=%2Fwp%2Fv2%2Fpwb-brand&post=24706"},{"taxonomy":"product_cat","embeddable":true,"href":"https:\/\/www.autonvaraosahaku.fi\/index.php?rest_route=%2Fwp%2Fv2%2Fproduct_cat&post=24706"},{"taxonomy":"product_tag","embeddable":true,"href":"https:\/\/www.autonvaraosahaku.fi\/index.php?rest_route=%2Fwp%2Fv2%2Fproduct_tag&post=24706"}],"curies":[{"name":"wp","href":"https:\/\/api.w.org\/{rel}","templated":true}]}}