{"id":24707,"date":"2021-02-21T14:55:12","date_gmt":"2021-02-21T14:55:12","guid":{"rendered":"https:\/\/www.autonvaraosahaku.fi\/?product=japanparts-pp-k09af-jarrupalat"},"modified":"2021-02-21T14:55:13","modified_gmt":"2021-02-21T14:55:13","slug":"japanparts-pp-k09af-jarrupalat","status":"publish","type":"product","link":"https:\/\/www.autonvaraosahaku.fi\/?product=japanparts-pp-k09af-jarrupalat","title":{"rendered":"JAPANPARTS PP-K09AF Jarrupalat"},"content":{"rendered":"<p>Asennuspuoli: Taka-akseli; Pituus (mm): 93,2; Korkeus (mm): 41; Paksuus [mm]: 16; Tarkistuskilpi: ECE R90 APPROVED; WVA-numero: 24320, 24321, 24322; M\u00e4\u00e4r\u00e4yksikk\u00f6: Akselisarja; Valmistusvuosi alkaen: 04\/2007; HYUNDAI: ix35 LM, EL, ELH,i30 FD,i20 PB, PBT,i30 CW FD; KIA: SPORTAGE SL,CEE&#8217;D SW ED,CEE&#8217;D Schr\u00e4gheck ED,SPORTAGE JE_, KM_,CEE&#8217;D JD,PRO CEE&#8217;D ED; 583020ZA00, 583021GA00, 583021HA00, 583021HA10, 583021JA30, 583021JA31, 583021KA30, 583021MA00, 583022LA00, 583022SA00, 583022SA10, 583022SA30, 583022SA35, 583022SA70, 583022YA30, 583022YA31, 583022YA50, 583022YA70, 583023SA20, 583024WA10, 58302D7A00, 583020ZA00, 583021GA00, 583021HA00, 583021HA10, 583021JA30, 583021MA00, 583021MA40, 583021YA30, 583021YA50, 583022SA10, 583022SA30, 583022SA70, 583022YA30, 583022YA31, 583022YA50, 583022YA70, 583023RA05, 583024WA10, 58302D7A00; Jarrupalasarja,Jarrupala, Levyjarru<\/p>\n","protected":false},"excerpt":{"rendered":"<p>JAPANPARTS Jarrupalat PP-K09AF Jarrupalasarja,Jarrupala, Levyjarru HYUNDAI,KIA,ix35 LM, EL, ELH,i30 FD,i20 PB, PBT,i30 CW FD,SPORTAGE SL,CEE&#8217;D SW ED<\/p>\n","protected":false},"featured_media":0,"template":"","meta":{"site-sidebar-layout":"default","site-content-layout":"default","ast-global-header-display":"","ast-main-header-display":"","ast-hfb-above-header-display":"","ast-hfb-below-header-display":"","ast-hfb-mobile-header-display":"","site-post-title":"","ast-breadcrumbs-content":"","ast-featured-img":"","footer-sml-layout":"","theme-transparent-header-meta":"","adv-header-id-meta":"","stick-header-meta":"","header-above-stick-meta":"","header-main-stick-meta":"","header-below-stick-meta":""},"pwb-brand":[334],"product_cat":[100],"product_tag":[],"class_list":{"0":"post-24707","1":"product","2":"type-product","3":"status-publish","5":"pwb-brand-japanparts","6":"product_cat-jarrupalat","7":"desktop-align-left","8":"tablet-align-left","9":"mobile-align-left","11":"first","12":"instock","13":"product-type-external"},"brands":[{"id":334,"name":"JAPANPARTS","slug":"japanparts"}],"_links":{"self":[{"href":"https:\/\/www.autonvaraosahaku.fi\/index.php?rest_route=\/wp\/v2\/product\/24707","targetHints":{"allow":["GET"]}}],"collection":[{"href":"https:\/\/www.autonvaraosahaku.fi\/index.php?rest_route=\/wp\/v2\/product"}],"about":[{"href":"https:\/\/www.autonvaraosahaku.fi\/index.php?rest_route=\/wp\/v2\/types\/product"}],"wp:attachment":[{"href":"https:\/\/www.autonvaraosahaku.fi\/index.php?rest_route=%2Fwp%2Fv2%2Fmedia&parent=24707"}],"wp:term":[{"taxonomy":"pwb-brand","embeddable":true,"href":"https:\/\/www.autonvaraosahaku.fi\/index.php?rest_route=%2Fwp%2Fv2%2Fpwb-brand&post=24707"},{"taxonomy":"product_cat","embeddable":true,"href":"https:\/\/www.autonvaraosahaku.fi\/index.php?rest_route=%2Fwp%2Fv2%2Fproduct_cat&post=24707"},{"taxonomy":"product_tag","embeddable":true,"href":"https:\/\/www.autonvaraosahaku.fi\/index.php?rest_route=%2Fwp%2Fv2%2Fproduct_tag&post=24707"}],"curies":[{"name":"wp","href":"https:\/\/api.w.org\/{rel}","templated":true}]}}