{"id":25225,"date":"2021-02-21T14:57:06","date_gmt":"2021-02-21T14:57:06","guid":{"rendered":"https:\/\/www.autonvaraosahaku.fi\/?product=fa1-003-931-pakoputken-asennussarja"},"modified":"2021-02-21T14:57:08","modified_gmt":"2021-02-21T14:57:08","slug":"fa1-003-931-pakoputken-asennussarja","status":"publish","type":"product","link":"https:\/\/www.autonvaraosahaku.fi\/?product=fa1-003-931-pakoputken-asennussarja","title":{"rendered":"FA1 003-931 Pakoputken asennussarja"},"content":{"rendered":"<p>Sis\u00e4l\u00e4pimitta [mm]: 30; Ulkol\u00e4pimitta [mm]: 58; Korkeus (mm): 14; Materiaali: Kumi; Pakoputkisto: f\u00fcr Endschalld\u00e4mpfer; VW: GOLF II 19E, 1G1,POLO 86C, 80,POLO Coupe 86C, 80,JETTA II 19E, 1G2, 165,PASSAT Variant 32B,POLO CLASSIC 86C, 80,PASSAT 32B,POLO Kasten 86CF,SANTANA 32B; AUDI: 80 89, 89Q, 8A, B3,CABRIOLET 8G7, B4,100 4A, C4,100 44, 44Q, C3,A6 Avant 4A, C4,A6 4A, C4,COUPE 89, 8B,100 Avant 44, 44Q, C3,200 44, 44Q,200 Avant 44, 44Q,200 43; BMW: 6 E24,3 E21; SEAT: IBIZA IV 6L1; MERCEDES-BENZ: SL R107; FIAT: DUCATO Pritsche\/Fahrgestell 230,DUCATO Bus 230,DUCATO Kasten 230L,DUCATO Kasten 280,DUCATO Pritsche\/Fahrgestell 280,DUCATO Panorama 280,FIORINO Kasten 146,TALENTO Pritsche\/Fahrgestell 290,FIORINO Pick up 146,TALENTO Bus 290,TALENTO Kasten 290; CITRO\u00cbN: JUMPER Kasten 230L,JUMPER Bus 230P,JUMPER Pritsche\/Fahrgestell 230; ALFA ROMEO: GTV 116,ALFETTA 116,GIULIETTA 116; PEUGEOT: BOXER Kasten 230L,BOXER Bus 230P,BOXER Pritsche\/Fahrgestell ZCT_; 893253147F, 18211101878, 18211245113, 7700518505, 7703065102, 4422885, 4437668, 1124920282, 175538, 7700518505, 7703065102, 893253147F, 893253147F, 893253147F<\/p>\n","protected":false},"excerpt":{"rendered":"<p>FA1 Kiinnitin, \u00c4\u00e4nenvaimentaja 003-931  VW,AUDI,BMW,GOLF II 19E, 1G1,POLO 86C, 80,POLO Coupe 86C, 80,JETTA II 19E, 1G2, 165,PASSAT Variant 32B<\/p>\n","protected":false},"featured_media":0,"template":"","meta":{"site-sidebar-layout":"default","site-content-layout":"default","ast-global-header-display":"","ast-main-header-display":"","ast-hfb-above-header-display":"","ast-hfb-below-header-display":"","ast-hfb-mobile-header-display":"","site-post-title":"","ast-breadcrumbs-content":"","ast-featured-img":"","footer-sml-layout":"","theme-transparent-header-meta":"","adv-header-id-meta":"","stick-header-meta":"","header-above-stick-meta":"","header-main-stick-meta":"","header-below-stick-meta":""},"pwb-brand":[39],"product_cat":[101],"product_tag":[],"class_list":{"0":"post-25225","1":"product","2":"type-product","3":"status-publish","5":"pwb-brand-fa1","6":"product_cat-pakoputken-asennussarja","7":"desktop-align-left","8":"tablet-align-left","9":"mobile-align-left","11":"first","12":"instock","13":"product-type-external"},"brands":[{"id":39,"name":"FA1","slug":"fa1"}],"_links":{"self":[{"href":"https:\/\/www.autonvaraosahaku.fi\/index.php?rest_route=\/wp\/v2\/product\/25225","targetHints":{"allow":["GET"]}}],"collection":[{"href":"https:\/\/www.autonvaraosahaku.fi\/index.php?rest_route=\/wp\/v2\/product"}],"about":[{"href":"https:\/\/www.autonvaraosahaku.fi\/index.php?rest_route=\/wp\/v2\/types\/product"}],"wp:attachment":[{"href":"https:\/\/www.autonvaraosahaku.fi\/index.php?rest_route=%2Fwp%2Fv2%2Fmedia&parent=25225"}],"wp:term":[{"taxonomy":"pwb-brand","embeddable":true,"href":"https:\/\/www.autonvaraosahaku.fi\/index.php?rest_route=%2Fwp%2Fv2%2Fpwb-brand&post=25225"},{"taxonomy":"product_cat","embeddable":true,"href":"https:\/\/www.autonvaraosahaku.fi\/index.php?rest_route=%2Fwp%2Fv2%2Fproduct_cat&post=25225"},{"taxonomy":"product_tag","embeddable":true,"href":"https:\/\/www.autonvaraosahaku.fi\/index.php?rest_route=%2Fwp%2Fv2%2Fproduct_tag&post=25225"}],"curies":[{"name":"wp","href":"https:\/\/api.w.org\/{rel}","templated":true}]}}