{"id":25424,"date":"2021-02-21T14:57:52","date_gmt":"2021-02-21T14:57:52","guid":{"rendered":"https:\/\/www.autonvaraosahaku.fi\/?product=skf-vkjp-01012-vetonivelen-suojakumi"},"modified":"2021-02-21T14:57:53","modified_gmt":"2021-02-21T14:57:53","slug":"skf-vkjp-01012-vetonivelen-suojakumi","status":"publish","type":"product","link":"https:\/\/www.autonvaraosahaku.fi\/?product=skf-vkjp-01012-vetonivelen-suojakumi","title":{"rendered":"SKF VKJP 01012 Vetonivelen suojakumi"},"content":{"rendered":"<p>Korkeus (mm): 83; Materiaali: Kumi; Sis\u00e4l\u00e4pimitta 1 [mm]: 25; Sis\u00e4l\u00e4pimitta 2 [mm]: 77; Sis\u00e4l\u00e4pimitta 1 alkaen [mm]: 25; Sis\u00e4l\u00e4pimitta 1 enint\u00e4\u00e4n [mm]: 32; Sis\u00e4l\u00e4pimitta 2 alkaen [mm]: 77; Sis\u00e4l\u00e4pimitta 2 enint\u00e4\u00e4n [mm]: 89; Asennuspuoli: getriebeseitig; VW: PASSAT Variant 3B6,GOLF III 1H1,PASSAT Variant 3B5,PASSAT 3B2,PASSAT 3B3,POLO CLASSIC 6KV2; AUDI: A4 8D2, B5,A6 Avant 4B5, C5,A4 Avant 8D5, B5,A6 4B2, C5; OPEL: ASTRA G Caravan F35_,ASTRA F Cabriolet 53_B; FORD: MONDEO III Kombi BWY,FOCUS Kombi DNW,FOCUS DAW, DBW,MONDEO III B5Y,MONDEO III Stufenheck B4Y,FOCUS Stufenheck DFW; RENAULT: MASTER I Kasten T__,MASTER I Bus T__; FIAT: DUCATO Pritsche\/Fahrgestell 230,DUCATO Bus 230,DUCATO Kasten 244,DUCATO Pritsche\/Fahrgestell 244,DUCATO Pritsche\/Fahrgestell 290,DUCATO Kasten 230L,DUCATO Pritsche\/Fahrgestell 280,DUCATO Bus 244, Z_,CROMA 154; SKODA: SUPERB 3U4; PEUGEOT: 806 221,BOXER Kasten 230L,BOXER Kasten 244,BOXER Bus 230P,BOXER Bus 244, Z_,BOXER Pritsche\/Fahrgestell ZCT_,605 6B,BOXER Pritsche\/Fahrgestell 244,J9 Kasten,J9 Pritsche\/Fahrgestell; SEAT: IBIZA II 6K1,CORDOBA 6K1, 6K2; TOYOTA: CARINA II _T17_,CAMRY _CV1_, _XV1_, _V1_,CAMRY _V2_,CARINA II Station Wagon _T17_,CAMRY Station Wagon _V2_<\/p>\n","protected":false},"excerpt":{"rendered":"<p>SKF Paljekumisarja, Vetoakseli VKJP 01012  VW,AUDI,OPEL,PASSAT Variant 3B6,GOLF III 1H1,PASSAT Variant 3B5,PASSAT 3B2,PASSAT 3B3,POLO CLASSIC 6KV2<\/p>\n","protected":false},"featured_media":0,"template":"","meta":{"site-sidebar-layout":"default","site-content-layout":"default","ast-global-header-display":"","ast-main-header-display":"","ast-hfb-above-header-display":"","ast-hfb-below-header-display":"","ast-hfb-mobile-header-display":"","site-post-title":"","ast-breadcrumbs-content":"","ast-featured-img":"","footer-sml-layout":"","theme-transparent-header-meta":"","adv-header-id-meta":"","stick-header-meta":"","header-above-stick-meta":"","header-main-stick-meta":"","header-below-stick-meta":""},"pwb-brand":[237],"product_cat":[42],"product_tag":[],"class_list":{"0":"post-25424","1":"product","2":"type-product","3":"status-publish","5":"pwb-brand-skf","6":"product_cat-vetonivelen-suojakumi","7":"desktop-align-left","8":"tablet-align-left","9":"mobile-align-left","11":"first","12":"instock","13":"product-type-external"},"brands":[{"id":237,"name":"SKF","slug":"skf"}],"_links":{"self":[{"href":"https:\/\/www.autonvaraosahaku.fi\/index.php?rest_route=\/wp\/v2\/product\/25424","targetHints":{"allow":["GET"]}}],"collection":[{"href":"https:\/\/www.autonvaraosahaku.fi\/index.php?rest_route=\/wp\/v2\/product"}],"about":[{"href":"https:\/\/www.autonvaraosahaku.fi\/index.php?rest_route=\/wp\/v2\/types\/product"}],"wp:attachment":[{"href":"https:\/\/www.autonvaraosahaku.fi\/index.php?rest_route=%2Fwp%2Fv2%2Fmedia&parent=25424"}],"wp:term":[{"taxonomy":"pwb-brand","embeddable":true,"href":"https:\/\/www.autonvaraosahaku.fi\/index.php?rest_route=%2Fwp%2Fv2%2Fpwb-brand&post=25424"},{"taxonomy":"product_cat","embeddable":true,"href":"https:\/\/www.autonvaraosahaku.fi\/index.php?rest_route=%2Fwp%2Fv2%2Fproduct_cat&post=25424"},{"taxonomy":"product_tag","embeddable":true,"href":"https:\/\/www.autonvaraosahaku.fi\/index.php?rest_route=%2Fwp%2Fv2%2Fproduct_tag&post=25424"}],"curies":[{"name":"wp","href":"https:\/\/api.w.org\/{rel}","templated":true}]}}