{"id":26002,"date":"2021-02-21T15:00:03","date_gmt":"2021-02-21T15:00:03","guid":{"rendered":"https:\/\/www.autonvaraosahaku.fi\/?product=trw-jts433-koiranluu"},"modified":"2021-02-21T15:00:03","modified_gmt":"2021-02-21T15:00:03","slug":"trw-jts433-koiranluu","status":"publish","type":"product","link":"https:\/\/www.autonvaraosahaku.fi\/?product=trw-jts433-koiranluu","title":{"rendered":"TRW JTS433 Koiranluu"},"content":{"rendered":"<p>Tanko \/ tuki: Yhdystanko; Lis\u00e4tarvike\/lis\u00e4tieto: Tarvikkeilla; Pituus (mm): 248; Kierremitta: M10x1.25; Putki-\u00d8 (mm): 9; Asennuspuoli: Vorderachse beidseitig; NISSAN: MICRA III K12,NOTE E11,MICRA C+C K12,TIIDA Schr\u00e4gheck,CUBE Z12,TIIDA Stufenheck SC11X; RENAULT: CLIO III BR0\/1, CR0\/1,MODUS \/ GRAND MODUS F\/JP0_,CLIO IV,CLIO Grandtour KR0\/1_,CAPTUR,CLIO Grandtour IV,ZOE,CLIO III Kasten SB_, SR_,CLIO IV Kasten; 546189U00A, 54618AX600, 54618BC40A, 551100748R, 551107041R, 551107916R, 551108147R, 8200127308, 8200605381, 8201079463; Kallistuksenvakaajan Yhdystanko,Tanko, Kallistuksenvaimennin<\/p>\n","protected":false},"excerpt":{"rendered":"<p>TRW Koiranluu JTS433 Kallistuksenvakaajan Yhdystanko,Tanko, Kallistuksenvaimennin NISSAN,RENAULT,MICRA III K12,NOTE E11,MICRA C+C K12,TIIDA Schr\u00e4gheck<\/p>\n","protected":false},"featured_media":0,"template":"","meta":{"site-sidebar-layout":"default","site-content-layout":"default","ast-global-header-display":"","ast-main-header-display":"","ast-hfb-above-header-display":"","ast-hfb-below-header-display":"","ast-hfb-mobile-header-display":"","site-post-title":"","ast-breadcrumbs-content":"","ast-featured-img":"","footer-sml-layout":"","theme-transparent-header-meta":"","adv-header-id-meta":"","stick-header-meta":"","header-above-stick-meta":"","header-main-stick-meta":"","header-below-stick-meta":""},"pwb-brand":[332],"product_cat":[38],"product_tag":[],"class_list":{"0":"post-26002","1":"product","2":"type-product","3":"status-publish","5":"pwb-brand-trw","6":"product_cat-koiranluu","7":"desktop-align-left","8":"tablet-align-left","9":"mobile-align-left","11":"first","12":"instock","13":"product-type-external"},"brands":[{"id":332,"name":"TRW","slug":"trw"}],"_links":{"self":[{"href":"https:\/\/www.autonvaraosahaku.fi\/index.php?rest_route=\/wp\/v2\/product\/26002","targetHints":{"allow":["GET"]}}],"collection":[{"href":"https:\/\/www.autonvaraosahaku.fi\/index.php?rest_route=\/wp\/v2\/product"}],"about":[{"href":"https:\/\/www.autonvaraosahaku.fi\/index.php?rest_route=\/wp\/v2\/types\/product"}],"wp:attachment":[{"href":"https:\/\/www.autonvaraosahaku.fi\/index.php?rest_route=%2Fwp%2Fv2%2Fmedia&parent=26002"}],"wp:term":[{"taxonomy":"pwb-brand","embeddable":true,"href":"https:\/\/www.autonvaraosahaku.fi\/index.php?rest_route=%2Fwp%2Fv2%2Fpwb-brand&post=26002"},{"taxonomy":"product_cat","embeddable":true,"href":"https:\/\/www.autonvaraosahaku.fi\/index.php?rest_route=%2Fwp%2Fv2%2Fproduct_cat&post=26002"},{"taxonomy":"product_tag","embeddable":true,"href":"https:\/\/www.autonvaraosahaku.fi\/index.php?rest_route=%2Fwp%2Fv2%2Fproduct_tag&post=26002"}],"curies":[{"name":"wp","href":"https:\/\/api.w.org\/{rel}","templated":true}]}}