{"id":26045,"date":"2021-02-21T15:00:12","date_gmt":"2021-02-21T15:00:12","guid":{"rendered":"https:\/\/www.autonvaraosahaku.fi\/?product=mahle-original-kx-398-polttoainesuodatin"},"modified":"2021-02-21T15:00:13","modified_gmt":"2021-02-21T15:00:13","slug":"mahle-original-kx-398-polttoainesuodatin","status":"publish","type":"product","link":"https:\/\/www.autonvaraosahaku.fi\/?product=mahle-original-kx-398-polttoainesuodatin","title":{"rendered":"MAHLE ORIGINAL KX 398 Polttoainesuodatin"},"content":{"rendered":"<p>Suodatintyyppi: Suodatinpanos, mit Filterheizung; Korkeus (mm): 145,8; Korkeus 1 (mm): 115,6; L\u00e4pimitta [mm]: 93,2; Ulkol\u00e4pimitta 1 [mm]: 66,0; Sis\u00e4l\u00e4pimitta 1 [mm]: 9,0; JEEP: RENEGADE Gel\u00e4ndewagen geschlossen BU,COMPASS; LANCIA: YPSILON 312, 846; OPEL: COMBO Kasten\/Kombi X12,COMBO Tour X12,COMBO Pritsche\/Fahrgestell; ALFA ROMEO: GIULIETTA 940,MITO 955; FIAT: DUCATO Kasten 250,500 312,DUCATO Pritsche\/Fahrgestell 250,PUNTO EVO 199,DUCATO Bus 250,DOBLO Kasten\/Kombi 263,PUNTO 199,PANDA 312,QUBO 225,500L,DOBLO Gro\u00dfraumlimousine 152, 263,FIORINO Kasten\/Kombi 225,DOBLO Pritsche\/Fahrgestell 263,500X,TIPO Schr\u00e4gheck 356_,PANDA VAN 312,TIPO Kombi 356_,TIPO Stufenheck 356_; CITRO\u00cbN: NEMO Kombi; PEUGEOT: BIPPER AA_,BIPPER Tepee; MASERATI: GHIBLI III M157,LEVANTE Gel\u00e4ndewagen geschlossen; VAUXHALL: COMBO Mk III D Kasten\/Kombi; 52034568, 77366216, 77366607, 0000077366216, 0000077366607, 00K68263287AA, 77366216, 77366607, K68263287AA, 1616322380, 0000052034568, 0000052048600, 0000077366216, 0000077366330, 0000077366607, 0000077366642, 00K68263287AA, 52011024, 52034568, 52048600, 77366216, 77366330, 77366607, 77366642, K68263287AA, 95514999, 95516002, 77366216, 77366607, K68263287AA, 77366216, 77366607, 670007856, 673001463, 0818021, 818011, 818021, 818025, 95513399, 95514999, 95516002, 1616322380, 95513399, 95514999, 95516002<\/p>\n","protected":false},"excerpt":{"rendered":"<p>MAHLE ORIGINAL Polttoainesuodatin KX 398  JEEP,LANCIA,OPEL,RENEGADE Gel\u00e4ndewagen geschlossen BU,COMPASS,YPSILON 312, 846,COMBO Kasten\/Kombi X12<\/p>\n","protected":false},"featured_media":0,"template":"","meta":{"site-sidebar-layout":"default","site-content-layout":"default","ast-global-header-display":"","ast-main-header-display":"","ast-hfb-above-header-display":"","ast-hfb-below-header-display":"","ast-hfb-mobile-header-display":"","site-post-title":"","ast-breadcrumbs-content":"","ast-featured-img":"","footer-sml-layout":"","theme-transparent-header-meta":"","adv-header-id-meta":"","stick-header-meta":"","header-above-stick-meta":"","header-main-stick-meta":"","header-below-stick-meta":""},"pwb-brand":[153],"product_cat":[29],"product_tag":[],"class_list":{"0":"post-26045","1":"product","2":"type-product","3":"status-publish","5":"pwb-brand-mahle-original","6":"product_cat-polttoainesuodatin","7":"desktop-align-left","8":"tablet-align-left","9":"mobile-align-left","11":"first","12":"instock","13":"product-type-external"},"brands":[{"id":153,"name":"MAHLE ORIGINAL","slug":"mahle-original"}],"_links":{"self":[{"href":"https:\/\/www.autonvaraosahaku.fi\/index.php?rest_route=\/wp\/v2\/product\/26045","targetHints":{"allow":["GET"]}}],"collection":[{"href":"https:\/\/www.autonvaraosahaku.fi\/index.php?rest_route=\/wp\/v2\/product"}],"about":[{"href":"https:\/\/www.autonvaraosahaku.fi\/index.php?rest_route=\/wp\/v2\/types\/product"}],"wp:attachment":[{"href":"https:\/\/www.autonvaraosahaku.fi\/index.php?rest_route=%2Fwp%2Fv2%2Fmedia&parent=26045"}],"wp:term":[{"taxonomy":"pwb-brand","embeddable":true,"href":"https:\/\/www.autonvaraosahaku.fi\/index.php?rest_route=%2Fwp%2Fv2%2Fpwb-brand&post=26045"},{"taxonomy":"product_cat","embeddable":true,"href":"https:\/\/www.autonvaraosahaku.fi\/index.php?rest_route=%2Fwp%2Fv2%2Fproduct_cat&post=26045"},{"taxonomy":"product_tag","embeddable":true,"href":"https:\/\/www.autonvaraosahaku.fi\/index.php?rest_route=%2Fwp%2Fv2%2Fproduct_tag&post=26045"}],"curies":[{"name":"wp","href":"https:\/\/api.w.org\/{rel}","templated":true}]}}