{"id":26087,"date":"2021-02-21T15:00:21","date_gmt":"2021-02-21T15:00:21","guid":{"rendered":"https:\/\/www.autonvaraosahaku.fi\/?product=corteco-19033984-venttiilinvarren-kumit"},"modified":"2021-02-21T15:00:22","modified_gmt":"2021-02-21T15:00:22","slug":"corteco-19033984-venttiilinvarren-kumit","status":"publish","type":"product","link":"https:\/\/www.autonvaraosahaku.fi\/?product=corteco-19033984-venttiilinvarren-kumit","title":{"rendered":"CORTECO 19033984 Venttiilinvarren kumit"},"content":{"rendered":"<p>Sis\u00e4l\u00e4pimitta 1 [mm]: 7; Ulkol\u00e4pimitta 1 [mm]: 9,8; Korkeus 1 (mm): 10; Materiaali: FPM (fluori-kumi); Venttiilej\u00e4: 8; Tarvittava kappalem\u00e4\u00e4r\u00e4: 8; VW: GOLF IV 1J1,PASSAT Variant 3B6,TRANSPORTER IV Bus 70XB, 70XC, 7DB, 7DW,GOLF III 1H1,GOLF IV Variant 1J5,SHARAN 7M8, 7M9, 7M6,POLO 6N1,CADDY III Kombi 2KB, 2KJ, 2CB, 2CJ,PASSAT Variant 3B5,TRANSPORTER V Bus 7HB, 7HJ, 7EB, 7EJ, 7EF,MULTIVAN V 7HM, 7HN, 7HF, 7EF, 7EM, 7EN,PASSAT Variant 3A5, 35I,BORA 1J2,PASSAT 3B2,PASSAT 3B3,BORA Kombi 1J6,GOLF III Variant 1H5,POLO Coupe 86C, 80,NEW BEETLE Cabriolet 1Y7,PASSAT 3A2, 35I,TRANSPORTER IV Pritsche\/Fahrgestell 70XD,POLO Variant 6KV5,POLO CLASSIC 6KV2,VENTO 1H2,JETTA II 19E, 1G2, 165,TRANSPORTER V Pritsche\/Fahrgestell 7JD, 7JE, 7JL, 7JY, 7JZ,,POLO Kasten 6NF,POLO Stufenheck 9A4,CADDY II Kombi 9K9B,POLO Kasten 86CF; AUDI: A3 8L1,A4 Avant 8D5, B5,A4 Cabriolet 8H7, B6, 8HE, B7,CABRIOLET 8G7, B4,80 Avant 8C, B4,COUPE 89, 8B,90 89, 89Q, 8A, B3; SKODA: FABIA Combi 6Y5,FABIA,FABIA 6Y2,OCTAVIA Combi 1U5,FABIA Combi,OCTAVIA 1U2,SUPERB 3T4,FABIA Stufenheck 6Y3,ROOMSTER Praktik 5J,FABIA Praktik; BMW: 3 E46,3 Touring E46,3 Coupe E46,3 Compact E36,3 E36,3 E30,3 Coupe E36,Z3 E36,5 E34,3 Cabriolet E30,3 Cabriolet E36,3 Touring E36,5 Touring E34,3 Touring E30; SEAT: IBIZA IV 6L1,IBIZA V 6J5, 6P5,LEON 1M1,ALTEA XL 5P5, 5P8,IBIZA II 6K1,IBIZA V SPORTCOUPE 6J1, 6P1,CORDOBA 6K1, 6K2,CORDOBA Vario 6K1,INCA 6K9,IBIZA I 021A,127 127A,MALAGA 023A,TERRA 24,RONDA 022A,PANDA 141A; LADA: 111 2111,110 2110,112 2112; NISSAN: MICRA II K11,PRIMERA Kombi WP12,PRIMERA P12,PRIMERA Hatchback P12,PRIMASTAR Bus X83,PRIMASTAR Kasten X83,INTERSTAR Kasten X70,INTERSTAR Bus X70; VOLVO: V40 Kombi VW,S40 I VS,940 Kombi 945,740 Kombi 745,740 744,940 944,960 Kombi 965,960 964; SAAB: 9-3 YS3D,9-3 Cabriolet YS3D,9000 Schr\u00e4gheck,900 I Cabriolet,900 I Combi Coupe,900 II Cabriolet,900 II,900 I AC4, AM4,9000,900 II Coupe; ROVER: 100 \/ METRO XP; 289120381, 46440885, 60507557, 60548495, 60811572, 60811872, 7581344, 11349059171, 095628, 96020124, 8200234651, M889394, MW30638662, 4412186, 93160891, 095624, 095628, 098628, 7700103872, 7700736465, 8200234651, 7500713, 930781, 30638662, 30889394; Venttiilivarren Tiiviste,Tiivistesarja, Venttiilivarsi<\/p>\n","protected":false},"excerpt":{"rendered":"<p>CORTECO Venttiilinvarren Kumit 19033984 Venttiilivarren Tiiviste,Tiivistesarja, Venttiilivarsi VW,AUDI,SKODA,GOLF IV 1J1,PASSAT Variant 3B6<\/p>\n","protected":false},"featured_media":0,"template":"","meta":{"site-sidebar-layout":"default","site-content-layout":"default","ast-global-header-display":"","ast-main-header-display":"","ast-hfb-above-header-display":"","ast-hfb-below-header-display":"","ast-hfb-mobile-header-display":"","site-post-title":"","ast-breadcrumbs-content":"","ast-featured-img":"","footer-sml-layout":"","theme-transparent-header-meta":"","adv-header-id-meta":"","stick-header-meta":"","header-above-stick-meta":"","header-main-stick-meta":"","header-below-stick-meta":""},"pwb-brand":[53],"product_cat":[170],"product_tag":[],"class_list":{"0":"post-26087","1":"product","2":"type-product","3":"status-publish","5":"pwb-brand-corteco","6":"product_cat-venttiilinvarren-kumit","7":"desktop-align-left","8":"tablet-align-left","9":"mobile-align-left","11":"first","12":"instock","13":"product-type-external"},"brands":[{"id":53,"name":"CORTECO","slug":"corteco"}],"_links":{"self":[{"href":"https:\/\/www.autonvaraosahaku.fi\/index.php?rest_route=\/wp\/v2\/product\/26087","targetHints":{"allow":["GET"]}}],"collection":[{"href":"https:\/\/www.autonvaraosahaku.fi\/index.php?rest_route=\/wp\/v2\/product"}],"about":[{"href":"https:\/\/www.autonvaraosahaku.fi\/index.php?rest_route=\/wp\/v2\/types\/product"}],"wp:attachment":[{"href":"https:\/\/www.autonvaraosahaku.fi\/index.php?rest_route=%2Fwp%2Fv2%2Fmedia&parent=26087"}],"wp:term":[{"taxonomy":"pwb-brand","embeddable":true,"href":"https:\/\/www.autonvaraosahaku.fi\/index.php?rest_route=%2Fwp%2Fv2%2Fpwb-brand&post=26087"},{"taxonomy":"product_cat","embeddable":true,"href":"https:\/\/www.autonvaraosahaku.fi\/index.php?rest_route=%2Fwp%2Fv2%2Fproduct_cat&post=26087"},{"taxonomy":"product_tag","embeddable":true,"href":"https:\/\/www.autonvaraosahaku.fi\/index.php?rest_route=%2Fwp%2Fv2%2Fproduct_tag&post=26087"}],"curies":[{"name":"wp","href":"https:\/\/api.w.org\/{rel}","templated":true}]}}