{"id":26502,"date":"2021-02-21T15:01:54","date_gmt":"2021-02-21T15:01:54","guid":{"rendered":"https:\/\/www.autonvaraosahaku.fi\/?product=ridex-830c0022-jaahdytysnesteen-lampotila-anturi"},"modified":"2021-02-21T15:01:54","modified_gmt":"2021-02-21T15:01:54","slug":"ridex-830c0022-jaahdytysnesteen-lampotila-anturi","status":"publish","type":"product","link":"https:\/\/www.autonvaraosahaku.fi\/?product=ridex-830c0022-jaahdytysnesteen-lampotila-anturi","title":{"rendered":"RIDEX 830C0022 J\u00e4\u00e4hdytysnesteen l\u00e4mp\u00f6tila anturi"},"content":{"rendered":"<p>Tuumakierre [tuuma]: 1\/8GAS; MAZDA: 323 P V BA,MX-3 EC,BT-50 CD, UN,XEDOS 9 TA,FAMILIA V BA,FAMILIA V BG8,RX 7 II FC,MX-6 GE,E-SERIE Kasten SR2,RX 7 III FD; KIA: SPORTAGE K00,JOICE,SHUMA II FB,RETONA CE,SHUMA FB,CLARUS K9A,CARNIVAL I UP,CLARUS Kombi GC,SEPHIA Stufenheck FA,PREGIO Kasten TB,SEPHIA FA,K2700 SD,SEPHIA FB,AVELLA; LEXUS: LS UCF10,ES F1, F2,ES MCV_, VZV_; FORD USA: PROBE II ECP; HYUNDAI: GALLOPER II JK-01,SONATA IV EF,COUPE RD,ACCENT I X-3,LANTRA II Wagon J-2,LANTRA II J-2,SANTAMO,ACCENT Stufenheck X-3,SONATA III Y-3,PONY X-2,LANTRA I J-1,S COUPE SLC,PONY \/ EXCEL Stufenheck X-2,SONATA II Y-2; DAIHATSU: CUORE IV L501,FEROZA Soft Top F300,SPORTRAK F300,FOURTRAK F7, F8,MOVE L6_,CHARADE IV G200, G202,CHARADE III G100, G101, G102,APPLAUSE II A101,APPLAUSE I A101, A111,ROCKY Soft Top F7, F8,CHARADE IV Stufenheck G203,CHARADE III Stufenheck G102; SUZUKI: SWIFT III MZ, EZ,SX4 EY, GY,SAMURAI SJ,GRAND VITARA I FT,WAGON R+ MM,IGNIS II,SWIFT II Schr\u00e4gheck EA, MA,VITARA ET, TA,VITARA Cabrio ET, TA,X-90 EL,SWIFT I AA,SWIFT Cabriolet SF413,SWIFT II Stufenheck AH, AJ,SUPER CARRY Bus ED; OPEL: FRONTERA B 6B_,CAMPO TF_,MONTEREY A UBS_,MONTEREY B; SUBARU: IMPREZA Stufenheck GD,IMPREZA Station Wagon GG,IMPREZA Stufenheck GC,LEGACY II Station Wagon BD, BG,IMPREZA Station Wagon GF,SVX CX,LEGACY I Station Wagon BC, BJF,LEGACY II BD, BG,IMPREZA Coupe GFC,LEGACY I BC,LEGACY OUTBACK BG; TOYOTA: STARLET EP91,COROLLA Liftback _E11_,COROLLA Compact _E11_,LAND CRUISER 90 _J9_,MR 2 II SW2_,STARLET _P8_,PASEO Coupe EL54,COROLLA Compact _E10_,CARINA E _T19_,COROLLA _E11_,CELICA Coupe AT18_, ST18_,COROLLA Wagon __E11_,STARLET _P7_,4 RUNNER RN10_, VZN13_, VZN10_, RN13_,COROLLA Liftback _E10_,COROLLA Liftback _E9_,PASEO Cabriolet EL54,COROLLA _E10_,CARINA II _T17_,CAMRY _CV1_, _XV1_, _V1_,CARINA II Stufenheck _T17_,COROLLA Compact _E9_,CELICA Liftback ST16_, AT16_,CAMRY Station Wagon _XV1_, _CV1_, _V10,COROLLA Wagon _E10_,CAMRY _V2_,COROLLA Station Wagon _E9_,COROLLA _E9_,CELICA Cabriolet AT18_, ST18_,CELICA Coupe ST16_, AT16_,COROLLA Liftback _E8_,CARINA II Station Wagon _T17_,COROLLA FX Compact E8B,CELICA Cabriolet ST16_, AT16_,CAMRY Station Wagon _V2_,COROLLA _E8_,CELICA AT16_, ST16_,COROLLA LEVIN Coupe AE10_; 4671065, 8342087703, 8342087703000, 3395475, F32Z10884A, 3485082011, 3485082012, 8342016020, 8342016030, 8942474371, 8942474371, 9465032500, 9465032510, 9465032520, 8942474371, 9465032520, KK37018510, KK3701851X, 8342016020, B5411851X, JE151851X, KL011851X, Y70118510, 9465032510, 9465032520, MD091056, ME202052, 1338507, 8342087703000, 21203AA030, 3485014F00000, 3485082011, 3485082012000, 8342016020, 8342016030; J\u00e4\u00e4hdytysnestel\u00e4mp\u00f6tilan Sensori<\/p>\n","protected":false},"excerpt":{"rendered":"<p>RIDEX J\u00e4\u00e4hdytysnesteen L\u00e4mp\u00f6tila Anturi 830C0022 J\u00e4\u00e4hdytysnestel\u00e4mp\u00f6tilan Sensori MAZDA,KIA,LEXUS,323 P V BA,MX-3 EC,BT-50 CD, UN,XEDOS 9 TA<\/p>\n","protected":false},"featured_media":0,"template":"","meta":{"site-sidebar-layout":"default","site-content-layout":"default","ast-global-header-display":"","ast-main-header-display":"","ast-hfb-above-header-display":"","ast-hfb-below-header-display":"","ast-hfb-mobile-header-display":"","site-post-title":"","ast-breadcrumbs-content":"","ast-featured-img":"","footer-sml-layout":"","theme-transparent-header-meta":"","adv-header-id-meta":"","stick-header-meta":"","header-above-stick-meta":"","header-main-stick-meta":"","header-below-stick-meta":""},"pwb-brand":[157],"product_cat":[200],"product_tag":[],"class_list":{"0":"post-26502","1":"product","2":"type-product","3":"status-publish","5":"pwb-brand-ridex","6":"product_cat-jaahdytysnesteen-lampotila-anturi","7":"desktop-align-left","8":"tablet-align-left","9":"mobile-align-left","11":"first","12":"instock","13":"product-type-external"},"brands":[{"id":157,"name":"RIDEX","slug":"ridex"}],"_links":{"self":[{"href":"https:\/\/www.autonvaraosahaku.fi\/index.php?rest_route=\/wp\/v2\/product\/26502","targetHints":{"allow":["GET"]}}],"collection":[{"href":"https:\/\/www.autonvaraosahaku.fi\/index.php?rest_route=\/wp\/v2\/product"}],"about":[{"href":"https:\/\/www.autonvaraosahaku.fi\/index.php?rest_route=\/wp\/v2\/types\/product"}],"wp:attachment":[{"href":"https:\/\/www.autonvaraosahaku.fi\/index.php?rest_route=%2Fwp%2Fv2%2Fmedia&parent=26502"}],"wp:term":[{"taxonomy":"pwb-brand","embeddable":true,"href":"https:\/\/www.autonvaraosahaku.fi\/index.php?rest_route=%2Fwp%2Fv2%2Fpwb-brand&post=26502"},{"taxonomy":"product_cat","embeddable":true,"href":"https:\/\/www.autonvaraosahaku.fi\/index.php?rest_route=%2Fwp%2Fv2%2Fproduct_cat&post=26502"},{"taxonomy":"product_tag","embeddable":true,"href":"https:\/\/www.autonvaraosahaku.fi\/index.php?rest_route=%2Fwp%2Fv2%2Fproduct_tag&post=26502"}],"curies":[{"name":"wp","href":"https:\/\/api.w.org\/{rel}","templated":true}]}}