{"id":27002,"date":"2021-02-21T15:03:32","date_gmt":"2021-02-21T15:03:32","guid":{"rendered":"https:\/\/www.autonvaraosahaku.fi\/?product=hella-8gh-008-357-001-lamput-hehkulamppu"},"modified":"2021-02-21T15:03:33","modified_gmt":"2021-02-21T15:03:33","slug":"hella-8gh-008-357-001-lamput-hehkulamppu","status":"publish","type":"product","link":"https:\/\/www.autonvaraosahaku.fi\/?product=hella-8gh-008-357-001-lamput-hehkulamppu","title":{"rendered":"HELLA 8GH 008 357-001 Lamput (hehkulamppu)"},"content":{"rendered":"<p>Lamppumalli: H9; J\u00e4nnite (V): 12; Nimellisteho (W): 65; M\u00e4\u00e4r\u00e4: 1; Tarkistuskilpi: E1; Kantamalli: PGJ19-5; Pakkaustyyppi: Laatikko; Lyhdyn muoto: LED; VW: GOLF VII 5G1, BE1,TOUAREG 7LA, 7L6, 7L7,GOLF VII Kombi BA5,PASSAT Variant 3G5,PASSAT 3G2,PASSAT ALLTRACK 3G5,GOLF ALLTRACK BA5; AUDI: A4 Cabriolet 8H7, B6, 8HE, B7,ALLROAD 4BH, C5; OPEL: GT Cabriolet; RENAULT: VEL SATIS BJ0_,TALISMAN Grandtour KP_,TALISMAN; NISSAN: GT-R R35,LEAF,X-TRAIL T32,TEANA II J32,TIIDA Stufenheck C12,PATROL III Y62,MICRA V K14; MAZDA: 6 Kombi GH,6 Hatchback GG,6 GG,MX-5 III NC,6 Schr\u00e4gheck GH,RX 8 SE17,6 GH; KIA: SORENTO III; VOLVO: V70 II SW,XC60,XC90 I,S60 I,C30,V60,XC70 CROSS COUNTRY,V40 Schr\u00e4gheck,XC70 II,S80 II AS,S60 II,XC90 II,V90 II,S90 II,XC60 II; MITSUBISHI: GRANDIS NA_W,PAJERO IV V8_W, V9_W,PAJERO IV Van V90, V80,GRANDIS N9_, N8_; MINI: MINI R50, R53; N10529601, N10529601, N10529601, YY04500835700<\/p>\n","protected":false},"excerpt":{"rendered":"<p>HELLA Polttimo, Kaukovalo STANDARD 8GH 008 357-001  VW,AUDI,OPEL,GOLF VII 5G1, BE1,TOUAREG 7LA, 7L6, 7L7,GOLF VII Kombi BA5,PASSAT Variant 3G5<\/p>\n","protected":false},"featured_media":0,"template":"","meta":{"site-sidebar-layout":"default","site-content-layout":"default","ast-global-header-display":"","ast-main-header-display":"","ast-hfb-above-header-display":"","ast-hfb-below-header-display":"","ast-hfb-mobile-header-display":"","site-post-title":"","ast-breadcrumbs-content":"","ast-featured-img":"","footer-sml-layout":"","theme-transparent-header-meta":"","adv-header-id-meta":"","stick-header-meta":"","header-above-stick-meta":"","header-main-stick-meta":"","header-below-stick-meta":""},"pwb-brand":[24],"product_cat":[151],"product_tag":[],"class_list":{"0":"post-27002","1":"product","2":"type-product","3":"status-publish","5":"pwb-brand-hella","6":"product_cat-lamput-hehkulamppu","7":"desktop-align-left","8":"tablet-align-left","9":"mobile-align-left","11":"first","12":"instock","13":"product-type-external"},"brands":[{"id":24,"name":"HELLA","slug":"hella"}],"_links":{"self":[{"href":"https:\/\/www.autonvaraosahaku.fi\/index.php?rest_route=\/wp\/v2\/product\/27002","targetHints":{"allow":["GET"]}}],"collection":[{"href":"https:\/\/www.autonvaraosahaku.fi\/index.php?rest_route=\/wp\/v2\/product"}],"about":[{"href":"https:\/\/www.autonvaraosahaku.fi\/index.php?rest_route=\/wp\/v2\/types\/product"}],"wp:attachment":[{"href":"https:\/\/www.autonvaraosahaku.fi\/index.php?rest_route=%2Fwp%2Fv2%2Fmedia&parent=27002"}],"wp:term":[{"taxonomy":"pwb-brand","embeddable":true,"href":"https:\/\/www.autonvaraosahaku.fi\/index.php?rest_route=%2Fwp%2Fv2%2Fpwb-brand&post=27002"},{"taxonomy":"product_cat","embeddable":true,"href":"https:\/\/www.autonvaraosahaku.fi\/index.php?rest_route=%2Fwp%2Fv2%2Fproduct_cat&post=27002"},{"taxonomy":"product_tag","embeddable":true,"href":"https:\/\/www.autonvaraosahaku.fi\/index.php?rest_route=%2Fwp%2Fv2%2Fproduct_tag&post=27002"}],"curies":[{"name":"wp","href":"https:\/\/api.w.org\/{rel}","templated":true}]}}