{"id":27321,"date":"2021-02-21T15:04:36","date_gmt":"2021-02-21T15:04:36","guid":{"rendered":"https:\/\/www.autonvaraosahaku.fi\/?product=fa1-067-810-100-kierretulppa"},"modified":"2021-02-21T15:04:36","modified_gmt":"2021-02-21T15:04:36","slug":"fa1-067-810-100-kierretulppa","status":"publish","type":"product","link":"https:\/\/www.autonvaraosahaku.fi\/?product=fa1-067-810-100-kierretulppa","title":{"rendered":"FA1 067.810.100 Kierretulppa"},"content":{"rendered":"<p>Sis\u00e4l\u00e4pimitta [mm]: 22; Ulkol\u00e4pimitta [mm]: 27; Paksuus [mm]: 1,5; Muoto: A-muoto; Materiaali: Alumiini; BMW: 02 E10,5 E28,6 E24,3 E21,7 E23,5 E12; ALFA ROMEO: 75 162B,155 167; PORSCHE: 944,911 996,924,911,911 Cabriolet 996,928,914,911 964,911 993,911 Targa,968,356 Coupe,911 Cabriolet 964,911 Cabriolet 993,944 Cabriolet,912,356 Cabriolet\/Speedster,968 Cabriolet,911 Targa 993,912 Targa; KRAMER: 14-Serie,KL-Serie; FENDT: Farmer,GT; DEUTZ-FAHR: AGROLUX,AGROPLUS,AGROXTRA,D06,D07,DX; N0138272, 07119963355, 0003008013, 0024151139, 10263450, 06651900818, 007603022100, 11022579, 90012301130, 90012311830, 0003008013, 0024151139, N0138272, N0138272, 2414787, 9571852, N0138272; Tiiviste, \u00d6ljynlaskutulppa<\/p>\n","protected":false},"excerpt":{"rendered":"<p>FA1 \u00d6ljytulpan Tiiviste 067.810.100 Tiiviste, \u00d6ljynlaskutulppa BMW,ALFA ROMEO,PORSCHE,02 E10,5 E28,6 E24,3 E21,7 E23,5 E12,75 162B,155 167,944,911 996<\/p>\n","protected":false},"featured_media":0,"template":"","meta":{"site-sidebar-layout":"default","site-content-layout":"default","ast-global-header-display":"","ast-main-header-display":"","ast-hfb-above-header-display":"","ast-hfb-below-header-display":"","ast-hfb-mobile-header-display":"","site-post-title":"","ast-breadcrumbs-content":"","ast-featured-img":"","footer-sml-layout":"","theme-transparent-header-meta":"","adv-header-id-meta":"","stick-header-meta":"","header-above-stick-meta":"","header-main-stick-meta":"","header-below-stick-meta":""},"pwb-brand":[39],"product_cat":[40],"product_tag":[],"class_list":{"0":"post-27321","1":"product","2":"type-product","3":"status-publish","5":"pwb-brand-fa1","6":"product_cat-kierretulppa","7":"desktop-align-left","8":"tablet-align-left","9":"mobile-align-left","11":"first","12":"instock","13":"product-type-external"},"brands":[{"id":39,"name":"FA1","slug":"fa1"}],"_links":{"self":[{"href":"https:\/\/www.autonvaraosahaku.fi\/index.php?rest_route=\/wp\/v2\/product\/27321","targetHints":{"allow":["GET"]}}],"collection":[{"href":"https:\/\/www.autonvaraosahaku.fi\/index.php?rest_route=\/wp\/v2\/product"}],"about":[{"href":"https:\/\/www.autonvaraosahaku.fi\/index.php?rest_route=\/wp\/v2\/types\/product"}],"wp:attachment":[{"href":"https:\/\/www.autonvaraosahaku.fi\/index.php?rest_route=%2Fwp%2Fv2%2Fmedia&parent=27321"}],"wp:term":[{"taxonomy":"pwb-brand","embeddable":true,"href":"https:\/\/www.autonvaraosahaku.fi\/index.php?rest_route=%2Fwp%2Fv2%2Fpwb-brand&post=27321"},{"taxonomy":"product_cat","embeddable":true,"href":"https:\/\/www.autonvaraosahaku.fi\/index.php?rest_route=%2Fwp%2Fv2%2Fproduct_cat&post=27321"},{"taxonomy":"product_tag","embeddable":true,"href":"https:\/\/www.autonvaraosahaku.fi\/index.php?rest_route=%2Fwp%2Fv2%2Fproduct_tag&post=27321"}],"curies":[{"name":"wp","href":"https:\/\/api.w.org\/{rel}","templated":true}]}}