{"id":27446,"date":"2021-02-21T15:04:59","date_gmt":"2021-02-21T15:04:59","guid":{"rendered":"https:\/\/www.autonvaraosahaku.fi\/?product=trw-jgt232t-iskunvaimennin"},"modified":"2021-02-21T15:05:01","modified_gmt":"2021-02-21T15:05:01","slug":"trw-jgt232t-iskunvaimennin","status":"publish","type":"product","link":"https:\/\/www.autonvaraosahaku.fi\/?product=trw-jgt232t-iskunvaimennin","title":{"rendered":"TRW JGT232T Iskunvaimennin"},"content":{"rendered":"<p>Lukum\u00e4\u00e4r\u00e4 akselille: 1; Asennuspuoli: Taka-akseli; Iskunvaimennin tyyppi: Kaasupaine; Iskunvaimennin asennustapa: Tappi ylh\u00e4\u00e4ll\u00e4, Silmukka alhaalla; Huomioi tekniset tiedot: ; Tuotelinja: TWIN; Alustarakenne: f\u00fcr Fahrzeuge ohne Sportfahrwerk; MERCEDES-BENZ: 190 W201,Stufenheck W124,S-CLASS W126,KOMBI Kombi S124,E-CLASS W124,COUPE C124,S-CLASS W140,E-CLASS Kombi S124,KOMBI Kombi S123,E-CLASS Cabriolet A124,E-CLASS Coupe C124,CABRIOLET A124; 1243200031, 1243200131, 1243200231, 1243200331, 1243200431, 1243200531, 1243200631, 1243200831, 1243200931, 1243201013, 1243201031, 1243201131, 1243201313, 1243202031, 1243203313, 1243203413, 1243203713, 1243204213, 1243204713, 1243205013, 1243260600, 1243261100, 1243261400, 1243262000, 1243262100, 1243262200, 1243262800, 2013200031, 2013200131, 2013200331, 2013200731, 2013200931, 2013201231, 2013260500, 2013260800, 2013261000, 2013261500, 2013261600, 2013261900, A1243200031, A1243200131, A1243200231, A1243200331, A1243200431, A1243200531, A1243200631, A1243200831, A1243200931, A1243201013, A1243201031, A1243201131, A1243201313, A1243202031, A1243203313, A1243203413, A1243203713, A1243204213, A1243204713, A1243205013, A1243260600, A1243261100, A1243261400, A1243262000, A1243262100, A1243262200, A1243262800, A2013200031, A2013200131, A2013200331, A2013200731, A2013200931, A2013201231, A2013260500, A2013260800, A2013261000, A2013261500, A2013261600, A2013261900; Iskarit,Iskunvaimennin<\/p>\n","protected":false},"excerpt":{"rendered":"<p>TRW Iskunvaimentimet JGT232T Iskarit,Iskunvaimennin MERCEDES-BENZ,190 W201,Stufenheck W124,S-CLASS W126,KOMBI Kombi S124,E-CLASS W124,COUPE C124<\/p>\n","protected":false},"featured_media":0,"template":"","meta":{"site-sidebar-layout":"default","site-content-layout":"default","ast-global-header-display":"","ast-main-header-display":"","ast-hfb-above-header-display":"","ast-hfb-below-header-display":"","ast-hfb-mobile-header-display":"","site-post-title":"","ast-breadcrumbs-content":"","ast-featured-img":"","footer-sml-layout":"","theme-transparent-header-meta":"","adv-header-id-meta":"","stick-header-meta":"","header-above-stick-meta":"","header-main-stick-meta":"","header-below-stick-meta":""},"pwb-brand":[332],"product_cat":[80],"product_tag":[],"class_list":{"0":"post-27446","1":"product","2":"type-product","3":"status-publish","5":"pwb-brand-trw","6":"product_cat-iskunvaimennin","7":"desktop-align-left","8":"tablet-align-left","9":"mobile-align-left","11":"first","12":"instock","13":"product-type-external"},"brands":[{"id":332,"name":"TRW","slug":"trw"}],"_links":{"self":[{"href":"https:\/\/www.autonvaraosahaku.fi\/index.php?rest_route=\/wp\/v2\/product\/27446","targetHints":{"allow":["GET"]}}],"collection":[{"href":"https:\/\/www.autonvaraosahaku.fi\/index.php?rest_route=\/wp\/v2\/product"}],"about":[{"href":"https:\/\/www.autonvaraosahaku.fi\/index.php?rest_route=\/wp\/v2\/types\/product"}],"wp:attachment":[{"href":"https:\/\/www.autonvaraosahaku.fi\/index.php?rest_route=%2Fwp%2Fv2%2Fmedia&parent=27446"}],"wp:term":[{"taxonomy":"pwb-brand","embeddable":true,"href":"https:\/\/www.autonvaraosahaku.fi\/index.php?rest_route=%2Fwp%2Fv2%2Fpwb-brand&post=27446"},{"taxonomy":"product_cat","embeddable":true,"href":"https:\/\/www.autonvaraosahaku.fi\/index.php?rest_route=%2Fwp%2Fv2%2Fproduct_cat&post=27446"},{"taxonomy":"product_tag","embeddable":true,"href":"https:\/\/www.autonvaraosahaku.fi\/index.php?rest_route=%2Fwp%2Fv2%2Fproduct_tag&post=27446"}],"curies":[{"name":"wp","href":"https:\/\/api.w.org\/{rel}","templated":true}]}}