{"id":27716,"date":"2021-02-21T15:05:52","date_gmt":"2021-02-21T15:05:52","guid":{"rendered":"https:\/\/www.autonvaraosahaku.fi\/?product=monroe-23890-iskunvaimennin"},"modified":"2021-02-21T15:05:54","modified_gmt":"2021-02-21T15:05:54","slug":"monroe-23890-iskunvaimennin","status":"publish","type":"product","link":"https:\/\/www.autonvaraosahaku.fi\/?product=monroe-23890-iskunvaimennin","title":{"rendered":"MONROE 23890 Iskunvaimennin"},"content":{"rendered":"<p>Iskunvaimennin tyyppi: Kaasupaine; Iskunvaimennusj\u00e4rjestelm\u00e4: Kaksiputki; Iskunvaimennin asennustapa: Silmukka alhaalla, Tappi ylh\u00e4\u00e4ll\u00e4; Paino [kg]: 1,700; Reik\u00e4-\u00d8 [mm]: 25,4; suurin pituus [mm]: 655; v\u00e4h. pituus [mm]: 418; Pakkauspituus [cm]: 60; Pakkausleveys [cm]: 7,2; Pakkauskorkeus [mm]: 7,2; Tullitariffinumero: 87088035; Tappil\u00e4pimitta [mm]: 11; Asennuspuoli: Hinterachse; VW: GOLF IV 1J1,POLO 9N_,POLO 6R, 6C,FOX 5Z1, 5Z3,BORA 1J2,NEW BEETLE 9C1, 1C1,NEW BEETLE Cabriolet 1Y7,POLO PLAYA,POLO Van 6R,GOLF IV Van 1J1; AUDI: A3 8L1,A2 8Z0; SKODA: FABIA Combi 6Y5,FABIA,FABIA 6Y2,FABIA Combi,OCTAVIA 1U2,FABIA Stufenheck 6Y3,FABIA Praktik; SEAT: IBIZA IV 6L1,LEON 1M1,TOLEDO II 1M2; 1J0513025BL, 1J0513025C, 67113, 6Q0513025AH, 6Q0513025S, 1J0513025AK, 1J0513025AL, 1J0513025BG, 1J0513025BH, 1J0513025BR, 1J0513025BS, 1J0513025F, 1J0513025H, 1J0513025PG, 6Q0513025AH, 6Q0513025S, 1J0513025AK, 1J0513025AL, 1J0513025BF, 1J0513025BG, 1J0513025BH, 1J0513025E, 1J0513025F, 1J0513025H, 1J0513025PG, 54302AV425, 54303AV425, 6Q0513025AD, 6Q0513025AH, 6Q0513025S, 6Q0513031AH, 1J0512011AC, 1J0513025AJ, 1J0513025AK, 1J0513025AL, 1J0513025BB, 1J0513025BF, 1J0513025BG, 1J0513025BH, 1J0513025BL, 1J0513025BR, 1J0513025BS, 1J0513025C, 1J0513025DA, 1J0513025DC, 1J0513025E, 1J0513025F, 1J0513025H, 1J0513025PG, 1J0513031AK, 37031, 37064, 5Z0512011A, 5Z0513025A, 5Z0513025E, 67032, 67033, 67067, 67068, 67069, 67160, 6Q0513025AH, 6Q0513025S, 6R0513025AH, 804900556227, 81401556226; Iskarit,Iskunvaimennin<\/p>\n","protected":false},"excerpt":{"rendered":"<p>MONROE Iskunvaimentimet MONROE ORIGINAL (Gas Technology) 23890 Iskarit,Iskunvaimennin VW,AUDI,SKODA,GOLF IV 1J1,POLO 9N_,POLO 6R, 6C,FOX 5Z1, 5Z3<\/p>\n","protected":false},"featured_media":0,"template":"","meta":{"site-sidebar-layout":"default","site-content-layout":"default","ast-global-header-display":"","ast-main-header-display":"","ast-hfb-above-header-display":"","ast-hfb-below-header-display":"","ast-hfb-mobile-header-display":"","site-post-title":"","ast-breadcrumbs-content":"","ast-featured-img":"","footer-sml-layout":"","theme-transparent-header-meta":"","adv-header-id-meta":"","stick-header-meta":"","header-above-stick-meta":"","header-main-stick-meta":"","header-below-stick-meta":""},"pwb-brand":[79],"product_cat":[80],"product_tag":[],"class_list":{"0":"post-27716","1":"product","2":"type-product","3":"status-publish","5":"pwb-brand-monroe","6":"product_cat-iskunvaimennin","7":"desktop-align-left","8":"tablet-align-left","9":"mobile-align-left","11":"first","12":"instock","13":"product-type-external"},"brands":[{"id":79,"name":"MONROE","slug":"monroe"}],"_links":{"self":[{"href":"https:\/\/www.autonvaraosahaku.fi\/index.php?rest_route=\/wp\/v2\/product\/27716","targetHints":{"allow":["GET"]}}],"collection":[{"href":"https:\/\/www.autonvaraosahaku.fi\/index.php?rest_route=\/wp\/v2\/product"}],"about":[{"href":"https:\/\/www.autonvaraosahaku.fi\/index.php?rest_route=\/wp\/v2\/types\/product"}],"wp:attachment":[{"href":"https:\/\/www.autonvaraosahaku.fi\/index.php?rest_route=%2Fwp%2Fv2%2Fmedia&parent=27716"}],"wp:term":[{"taxonomy":"pwb-brand","embeddable":true,"href":"https:\/\/www.autonvaraosahaku.fi\/index.php?rest_route=%2Fwp%2Fv2%2Fpwb-brand&post=27716"},{"taxonomy":"product_cat","embeddable":true,"href":"https:\/\/www.autonvaraosahaku.fi\/index.php?rest_route=%2Fwp%2Fv2%2Fproduct_cat&post=27716"},{"taxonomy":"product_tag","embeddable":true,"href":"https:\/\/www.autonvaraosahaku.fi\/index.php?rest_route=%2Fwp%2Fv2%2Fproduct_tag&post=27716"}],"curies":[{"name":"wp","href":"https:\/\/api.w.org\/{rel}","templated":true}]}}