{"id":27922,"date":"2021-02-21T15:06:38","date_gmt":"2021-02-21T15:06:38","guid":{"rendered":"https:\/\/www.autonvaraosahaku.fi\/?product=japanparts-fo-w01s-oljynsuodatin"},"modified":"2021-02-21T15:06:38","modified_gmt":"2021-02-21T15:06:38","slug":"japanparts-fo-w01s-oljynsuodatin","status":"publish","type":"product","link":"https:\/\/www.autonvaraosahaku.fi\/?product=japanparts-fo-w01s-oljynsuodatin","title":{"rendered":"JAPANPARTS FO-W01S \u00d6ljynsuodatin"},"content":{"rendered":"<p>Suodatintyyppi: Ruuvattava suodatin; Pituus (mm): 72,5; Ulkol\u00e4pimitta [mm]: 68; Asennusl\u00e4pimitta [mm]: 64; Sis\u00e4kierre (mm): 3\/4 &#8211; 16 UNF; Moottorinumero: CB20; DAEWOO: KALOS KLAS,MATIZ KLYA; SUZUKI: SWIFT IV FZ, NZ,SPLASH,WAGON R+ EM,BALENO Kombi EG,BALENO EG,BALENO Schr\u00e4gheck EG,VITARA LY,SWIFT V AZ,BALENO FW, EW; CHEVROLET: MATIZ M200, M250,AVEO Stufenheck T250, T255; OPEL: AGILA B H08; DAIHATSU: CUORE VII L251,CUORE VIII,TERIOS J2_,TREVIS,SIRION M1,YRV M2,TERIOS J1,HIJET Kasten S85,CUORE IV L501,COPEN L880_, L881_,FEROZA Soft Top F300,MOVE L6, L9,SPORTRAK F300,GRAN MOVE G3,MOVE L6_,CHARADE IV G200, G202,CHARADE III G100, G101, G102,CUORE III L201,CUORE II L80, L81,APPLAUSE II A101,APPLAUSE I A101, A111,CHARADE II G11, G30,CUORE I L55, L60,HIJET Bus S85,CHARADE IV Stufenheck G203,CHARADE I G10,HIJET Bus,HIJET Kasten,CHARADE III Stufenheck G102,SPARCAR Bus S7_,SPARCAR Kasten S7_; PIAGGIO: PORTER Kipper,PORTER Pritsche\/Fahrgestell,PORTER Kasten; INNOCENTI: MINI; 465Q1017950, 1651073013000, 16510A73013000, 16510A73020000, 25183779, 94599006, 96325703, 96565412, 96570765, 1651081403, 16510M82703, 93167825, 1560187101000, 1560187106, 1560187106000, 1560187107, 1560187107000, 1560187204, 1560187204000, 1560187703, 1560187703000, 1560187704, 1560187705, 1560187710, 1560197202, 1560197202000, 1651060B01, 1651073012, 91112084, 91125559, 1651082703, 04708878, 04711189, 4708878, 4711189, 91112084, 91125559, 93167825, 1560187204, 1560187703, 1651060B01, 1651073000000, 1651073012, 1651081403, 1651081420, 1651081420000, 1651082700, 1651082701, 1651082702, 1651082703, 1651082703000, 1651087701, 16510M73010, 16510M73013A, 16510M73040, 16510M76010, 16510M82703, 99000990YJ005, 1560187704, 15601BZ010, 91112084, 91125559, 93167825, 93193705<\/p>\n","protected":false},"excerpt":{"rendered":"<p>JAPANPARTS \u00d6ljynsuodatin FO-W01S  DAEWOO,SUZUKI,CHEVROLET,KALOS KLAS,MATIZ KLYA,SWIFT IV FZ, NZ,SPLASH,WAGON R+ EM,BALENO Kombi EG,BALENO EG<\/p>\n","protected":false},"featured_media":0,"template":"","meta":{"site-sidebar-layout":"default","site-content-layout":"default","ast-global-header-display":"","ast-main-header-display":"","ast-hfb-above-header-display":"","ast-hfb-below-header-display":"","ast-hfb-mobile-header-display":"","site-post-title":"","ast-breadcrumbs-content":"","ast-featured-img":"","footer-sml-layout":"","theme-transparent-header-meta":"","adv-header-id-meta":"","stick-header-meta":"","header-above-stick-meta":"","header-main-stick-meta":"","header-below-stick-meta":""},"pwb-brand":[334],"product_cat":[30],"product_tag":[],"class_list":{"0":"post-27922","1":"product","2":"type-product","3":"status-publish","5":"pwb-brand-japanparts","6":"product_cat-oljynsuodatin","7":"desktop-align-left","8":"tablet-align-left","9":"mobile-align-left","11":"first","12":"instock","13":"product-type-external"},"brands":[{"id":334,"name":"JAPANPARTS","slug":"japanparts"}],"_links":{"self":[{"href":"https:\/\/www.autonvaraosahaku.fi\/index.php?rest_route=\/wp\/v2\/product\/27922","targetHints":{"allow":["GET"]}}],"collection":[{"href":"https:\/\/www.autonvaraosahaku.fi\/index.php?rest_route=\/wp\/v2\/product"}],"about":[{"href":"https:\/\/www.autonvaraosahaku.fi\/index.php?rest_route=\/wp\/v2\/types\/product"}],"wp:attachment":[{"href":"https:\/\/www.autonvaraosahaku.fi\/index.php?rest_route=%2Fwp%2Fv2%2Fmedia&parent=27922"}],"wp:term":[{"taxonomy":"pwb-brand","embeddable":true,"href":"https:\/\/www.autonvaraosahaku.fi\/index.php?rest_route=%2Fwp%2Fv2%2Fpwb-brand&post=27922"},{"taxonomy":"product_cat","embeddable":true,"href":"https:\/\/www.autonvaraosahaku.fi\/index.php?rest_route=%2Fwp%2Fv2%2Fproduct_cat&post=27922"},{"taxonomy":"product_tag","embeddable":true,"href":"https:\/\/www.autonvaraosahaku.fi\/index.php?rest_route=%2Fwp%2Fv2%2Fproduct_tag&post=27922"}],"curies":[{"name":"wp","href":"https:\/\/api.w.org\/{rel}","templated":true}]}}