{"id":27967,"date":"2021-02-21T15:06:47","date_gmt":"2021-02-21T15:06:47","guid":{"rendered":"https:\/\/www.autonvaraosahaku.fi\/?product=ridex-8a0141-ilmansuodatin"},"modified":"2021-02-21T15:06:48","modified_gmt":"2021-02-21T15:06:48","slug":"ridex-8a0141-ilmansuodatin","status":"publish","type":"product","link":"https:\/\/www.autonvaraosahaku.fi\/?product=ridex-8a0141-ilmansuodatin","title":{"rendered":"RIDEX 8A0141 Ilmansuodatin"},"content":{"rendered":"<p>Korkeus (mm): 181,0; Ulkol\u00e4pimitta 1 [mm]: 161,0; Sis\u00e4l\u00e4pimitta 1 [mm]: 100,0; Valmistusvuosi alkaen: 09\/1985; IVECO: DAILY I Pritsche\/Fahrgestell,DAILY I Kasten\/Kombi; FIAT: DUCATO Pritsche\/Fahrgestell 230,DUCATO Bus 230,DUCATO Kasten 290,DUCATO Pritsche\/Fahrgestell 290,DUCATO Kasten 230L,DUCATO Kasten 280,DUCATO Pritsche\/Fahrgestell 280,DUCATO Panorama 280,DUCATO Panorama 290,TALENTO Bus 290,TALENTO Kasten 290,CAMPAGNOLA,ARGENTA 132A; CITRO\u00cbN: C25 Bus 280_, 290_,JUMPER Kasten 230L,JUMPER Bus 230P,JUMPER Pritsche\/Fahrgestell 230; ALFA ROMEO: AR 8 Kasten 280,AR 6 Bus 280,AR 6 Kasten 280,AR 8 Pritsche\/Fahrgestell 280; PEUGEOT: J5 Pritsche\/Fahrgestell 290L,BOXER Kasten 230L,J5 Bus 290P,J5 Kasten 290L,BOXER Bus 230P,BOXER Pritsche\/Fahrgestell ZCT_; TATA (TELCO): LOADBETA; 1444A1, 1384034, 4389435, 5980183, 5983899, 76908, 77269, 8322383, 8322386, 01902457, 01902486, 144409<\/p>\n","protected":false},"excerpt":{"rendered":"<p>RIDEX Ilmansuodatin 8A0141  IVECO,FIAT,CITRO\u00cbN,DAILY I Pritsche\/Fahrgestell,DAILY I Kasten\/Kombi,DUCATO Pritsche\/Fahrgestell 230,DUCATO Bus 230<\/p>\n","protected":false},"featured_media":0,"template":"","meta":{"site-sidebar-layout":"default","site-content-layout":"default","ast-global-header-display":"","ast-main-header-display":"","ast-hfb-above-header-display":"","ast-hfb-below-header-display":"","ast-hfb-mobile-header-display":"","site-post-title":"","ast-breadcrumbs-content":"","ast-featured-img":"","footer-sml-layout":"","theme-transparent-header-meta":"","adv-header-id-meta":"","stick-header-meta":"","header-above-stick-meta":"","header-main-stick-meta":"","header-below-stick-meta":""},"pwb-brand":[157],"product_cat":[31],"product_tag":[],"class_list":{"0":"post-27967","1":"product","2":"type-product","3":"status-publish","5":"pwb-brand-ridex","6":"product_cat-ilmansuodatin","7":"desktop-align-left","8":"tablet-align-left","9":"mobile-align-left","11":"first","12":"instock","13":"product-type-external"},"brands":[{"id":157,"name":"RIDEX","slug":"ridex"}],"_links":{"self":[{"href":"https:\/\/www.autonvaraosahaku.fi\/index.php?rest_route=\/wp\/v2\/product\/27967","targetHints":{"allow":["GET"]}}],"collection":[{"href":"https:\/\/www.autonvaraosahaku.fi\/index.php?rest_route=\/wp\/v2\/product"}],"about":[{"href":"https:\/\/www.autonvaraosahaku.fi\/index.php?rest_route=\/wp\/v2\/types\/product"}],"wp:attachment":[{"href":"https:\/\/www.autonvaraosahaku.fi\/index.php?rest_route=%2Fwp%2Fv2%2Fmedia&parent=27967"}],"wp:term":[{"taxonomy":"pwb-brand","embeddable":true,"href":"https:\/\/www.autonvaraosahaku.fi\/index.php?rest_route=%2Fwp%2Fv2%2Fpwb-brand&post=27967"},{"taxonomy":"product_cat","embeddable":true,"href":"https:\/\/www.autonvaraosahaku.fi\/index.php?rest_route=%2Fwp%2Fv2%2Fproduct_cat&post=27967"},{"taxonomy":"product_tag","embeddable":true,"href":"https:\/\/www.autonvaraosahaku.fi\/index.php?rest_route=%2Fwp%2Fv2%2Fproduct_tag&post=27967"}],"curies":[{"name":"wp","href":"https:\/\/api.w.org\/{rel}","templated":true}]}}