{"id":28600,"date":"2021-02-21T15:59:00","date_gmt":"2021-02-21T15:59:00","guid":{"rendered":"https:\/\/www.autonvaraosahaku.fi\/?product=trw-jgm434t-iskunvaimennin"},"modified":"2021-02-21T15:59:00","modified_gmt":"2021-02-21T15:59:00","slug":"trw-jgm434t-iskunvaimennin","status":"publish","type":"product","link":"https:\/\/www.autonvaraosahaku.fi\/?product=trw-jgm434t-iskunvaimennin","title":{"rendered":"TRW JGM434T Iskunvaimennin"},"content":{"rendered":"<p>Lukum\u00e4\u00e4r\u00e4 akselille: 1; Iskunvaimennin tyyppi: Kaasupaine; Iskunvaimennin malli: Joustintuki; Asennuspuoli: Etuakseli; Iskunvaimennusj\u00e4rjestelm\u00e4: Kaksiputki; Huomioi tekniset tiedot: ; Tuotelinja: TWIN; Alustarakenne: f\u00fcr Fahrzeuge ohne Sportfahrwerk; MERCEDES-BENZ: 190 W201,Stufenheck W124,KOMBI Kombi S124,E-CLASS W124,COUPE C124,E-CLASS Kombi S124,E-CLASS Cabriolet A124,E-CLASS Coupe C124; 1243200130, 1243200730, 1243200830, 1243202030, 1243202130, 1243203030, 1243203430, 1243203630, 1243203730, 1243203830, 1243204030, 1243204130, 1243204230, 1243204330, 1243204830, 1243205030, 1243205130, 1243205230, 1243205530, 1243205630, 1243205730, 1243206030, 1243206430, 1243206630, 1243207130, 1243207430, 1243207730, 2013200230, 2013200630, 2013200730, 2013200830, 2013201330, 2013201430, 2013201630, 2013201730, 2013202230, 2013202330, 2013202730, 2013202830, 2013202930, 2013203030, 2013203130, 2013203230, 2013203330, 2013203430, 2013203630, 2013203730, 2013203830, 2013203930, 2013204130, 2013204430, A1243200130, A1243200730, A1243200830, A1243202030, A1243202130, A1243203030, A1243203430, A1243203630, A1243203730, A1243203830, A1243204030, A1243204130, A1243204230, A1243204330, A1243204830, A1243205030, A1243205130, A1243205230, A1243205530, A1243205630, A1243205730, A1243206030, A1243206430, A1243206630, A1243207130, A1243207430, A1243207730, A2013200230, A2013200630, A20132007&#8230;; Iskarit,Iskunvaimennin<\/p>\n","protected":false},"excerpt":{"rendered":"<p>TRW Iskunvaimentimet JGM434T Iskarit,Iskunvaimennin MERCEDES-BENZ,190 W201,Stufenheck W124,KOMBI Kombi S124,E-CLASS W124,COUPE C124,E-CLASS Kombi S124<\/p>\n","protected":false},"featured_media":0,"template":"","meta":{"site-sidebar-layout":"default","site-content-layout":"default","ast-global-header-display":"","ast-main-header-display":"","ast-hfb-above-header-display":"","ast-hfb-below-header-display":"","ast-hfb-mobile-header-display":"","site-post-title":"","ast-breadcrumbs-content":"","ast-featured-img":"","footer-sml-layout":"","theme-transparent-header-meta":"","adv-header-id-meta":"","stick-header-meta":"","header-above-stick-meta":"","header-main-stick-meta":"","header-below-stick-meta":""},"pwb-brand":[332],"product_cat":[80],"product_tag":[],"class_list":{"0":"post-28600","1":"product","2":"type-product","3":"status-publish","5":"pwb-brand-trw","6":"product_cat-iskunvaimennin","7":"desktop-align-left","8":"tablet-align-left","9":"mobile-align-left","11":"first","12":"instock","13":"product-type-external"},"brands":[{"id":332,"name":"TRW","slug":"trw"}],"_links":{"self":[{"href":"https:\/\/www.autonvaraosahaku.fi\/index.php?rest_route=\/wp\/v2\/product\/28600","targetHints":{"allow":["GET"]}}],"collection":[{"href":"https:\/\/www.autonvaraosahaku.fi\/index.php?rest_route=\/wp\/v2\/product"}],"about":[{"href":"https:\/\/www.autonvaraosahaku.fi\/index.php?rest_route=\/wp\/v2\/types\/product"}],"wp:attachment":[{"href":"https:\/\/www.autonvaraosahaku.fi\/index.php?rest_route=%2Fwp%2Fv2%2Fmedia&parent=28600"}],"wp:term":[{"taxonomy":"pwb-brand","embeddable":true,"href":"https:\/\/www.autonvaraosahaku.fi\/index.php?rest_route=%2Fwp%2Fv2%2Fpwb-brand&post=28600"},{"taxonomy":"product_cat","embeddable":true,"href":"https:\/\/www.autonvaraosahaku.fi\/index.php?rest_route=%2Fwp%2Fv2%2Fproduct_cat&post=28600"},{"taxonomy":"product_tag","embeddable":true,"href":"https:\/\/www.autonvaraosahaku.fi\/index.php?rest_route=%2Fwp%2Fv2%2Fproduct_tag&post=28600"}],"curies":[{"name":"wp","href":"https:\/\/api.w.org\/{rel}","templated":true}]}}