{"id":29287,"date":"2021-02-21T16:01:38","date_gmt":"2021-02-21T16:01:38","guid":{"rendered":"https:\/\/www.autonvaraosahaku.fi\/?product=fa1-732-122-001-kierretulppa"},"modified":"2021-02-21T16:01:40","modified_gmt":"2021-02-21T16:01:40","slug":"fa1-732-122-001-kierretulppa","status":"publish","type":"product","link":"https:\/\/www.autonvaraosahaku.fi\/?product=fa1-732-122-001-kierretulppa","title":{"rendered":"FA1 732.122.001 Kierretulppa"},"content":{"rendered":"<p>Kierremitta: M14x1,5; Pituus (mm): 11; Lis\u00e4ksi tarvittavat tuotteet (tuotenumero): 372.980.100; Valmistusvuoteen: 02\/2013; MAZDA: B-SERIE UF; DAEWOO: KALOS KLAS,MATIZ KLYA,REZZO KLAU,LANOS KLAT,EVANDA KLAL,LACETTI Schr\u00e4gheck KLAN,NUBIRA Stufenheck KLAN,MATIZ Kasten KLA4,KALOS Stufenheck KLAS,NUBIRA Wagon KLAN,NUBIRA Wagon KLAJ,LANOS Stufenheck KLAT,LEGANZA KLAV,NUBIRA Stufenheck KLAJ,NUBIRA KLAJ,TICO KLY3,LACETTI J150  Stufenheck,NEXIA Stufenheck,NUBIRA J150,NUBIRA Kombi J150,NUBIRA Stufenheck J150; SUZUKI: LJ 80,ALTO HA11,ALTO,ALTO SS80,CARRY Kasten ST90V,ALTO CM11, CL11, CP11, CN11, CP21, CN21, CM21, CL21, CS22,; CHEVROLET: CAPTIVA C100, C140,MATIZ M200, M250,SPARK M300,NUBIRA Kombi,CRUZE J300,KALOS,AVEO Schr\u00e4gheck T250, T255,EPICA KL1_,CRUZE Schr\u00e4gheck J305,LACETTI J200,AVEO Stufenheck T250, T255,REZZO,KALOS Stufenheck,EVANDA,NUBIRA Stufenheck,SPARK M200 M250,AVEO Stufenheck T200,EPICA Stufenheck US,SPARK M150,LACETTI Kombi J200,AVEO Schr\u00e4gheck T200,LACETTI Stufenheck; HONDA: CIVIC VII Hatchback EU, EP, EV,CR-V II RD_,ACCORD VII CL,CIVIC VI Hatchback EJ, EK,ACCORD VII Tourer CM,ACCORD VI CG, CK,CIVIC VI Fastback MA, MB,LOGO GA3,CIVIC VI Aerodeck MB, MC,CR-V I RD,CIVIC V Hatchback EG,CIVIC VII Coupe EM2,ACCORD VI Hatchback CH,ACCORD VI Coupe CG,CIVIC IV Hatchback EC, ED, EE,ACCORD V CE, CF,CIVIC VI Stufenheck EJ, EK,PRELUDE IV BB,CIVIC VI Coupe EJ, EM1,SHUTTLE RA,CIVIC V Coupe EJ,CIVIC VII Stufenheck ES,ACCORD IV CB,CIVIC V Stufenheck EG, EH,ACCORD V Aerodeck CE,ACCORD V CC, CD,ACCORD V Coupe CD,CIVIC IV Stufenheck ED,ACCORD III CA,ACCORD IV Aerodeck CB,ACCORD III Aerodeck CA,LEGEND I HS, KA; CHRYSLER: VOYAGER III GS,STRATUS Cabriolet JX,VOYAGER II ES,LE BARON Cabriolet,STRATUS JA,VOYAGER I AS,SEBRING Coupe FJ,LE BARON Coupe,CIRRUS,LE BARON Stufenheck; OPEL: ANTARA; HYUNDAI: GALLOPER I,PORTER Pritsche\/Fahrgestell; VOLVO: V40 Kombi VW,S40 I VS; CITRO\u00cbN: C-CROSSER EP_,C4 AIRCROSS,C-CROSSER ENTERPRISE; 90009PH1000, 0009907417, MD050316, 031137; \u00d6ljytulppa,Kierretulppa, \u00d6ljypohja<\/p>\n","protected":false},"excerpt":{"rendered":"<p>FA1 Kierretulppa 732.122.001 \u00d6ljytulppa,Kierretulppa, \u00d6ljypohja MAZDA,DAEWOO,SUZUKI,B-SERIE UF,KALOS KLAS,MATIZ KLYA,REZZO KLAU,LANOS KLAT,EVANDA KLAL<\/p>\n","protected":false},"featured_media":0,"template":"","meta":{"site-sidebar-layout":"default","site-content-layout":"default","ast-global-header-display":"","ast-main-header-display":"","ast-hfb-above-header-display":"","ast-hfb-below-header-display":"","ast-hfb-mobile-header-display":"","site-post-title":"","ast-breadcrumbs-content":"","ast-featured-img":"","footer-sml-layout":"","theme-transparent-header-meta":"","adv-header-id-meta":"","stick-header-meta":"","header-above-stick-meta":"","header-main-stick-meta":"","header-below-stick-meta":""},"pwb-brand":[39],"product_cat":[40],"product_tag":[],"class_list":{"0":"post-29287","1":"product","2":"type-product","3":"status-publish","5":"pwb-brand-fa1","6":"product_cat-kierretulppa","7":"desktop-align-left","8":"tablet-align-left","9":"mobile-align-left","11":"first","12":"instock","13":"product-type-external"},"brands":[{"id":39,"name":"FA1","slug":"fa1"}],"_links":{"self":[{"href":"https:\/\/www.autonvaraosahaku.fi\/index.php?rest_route=\/wp\/v2\/product\/29287","targetHints":{"allow":["GET"]}}],"collection":[{"href":"https:\/\/www.autonvaraosahaku.fi\/index.php?rest_route=\/wp\/v2\/product"}],"about":[{"href":"https:\/\/www.autonvaraosahaku.fi\/index.php?rest_route=\/wp\/v2\/types\/product"}],"wp:attachment":[{"href":"https:\/\/www.autonvaraosahaku.fi\/index.php?rest_route=%2Fwp%2Fv2%2Fmedia&parent=29287"}],"wp:term":[{"taxonomy":"pwb-brand","embeddable":true,"href":"https:\/\/www.autonvaraosahaku.fi\/index.php?rest_route=%2Fwp%2Fv2%2Fpwb-brand&post=29287"},{"taxonomy":"product_cat","embeddable":true,"href":"https:\/\/www.autonvaraosahaku.fi\/index.php?rest_route=%2Fwp%2Fv2%2Fproduct_cat&post=29287"},{"taxonomy":"product_tag","embeddable":true,"href":"https:\/\/www.autonvaraosahaku.fi\/index.php?rest_route=%2Fwp%2Fv2%2Fproduct_tag&post=29287"}],"curies":[{"name":"wp","href":"https:\/\/api.w.org\/{rel}","templated":true}]}}