{"id":29486,"date":"2021-02-21T16:02:25","date_gmt":"2021-02-21T16:02:25","guid":{"rendered":"https:\/\/www.autonvaraosahaku.fi\/?product=swag-80-93-3499-pyoranpultit"},"modified":"2021-02-21T16:02:26","modified_gmt":"2021-02-21T16:02:26","slug":"swag-80-93-3499-pyoranpultit","status":"publish","type":"product","link":"https:\/\/www.autonvaraosahaku.fi\/?product=swag-80-93-3499-pyoranpultit","title":{"rendered":"SWAG 80 93 3499 Py\u00f6r\u00e4npultit"},"content":{"rendered":"<p>Pituus (mm): 46,6; Ulkokierre [mm]: M12 x 1,5; Kierteen pituus (mm): 29,5; Laatu \/ luokka: 10.9; Runkopituus [mm]: 42; Materiaali: Ter\u00e4s; Pinta: Sinkitetty; Ruuvin pituus ilman p\u00e4\u00e4t\u00e4: 42; Py\u00e4lletyn osan halkaisija [mm]: 14,3; Ruuvikanta-\u00d8 [mm]: 18,3; Paino [kg]: 0,04, 0,04; Asennuspuoli: Hinterachse; SMART: FORFOUR 454; CITRO\u00cbN: C-CROSSER EP_,C4 AIRCROSS,C-CROSSER ENTERPRISE,C-ZERO; PEUGEOT: 4007 GP_,4008,ION; MITSUBISHI: COLT VI Z3_A, Z2_A,SPACE STAR DG_A,ASX GA_W_,OUTLANDER XL II CW_W,CARISMA DA_,OUTLANDER III GG_W, GF_W, ZJ,GRANDIS NA_W,MIRAGE Schr\u00e4gheck,COLT V CJ_, CP_,OUTLANDER I CU_W,LANCER Kombi CS_W,LANCER SPORTBACK CX_A,PAJERO PININ H6_W, H7_W,LANCER Stufenheck CY\/Z_A,CARISMA Stufenheck DA_,GALANT VI Station Wagon EA_,GALANT VI EA_,SPACE WAGON N9_W, N8_W,LANCER Stufenheck CS_A, CT0,COLT IV CA_A,ECLIPSE II D3_A,ECLIPSE I D2_A,SPACE RUNNER N6_W,SPACE RUNNER N1_W, N2_W,COLT III C5_A,LANCER VI CJ-CP_,3000 GT Z16A,COLT PLUS VII Z2_W,ASX Van GA_W_,SIGMA F2_A, F1_A,LANCER V Station Wagon CB_W, CD_W,GALANT IV E3_A,LANCER V CB\/D_A,SPACE WAGON N3_W, N4_W,GALANT IV Stufenheck E3_A,LANCER IV C6_A, C7_A,GALANT V Stufenheck E5_A, E7_A, E8_A,SIGMA Station Wagon F0_W,GALANT V E5_A, E7_A, E8_A,ECLIPSE III D5_A,ECLIPSE Cabriolet D5_A,GALANT III E1_A,LANCER IV Stufenheck C6_A,ECLIPSE IV DK_A,GRANDIS N9_, N8_,SPACE WAGON D0_V\/W,GALANT Stufenheck DJ_, ED_, EF_,FTO Coupe DE_A,SAPPORO III E16; 371428, MA123234, MB303869, MB584329, MB808031, MB891852, MB911495, MB928908, 371428, 4543300120, 4543300120S1, 4543300220, 4543300220S1, 4543500135, 4543500135S1<\/p>\n","protected":false},"excerpt":{"rendered":"<p>SWAG Py\u00f6r\u00e4npultit 80 93 3499  SMART,CITRO\u00cbN,PEUGEOT,FORFOUR 454,C-CROSSER EP_,C4 AIRCROSS,C-CROSSER ENTERPRISE,C-ZERO,4007 GP_,4008,ION<\/p>\n","protected":false},"featured_media":0,"template":"","meta":{"site-sidebar-layout":"default","site-content-layout":"default","ast-global-header-display":"","ast-main-header-display":"","ast-hfb-above-header-display":"","ast-hfb-below-header-display":"","ast-hfb-mobile-header-display":"","site-post-title":"","ast-breadcrumbs-content":"","ast-featured-img":"","footer-sml-layout":"","theme-transparent-header-meta":"","adv-header-id-meta":"","stick-header-meta":"","header-above-stick-meta":"","header-main-stick-meta":"","header-below-stick-meta":""},"pwb-brand":[103],"product_cat":[51],"product_tag":[],"class_list":{"0":"post-29486","1":"product","2":"type-product","3":"status-publish","5":"pwb-brand-swag","6":"product_cat-pyoranpultit","7":"desktop-align-left","8":"tablet-align-left","9":"mobile-align-left","11":"first","12":"instock","13":"product-type-external"},"brands":[{"id":103,"name":"SWAG","slug":"swag"}],"_links":{"self":[{"href":"https:\/\/www.autonvaraosahaku.fi\/index.php?rest_route=\/wp\/v2\/product\/29486","targetHints":{"allow":["GET"]}}],"collection":[{"href":"https:\/\/www.autonvaraosahaku.fi\/index.php?rest_route=\/wp\/v2\/product"}],"about":[{"href":"https:\/\/www.autonvaraosahaku.fi\/index.php?rest_route=\/wp\/v2\/types\/product"}],"wp:attachment":[{"href":"https:\/\/www.autonvaraosahaku.fi\/index.php?rest_route=%2Fwp%2Fv2%2Fmedia&parent=29486"}],"wp:term":[{"taxonomy":"pwb-brand","embeddable":true,"href":"https:\/\/www.autonvaraosahaku.fi\/index.php?rest_route=%2Fwp%2Fv2%2Fpwb-brand&post=29486"},{"taxonomy":"product_cat","embeddable":true,"href":"https:\/\/www.autonvaraosahaku.fi\/index.php?rest_route=%2Fwp%2Fv2%2Fproduct_cat&post=29486"},{"taxonomy":"product_tag","embeddable":true,"href":"https:\/\/www.autonvaraosahaku.fi\/index.php?rest_route=%2Fwp%2Fv2%2Fproduct_tag&post=29486"}],"curies":[{"name":"wp","href":"https:\/\/api.w.org\/{rel}","templated":true}]}}