{"id":29603,"date":"2021-02-21T16:02:52","date_gmt":"2021-02-21T16:02:52","guid":{"rendered":"https:\/\/www.autonvaraosahaku.fi\/?product=topran-109-705-muut-luokat"},"modified":"2021-02-21T16:02:53","modified_gmt":"2021-02-21T16:02:53","slug":"topran-109-705-muut-luokat","status":"publish","type":"product","link":"https:\/\/www.autonvaraosahaku.fi\/?product=topran-109-705-muut-luokat","title":{"rendered":"TOPRAN 109 705 Muut luokat"},"content":{"rendered":"<p>Asennuspuoli: Yl\u00e4puolella, Alla; Korkeus (mm): 15,1; Ulkol\u00e4pimitta [mm]: 23,7; Sis\u00e4l\u00e4pimitta [mm]: 14,1; Vaihteistomalli: K\u00e4sivaihteistolle; V\u00e4ri: Maidonvalkoinen; Materiaali: Muovi; Moottorinumero: ACC; VW: GOLF III 1H1,GOLF III Variant 1H5,CADDY II Kasten 9K9A,POLO CLASSIC 6KV2,VENTO 1H2,CADDY II Kombi 9K9B; SEAT: IBIZA II 6K1,CORDOBA 6K1, 6K2,INCA 6K9; 191711067, 191711067<\/p>\n","protected":false},"excerpt":{"rendered":"<p>TOPRAN Hela, Valitsin\/Siirtotanko 109 705  VW,SEAT,GOLF III 1H1,GOLF III Variant 1H5,CADDY II Kasten 9K9A,POLO CLASSIC 6KV2,VENTO 1H2<\/p>\n","protected":false},"featured_media":0,"template":"","meta":{"site-sidebar-layout":"default","site-content-layout":"default","ast-global-header-display":"","ast-main-header-display":"","ast-hfb-above-header-display":"","ast-hfb-below-header-display":"","ast-hfb-mobile-header-display":"","site-post-title":"","ast-breadcrumbs-content":"","ast-featured-img":"","footer-sml-layout":"","theme-transparent-header-meta":"","adv-header-id-meta":"","stick-header-meta":"","header-above-stick-meta":"","header-main-stick-meta":"","header-below-stick-meta":""},"pwb-brand":[18],"product_cat":[37],"product_tag":[],"class_list":{"0":"post-29603","1":"product","2":"type-product","3":"status-publish","5":"pwb-brand-topran","6":"product_cat-muut-luokat","7":"desktop-align-left","8":"tablet-align-left","9":"mobile-align-left","11":"first","12":"instock","13":"product-type-external"},"brands":[{"id":18,"name":"TOPRAN","slug":"topran"}],"_links":{"self":[{"href":"https:\/\/www.autonvaraosahaku.fi\/index.php?rest_route=\/wp\/v2\/product\/29603","targetHints":{"allow":["GET"]}}],"collection":[{"href":"https:\/\/www.autonvaraosahaku.fi\/index.php?rest_route=\/wp\/v2\/product"}],"about":[{"href":"https:\/\/www.autonvaraosahaku.fi\/index.php?rest_route=\/wp\/v2\/types\/product"}],"wp:attachment":[{"href":"https:\/\/www.autonvaraosahaku.fi\/index.php?rest_route=%2Fwp%2Fv2%2Fmedia&parent=29603"}],"wp:term":[{"taxonomy":"pwb-brand","embeddable":true,"href":"https:\/\/www.autonvaraosahaku.fi\/index.php?rest_route=%2Fwp%2Fv2%2Fpwb-brand&post=29603"},{"taxonomy":"product_cat","embeddable":true,"href":"https:\/\/www.autonvaraosahaku.fi\/index.php?rest_route=%2Fwp%2Fv2%2Fproduct_cat&post=29603"},{"taxonomy":"product_tag","embeddable":true,"href":"https:\/\/www.autonvaraosahaku.fi\/index.php?rest_route=%2Fwp%2Fv2%2Fproduct_tag&post=29603"}],"curies":[{"name":"wp","href":"https:\/\/api.w.org\/{rel}","templated":true}]}}