{"id":29656,"date":"2021-02-21T16:03:01","date_gmt":"2021-02-21T16:03:01","guid":{"rendered":"https:\/\/www.autonvaraosahaku.fi\/?product=japanparts-fc-502s-polttoainesuodatin"},"modified":"2021-02-21T16:03:04","modified_gmt":"2021-02-21T16:03:04","slug":"japanparts-fc-502s-polttoainesuodatin","status":"publish","type":"product","link":"https:\/\/www.autonvaraosahaku.fi\/?product=japanparts-fc-502s-polttoainesuodatin","title":{"rendered":"JAPANPARTS FC-502S Polttoainesuodatin"},"content":{"rendered":"<p>Suodatintyyppi: Ruuvattava suodatin; Pituus (mm): 138; Ulkol\u00e4pimitta [mm]: 98,4; Asennusl\u00e4pimitta [mm]: 73; Sis\u00e4kierre (mm): IN:M20 x 1,5   OUT:M; Rakennemalli: CA14A; MAZDA: 323 F VI BJ,323 P V BA,626 IV Hatchback GE,FAMILIA VI BJ,323 C IV BG,626 IV GE,FAMILIA V BG8,323 III Hatchback BF,626 III GD,FAMILIA IV BG,626 III Hatchback GD,626 III Station Wagon GV,323 III BF,MPV I LV,323 III Station Wagon BW; SUZUKI: GRAND VITARA I FT,VITARA ET, TA; KIA: PREGIO Kasten TB,K2700 SD,PREGIO Bus,K2500 SD; OPEL: CAMPO TF_; HYUNDAI: GALLOPER II JK-01,H-1 Kasten,H-1 \/ STAREX,GALLOPER I,H100 Bus P,H100 Kasten,H100 Pritsche\/Fahrgestell,PORTER Pick-up; DAIHATSU: FOURTRAK F7, F8,TAFT F20,ROCKY Soft Top F7, F8,WILDCAT\/ROCKY F70,WILDCAT\/ROCKY F75; MITSUBISHI: L 200 K7_T, K6_T,PAJERO II V3_W, V2_W, V4_W,L 300 Bus P0_W, P1_W, P2_W,PAJERO SPORT K90,PAJERO I L04_G, L14_G,PAJERO CLASSIC V2_W,L 400 \/ SPACE GEAR Bus PD_W, PC_W, PA_V, PB_V,L 300 Pritsche\/Fahrgestell L03_P,L 300 Kasten L03_P,L 300 Kasten P0_W, P1_W,L 300 Bus LO3_P\/G, L0_2P,PAJERO I Canvas Top L04_G,L 200 K3_T, K2_T, K1_T, K0_T,PAJERO II Canvas Top V2_W, V4_W,COLT II C1_A,LANCER III Station Wagon C1_V, C3_V,L 400 Kasten PD_W, PC_W, PB_V, PA_W, PA_V,GALANT II A16_,L 300 Pritsche\/Fahrgestell P1_T,LANCER III C1_A, C6_A,GALANT II Station Wagon A16_V; BEDFORD: MIDI Kasten; ISUZU: TROOPER UBS,TROOPER Soft Top UBS,TROOPER UB,CAMPO KB,MIDI Bus 94000, 98000,MIDI Kasten 98000N,TROOPER Soft Top UB,MIDI Van 94000, 98000,N (5th Generation); 145623570A, 145623570A9A, 2330387308, 2330387309, R20115101B, RF8313ZA5, 31390H1000, 3194542000, 3197344000, 3197344001, 3197344001HY, 3197344100, 3197344100HY, 3197344101, 31973H1000, 3197444111, 3198143000, 893156634, 8941773270, 8942480700, 8943692990, 8943692993, 94369299, 4318265, 0K46723570, 0K60C23570, K46723570, 3197344001, 3446201040, 3446201041, MB129675, MB220900, MD220900, XB220900, 00818511, 04300019, 0818511, 094248070, 4300019, 818506, 818511, 93156943, 94248070, 94369299, 2271501000, 1541078E01, 1541178E00, 1541178E00000, 1541178E01000, 1541178E10, 1541178EU0, 93156634, 93156943, 94248070<\/p>\n","protected":false},"excerpt":{"rendered":"<p>JAPANPARTS Polttoainesuodatin FC-502S  MAZDA,SUZUKI,KIA,323 F VI BJ,323 P V BA,626 IV Hatchback GE,FAMILIA VI BJ,323 C IV BG,626 IV GE,FAMILIA V BG8<\/p>\n","protected":false},"featured_media":0,"template":"","meta":{"site-sidebar-layout":"default","site-content-layout":"default","ast-global-header-display":"","ast-main-header-display":"","ast-hfb-above-header-display":"","ast-hfb-below-header-display":"","ast-hfb-mobile-header-display":"","site-post-title":"","ast-breadcrumbs-content":"","ast-featured-img":"","footer-sml-layout":"","theme-transparent-header-meta":"","adv-header-id-meta":"","stick-header-meta":"","header-above-stick-meta":"","header-main-stick-meta":"","header-below-stick-meta":""},"pwb-brand":[334],"product_cat":[29],"product_tag":[],"class_list":{"0":"post-29656","1":"product","2":"type-product","3":"status-publish","5":"pwb-brand-japanparts","6":"product_cat-polttoainesuodatin","7":"desktop-align-left","8":"tablet-align-left","9":"mobile-align-left","11":"first","12":"instock","13":"product-type-external"},"brands":[{"id":334,"name":"JAPANPARTS","slug":"japanparts"}],"_links":{"self":[{"href":"https:\/\/www.autonvaraosahaku.fi\/index.php?rest_route=\/wp\/v2\/product\/29656","targetHints":{"allow":["GET"]}}],"collection":[{"href":"https:\/\/www.autonvaraosahaku.fi\/index.php?rest_route=\/wp\/v2\/product"}],"about":[{"href":"https:\/\/www.autonvaraosahaku.fi\/index.php?rest_route=\/wp\/v2\/types\/product"}],"wp:attachment":[{"href":"https:\/\/www.autonvaraosahaku.fi\/index.php?rest_route=%2Fwp%2Fv2%2Fmedia&parent=29656"}],"wp:term":[{"taxonomy":"pwb-brand","embeddable":true,"href":"https:\/\/www.autonvaraosahaku.fi\/index.php?rest_route=%2Fwp%2Fv2%2Fpwb-brand&post=29656"},{"taxonomy":"product_cat","embeddable":true,"href":"https:\/\/www.autonvaraosahaku.fi\/index.php?rest_route=%2Fwp%2Fv2%2Fproduct_cat&post=29656"},{"taxonomy":"product_tag","embeddable":true,"href":"https:\/\/www.autonvaraosahaku.fi\/index.php?rest_route=%2Fwp%2Fv2%2Fproduct_tag&post=29656"}],"curies":[{"name":"wp","href":"https:\/\/api.w.org\/{rel}","templated":true}]}}