{"id":29801,"date":"2021-02-21T16:03:39","date_gmt":"2021-02-21T16:03:39","guid":{"rendered":"https:\/\/www.autonvaraosahaku.fi\/?product=magneti-marelli-062000739304-sytytystulpat"},"modified":"2021-02-21T16:03:40","modified_gmt":"2021-02-21T16:03:40","slug":"magneti-marelli-062000739304-sytytystulpat","status":"publish","type":"product","link":"https:\/\/www.autonvaraosahaku.fi\/?product=magneti-marelli-062000739304-sytytystulpat","title":{"rendered":"MAGNETI MARELLI 062000739304 Sytytystulpat"},"content":{"rendered":"<p>Sytytystulppa: 1-maaelektroodi, Vastuksella; K\u00e4rkiv\u00e4li (mm): 0,6; Kierremitta: M14; Kierteen pituus (mm): 19; Avainv\u00e4li: 20,8; Korvaava tuote\/korvaava tiedote 2: suoralla istukalla; TECDOC-moottorinumero: 5170; VW: GOLF II 19E, 1G1,GOLF I Cabriolet 155,POLO 86C, 80,POLO Coupe 86C, 80,SCIROCCO 53B,LT 28-35 I Kasten 281-363,GOLF I 17,LT 28-35 I Bus 281-363,CADDY I 14,JETTA II 19E, 1G2, 165,PASSAT Variant 32B,POLO CLASSIC 86C, 80,LT 28-35 I Pritsche\/Fahrgestell 281-363,PASSAT 32B,LT 40-55 I Pritsche\/Fahrgestell 293-909,POLO 86,SCIROCCO 53,ILTIS 183,JETTA I 16,DERBY 86C, 80,PASSAT 32,LT 40-55 I Kasten 291-512,DERBY 86,PASSAT Variant 33,SANTANA 32B; AUDI: 100 44, 44Q, C3,80 81, 85, B2,100 Avant 44, 44Q, C3,COUPE 81, 85,80 80, 82, B1,100 C1,100 43, C2,50 86,100 Avant 43, C2,SUPER 90; NISSAN: SUNNY II Coupe B12,PICK UP 720; LADA: NIVA 2121,1200-1600,1200-1500 Kombi,SAMARA 2108, 2109, 2115, 2113, 2114,NOVA 2105,TOSCANA 2107,NOVA Kombi 2104,SAMARA Stufenheck 21099, 2115; SEAT: IBIZA I 021A,127 127A,124,133,131,124 Kombi,850,128,RONDA 022A,PANDA 141A,RITMO 138; MERCEDES-BENZ: SL R107,Stufenheck W123,S-CLASS W126,G-CLASS W463,G-CLASS W460,COUPE C123,S-CLASS W108, W109,S-CLASS W116,S-CLASS Coupe C126,KOMBI Kombi S123,T1 Bus 601,SL Coupe C107,HECKFLOSSE W111, W112; LAND ROVER: 90\/110 DHMC; SUBARU: LEONE II Station Wagon,LEONE II,LEONE I Hatchback,LEONE I Station Wagon,LEONE I AB; LANCIA: DELTA II 836; OPEL: REKORD D,REKORD D Caravan; 46229251, 60504563, 7554442, 46229251, 60504563, 7554442, 12121338142, 12121338145, 1338142, 1338145, 04886206, 596213, 596216, 596282, 5962A2, 95619043, 7700553622, 7700724821, 7700824821, 7701366086, 7701366269, 7701366516, 7701414025, 9004851005, 9004851034000, 9004851034010, 9004851035, 9004851055, 9004851055000, 9004851056, 9004851069, 9952001236, 9952001236111, 04886206, 46229251, 60504563, 7554442, 46229251, 60504563, 7554442, 5029052, 5099782, 92OF12405YA, 930X12405AA, 4238208, 9807956811, 9807956821, 98079568211H, 9807956831, 980795683101, 980795683102, 9807956841, 9807956851, 980795685103, 9807956854, 980795685400, 9807956871H0, 9817956841, 0025918110, 22401V0516, 22401W8916, 22401W8986, 22401W8986PC, 22401W8991, 22401Y9266, B2401W8916, 5813800060, 5813800080, 9825131030, 0025918110, 2101370700060, 46229251, 60504563, 7554442, RTC3812, 0419534150, 9009820695, 9009870043, 46229251, 60504563, 7554442, 0021592403, 0021592803, 0021594103, 0021594203, A0021592403, A0021592803, A&#8230;; Tulpat,Sytytystulppa<\/p>\n","protected":false},"excerpt":{"rendered":"<p>MAGNETI MARELLI Sytytystulpat 062000739304 Tulpat,Sytytystulppa VW,AUDI,NISSAN,GOLF II 19E, 1G1,GOLF I Cabriolet 155,POLO 86C, 80,POLO Coupe 86C, 80<\/p>\n","protected":false},"featured_media":0,"template":"","meta":{"site-sidebar-layout":"default","site-content-layout":"default","ast-global-header-display":"","ast-main-header-display":"","ast-hfb-above-header-display":"","ast-hfb-below-header-display":"","ast-hfb-mobile-header-display":"","site-post-title":"","ast-breadcrumbs-content":"","ast-featured-img":"","footer-sml-layout":"","theme-transparent-header-meta":"","adv-header-id-meta":"","stick-header-meta":"","header-above-stick-meta":"","header-main-stick-meta":"","header-below-stick-meta":""},"pwb-brand":[34],"product_cat":[165],"product_tag":[],"class_list":{"0":"post-29801","1":"product","2":"type-product","3":"status-publish","5":"pwb-brand-magneti-marelli","6":"product_cat-sytytystulpat","7":"desktop-align-left","8":"tablet-align-left","9":"mobile-align-left","11":"first","12":"instock","13":"product-type-external"},"brands":[{"id":34,"name":"MAGNETI MARELLI","slug":"magneti-marelli"}],"_links":{"self":[{"href":"https:\/\/www.autonvaraosahaku.fi\/index.php?rest_route=\/wp\/v2\/product\/29801","targetHints":{"allow":["GET"]}}],"collection":[{"href":"https:\/\/www.autonvaraosahaku.fi\/index.php?rest_route=\/wp\/v2\/product"}],"about":[{"href":"https:\/\/www.autonvaraosahaku.fi\/index.php?rest_route=\/wp\/v2\/types\/product"}],"wp:attachment":[{"href":"https:\/\/www.autonvaraosahaku.fi\/index.php?rest_route=%2Fwp%2Fv2%2Fmedia&parent=29801"}],"wp:term":[{"taxonomy":"pwb-brand","embeddable":true,"href":"https:\/\/www.autonvaraosahaku.fi\/index.php?rest_route=%2Fwp%2Fv2%2Fpwb-brand&post=29801"},{"taxonomy":"product_cat","embeddable":true,"href":"https:\/\/www.autonvaraosahaku.fi\/index.php?rest_route=%2Fwp%2Fv2%2Fproduct_cat&post=29801"},{"taxonomy":"product_tag","embeddable":true,"href":"https:\/\/www.autonvaraosahaku.fi\/index.php?rest_route=%2Fwp%2Fv2%2Fproduct_tag&post=29801"}],"curies":[{"name":"wp","href":"https:\/\/api.w.org\/{rel}","templated":true}]}}