{"id":29992,"date":"2021-02-21T16:04:20","date_gmt":"2021-02-21T16:04:20","guid":{"rendered":"https:\/\/www.autonvaraosahaku.fi\/?product=japanparts-fa-523s-ilmansuodatin"},"modified":"2021-02-21T16:04:23","modified_gmt":"2021-02-21T16:04:23","slug":"japanparts-fa-523s-ilmansuodatin","status":"publish","type":"product","link":"https:\/\/www.autonvaraosahaku.fi\/?product=japanparts-fa-523s-ilmansuodatin","title":{"rendered":"JAPANPARTS FA-523S Ilmansuodatin"},"content":{"rendered":"<p>Korkeus (mm): 196; Ulkol\u00e4pimitta [mm]: 158; Ulkol\u00e4pimitta 1 [mm]: 155; Sis\u00e4l\u00e4pimitta [mm]: 88,5; Sis\u00e4l\u00e4pimitta 1 [mm]: 14,3; Moottorinumero: 4D56TDI; DAIHATSU: FOURTRAK F7, F8,ROCKY Soft Top F7, F8; MITSUBISHI: L 200 K7_T, K6_T,PAJERO SPORT K90,PAJERO CLASSIC V2_W,L 200 K3_T, K2_T, K1_T, K0_T; 8911333690, 8942320590, 4317380, MD620563, MR239466, MR323949, MZ311786, XD620563, XR239466, XR323949, 1780131050, 1780131058, 1780154080, 1780154120, 1780187303, 1780187304, 1780194050, 1780194059, 1780194232, 4292431<\/p>\n","protected":false},"excerpt":{"rendered":"<p>JAPANPARTS Ilmansuodatin FA-523S  DAIHATSU,MITSUBISHI,FOURTRAK F7, F8,ROCKY Soft Top F7, F8,L 200 K7_T, K6_T,PAJERO SPORT K90,PAJERO CLASSIC V2_W<\/p>\n","protected":false},"featured_media":0,"template":"","meta":{"site-sidebar-layout":"default","site-content-layout":"default","ast-global-header-display":"","ast-main-header-display":"","ast-hfb-above-header-display":"","ast-hfb-below-header-display":"","ast-hfb-mobile-header-display":"","site-post-title":"","ast-breadcrumbs-content":"","ast-featured-img":"","footer-sml-layout":"","theme-transparent-header-meta":"","adv-header-id-meta":"","stick-header-meta":"","header-above-stick-meta":"","header-main-stick-meta":"","header-below-stick-meta":""},"pwb-brand":[334],"product_cat":[31],"product_tag":[],"class_list":{"0":"post-29992","1":"product","2":"type-product","3":"status-publish","5":"pwb-brand-japanparts","6":"product_cat-ilmansuodatin","7":"desktop-align-left","8":"tablet-align-left","9":"mobile-align-left","11":"first","12":"instock","13":"product-type-external"},"brands":[{"id":334,"name":"JAPANPARTS","slug":"japanparts"}],"_links":{"self":[{"href":"https:\/\/www.autonvaraosahaku.fi\/index.php?rest_route=\/wp\/v2\/product\/29992","targetHints":{"allow":["GET"]}}],"collection":[{"href":"https:\/\/www.autonvaraosahaku.fi\/index.php?rest_route=\/wp\/v2\/product"}],"about":[{"href":"https:\/\/www.autonvaraosahaku.fi\/index.php?rest_route=\/wp\/v2\/types\/product"}],"wp:attachment":[{"href":"https:\/\/www.autonvaraosahaku.fi\/index.php?rest_route=%2Fwp%2Fv2%2Fmedia&parent=29992"}],"wp:term":[{"taxonomy":"pwb-brand","embeddable":true,"href":"https:\/\/www.autonvaraosahaku.fi\/index.php?rest_route=%2Fwp%2Fv2%2Fpwb-brand&post=29992"},{"taxonomy":"product_cat","embeddable":true,"href":"https:\/\/www.autonvaraosahaku.fi\/index.php?rest_route=%2Fwp%2Fv2%2Fproduct_cat&post=29992"},{"taxonomy":"product_tag","embeddable":true,"href":"https:\/\/www.autonvaraosahaku.fi\/index.php?rest_route=%2Fwp%2Fv2%2Fproduct_tag&post=29992"}],"curies":[{"name":"wp","href":"https:\/\/api.w.org\/{rel}","templated":true}]}}