{"id":30007,"date":"2021-02-21T16:04:25","date_gmt":"2021-02-21T16:04:25","guid":{"rendered":"https:\/\/www.autonvaraosahaku.fi\/?product=febi-bilstein-13438-sytytystulpat"},"modified":"2021-02-21T16:04:26","modified_gmt":"2021-02-21T16:04:26","slug":"febi-bilstein-13438-sytytystulpat","status":"publish","type":"product","link":"https:\/\/www.autonvaraosahaku.fi\/?product=febi-bilstein-13438-sytytystulpat","title":{"rendered":"FEBI BILSTEIN 13438 Sytytystulpat"},"content":{"rendered":"<p>Ulkokierre [mm]: M14 x 1,25; Kierteen pituus (mm): 17,5; Avainv\u00e4li: 16; K\u00e4rkiv\u00e4li (mm): 0,7; Sytytystulppa: kartioistukalla, 1-maaelektroodi, 1-maaelektroodi; Moottorinumero: M102; MERCEDES-BENZ: 190 W201,Stufenheck W124,Stufenheck W123,S-CLASS W126,KOMBI Kombi S124,G-CLASS W463,COUPE C124,G-CLASS W460,COUPE C123,S-CLASS W108, W109,KOMBI Kombi S123,T1 Bus 601,T1 Pritsche\/Fahrgestell 602,T1 Pritsche\/Fahrgestell 601,T2\/LN1 Kasten\/Kombi,T1 Kasten 601,T1\/TN Pritsche\/Fahrgestell,G-CLASS Cabrio W463,T2\/LN1 Pritsche\/Fahrgestell; CITRO\u00cbN: BX XB-_,CX I MA,BX Break XB-_,C15 VD-_,VISA Cabriolet,CX II Break,CX I Break MA,OLTCIT; PEUGEOT: 205 II 20A\/C,205 I 741A\/C,309 I 10C, 10A,504 Coupe,204,305 II 581M,604 561A_,305 II Break 581E,205 Kasten,305 I 581A,204 Break,305 I Break 581D; RENAULT: TRAFIC Kasten TXX,TRAFIC Bus TXW,SAFRANE I B54_,21 Stufenheck L48_,21 Kombi K48_,21 B48_,MASTER I Bus T__,TRAFIC Pritsche\/Fahrgestell PXX; 91517008, 0021593503, 0021593603, 0021593703, 0021594903, 0021595603, 0021596603, 0031590603, 0031592303, 0031593503, 1021590003, 1021590103, 1031590001, 1031590003, A0021593503, A0021593603, A0021593703, A0021594903, A0021595603, A0021596603, A0031590603, A0031592303, A0031593503, A1021590003, A1021590103, A1031590001, A1031590003, HWA0011590103, HWA0011590203, 596205, 596209, 596214, 596215, 596248, 596261, 596263, 596272, 596287, 5962A6, 5962A7, 5962K9, 5962L2, 95611941, 7700268704, 7700500072, 7700722095, 7700737458, 7700745340, 7700855918, 7701021767, 7701041215, 7701366137, 7701366270, 7701366514, 7701414038, 7910245703, 101000015AA, N10125105; Tulpat,Sytytystulppa<\/p>\n","protected":false},"excerpt":{"rendered":"<p>FEBI BILSTEIN Sytytystulpat 13438 Tulpat,Sytytystulppa MERCEDES-BENZ,CITRO\u00cbN,PEUGEOT,190 W201,Stufenheck W124,Stufenheck W123,S-CLASS W126<\/p>\n","protected":false},"featured_media":0,"template":"","meta":{"site-sidebar-layout":"default","site-content-layout":"default","ast-global-header-display":"","ast-main-header-display":"","ast-hfb-above-header-display":"","ast-hfb-below-header-display":"","ast-hfb-mobile-header-display":"","site-post-title":"","ast-breadcrumbs-content":"","ast-featured-img":"","footer-sml-layout":"","theme-transparent-header-meta":"","adv-header-id-meta":"","stick-header-meta":"","header-above-stick-meta":"","header-main-stick-meta":"","header-below-stick-meta":""},"pwb-brand":[50],"product_cat":[165],"product_tag":[],"class_list":{"0":"post-30007","1":"product","2":"type-product","3":"status-publish","5":"pwb-brand-febi-bilstein","6":"product_cat-sytytystulpat","7":"desktop-align-left","8":"tablet-align-left","9":"mobile-align-left","11":"first","12":"instock","13":"product-type-external"},"brands":[{"id":50,"name":"FEBI BILSTEIN","slug":"febi-bilstein"}],"_links":{"self":[{"href":"https:\/\/www.autonvaraosahaku.fi\/index.php?rest_route=\/wp\/v2\/product\/30007","targetHints":{"allow":["GET"]}}],"collection":[{"href":"https:\/\/www.autonvaraosahaku.fi\/index.php?rest_route=\/wp\/v2\/product"}],"about":[{"href":"https:\/\/www.autonvaraosahaku.fi\/index.php?rest_route=\/wp\/v2\/types\/product"}],"wp:attachment":[{"href":"https:\/\/www.autonvaraosahaku.fi\/index.php?rest_route=%2Fwp%2Fv2%2Fmedia&parent=30007"}],"wp:term":[{"taxonomy":"pwb-brand","embeddable":true,"href":"https:\/\/www.autonvaraosahaku.fi\/index.php?rest_route=%2Fwp%2Fv2%2Fpwb-brand&post=30007"},{"taxonomy":"product_cat","embeddable":true,"href":"https:\/\/www.autonvaraosahaku.fi\/index.php?rest_route=%2Fwp%2Fv2%2Fproduct_cat&post=30007"},{"taxonomy":"product_tag","embeddable":true,"href":"https:\/\/www.autonvaraosahaku.fi\/index.php?rest_route=%2Fwp%2Fv2%2Fproduct_tag&post=30007"}],"curies":[{"name":"wp","href":"https:\/\/api.w.org\/{rel}","templated":true}]}}