{"id":30031,"date":"2021-02-21T16:04:29","date_gmt":"2021-02-21T16:04:29","guid":{"rendered":"https:\/\/www.autonvaraosahaku.fi\/?product=skf-vkjc-8680-vetoakseli"},"modified":"2021-02-21T16:04:32","modified_gmt":"2021-02-21T16:04:32","slug":"skf-vkjc-8680-vetoakseli","status":"publish","type":"product","link":"https:\/\/www.autonvaraosahaku.fi\/?product=skf-vkjc-8680-vetoakseli","title":{"rendered":"SKF VKJC 8680 Vetoakseli"},"content":{"rendered":"<p>Pituus (mm): 465; Reik\u00e4-\u00d8 [mm]: 10,5; Kierremitta: M16x1.5; Ulkohammastus, py\u00f6r\u00e4npuoli: 42; Tiivisteen l\u00e4pimitta [mm]: 59,5; Reikien m\u00e4\u00e4r\u00e4: 6; Reik\u00e4ympyr\u00e4-\u00d8 [mm]: 104; Uusi osa: ; Nivelen l\u00e4pimitta py\u00f6r\u00e4puoli [mm]: 100,4; Nivelen l\u00e4pimitta vaihteistopuoli [mm]: 83,6; Moottorinumero: CFSA; AUDI: A4 Avant 8K5, B8,A4 8K2, B8,A5 8T3,A5 Sportback 8TA,A4 Allroad 8KH, B8,A5 Cabriolet 8F7; 8K0407271AH, 8K0407271AJ, 8K0407271AK, 8K0407271D, 8K0407271E, 8K0407271Q, 8K0407271R, 8K0407271S, 8K0407451AV, 8K0407451AX, 8K0407451DX, 8K0407451EX, 8K0407451GX, 8K0407451HX, 8K0407451KX, 8K0407451LX, 8K0407271AK, 8K0407271E, 8K0407271S, 8K0407451EX, 8K0407271AK, 8K0407271E, 8K0407271S, 8K0407451EX, 8K0407271AK, 8K0407271E, 8K0407271S, 8K0407451EX<\/p>\n","protected":false},"excerpt":{"rendered":"<p>SKF Vetoakseli VKJC 8680  AUDI,A4 Avant 8K5, B8,A4 8K2, B8,A5 8T3,A5 Sportback 8TA,A4 Allroad 8KH, B8,A5 Cabriolet 8F7<\/p>\n","protected":false},"featured_media":0,"template":"","meta":{"site-sidebar-layout":"default","site-content-layout":"default","ast-global-header-display":"","ast-main-header-display":"","ast-hfb-above-header-display":"","ast-hfb-below-header-display":"","ast-hfb-mobile-header-display":"","site-post-title":"","ast-breadcrumbs-content":"","ast-featured-img":"","footer-sml-layout":"","theme-transparent-header-meta":"","adv-header-id-meta":"","stick-header-meta":"","header-above-stick-meta":"","header-main-stick-meta":"","header-below-stick-meta":""},"pwb-brand":[237],"product_cat":[215],"product_tag":[],"class_list":{"0":"post-30031","1":"product","2":"type-product","3":"status-publish","5":"pwb-brand-skf","6":"product_cat-vetoakseli","7":"desktop-align-left","8":"tablet-align-left","9":"mobile-align-left","11":"first","12":"instock","13":"product-type-external"},"brands":[{"id":237,"name":"SKF","slug":"skf"}],"_links":{"self":[{"href":"https:\/\/www.autonvaraosahaku.fi\/index.php?rest_route=\/wp\/v2\/product\/30031","targetHints":{"allow":["GET"]}}],"collection":[{"href":"https:\/\/www.autonvaraosahaku.fi\/index.php?rest_route=\/wp\/v2\/product"}],"about":[{"href":"https:\/\/www.autonvaraosahaku.fi\/index.php?rest_route=\/wp\/v2\/types\/product"}],"wp:attachment":[{"href":"https:\/\/www.autonvaraosahaku.fi\/index.php?rest_route=%2Fwp%2Fv2%2Fmedia&parent=30031"}],"wp:term":[{"taxonomy":"pwb-brand","embeddable":true,"href":"https:\/\/www.autonvaraosahaku.fi\/index.php?rest_route=%2Fwp%2Fv2%2Fpwb-brand&post=30031"},{"taxonomy":"product_cat","embeddable":true,"href":"https:\/\/www.autonvaraosahaku.fi\/index.php?rest_route=%2Fwp%2Fv2%2Fproduct_cat&post=30031"},{"taxonomy":"product_tag","embeddable":true,"href":"https:\/\/www.autonvaraosahaku.fi\/index.php?rest_route=%2Fwp%2Fv2%2Fproduct_tag&post=30031"}],"curies":[{"name":"wp","href":"https:\/\/api.w.org\/{rel}","templated":true}]}}