{"id":30914,"date":"2021-02-21T16:07:54","date_gmt":"2021-02-21T16:07:54","guid":{"rendered":"https:\/\/www.autonvaraosahaku.fi\/?product=pierburg-7-00376-04-0-kaasulappakotelo"},"modified":"2021-02-21T16:07:56","modified_gmt":"2021-02-21T16:07:56","slug":"pierburg-7-00376-04-0-kaasulappakotelo","status":"publish","type":"product","link":"https:\/\/www.autonvaraosahaku.fi\/?product=pierburg-7-00376-04-0-kaasulappakotelo","title":{"rendered":"PIERBURG 7.00376.04.0 Kaasul\u00e4pp\u00e4kotelo"},"content":{"rendered":"<p>K\u00e4ytt\u00f6: S\u00e4hk\u00f6inen; L\u00e4pimitta [mm]: 54; J\u00e4nnite (V): 12; Teknisten tietojen numero: SI 0092; TECDOC-moottorinumero: 27267; BMW: 3 Touring E91,3 E90,5 E60,1 E87,5 Touring E61,X3 E83,X5 E70,X5 E53,3 Coupe E92,3 Cabriolet E93,7 E65, E66, E67,X6 E71, E72,6 E63,6 Cabriolet E64; 11717791481, 11717804384, 7791481, 7804384<\/p>\n","protected":false},"excerpt":{"rendered":"<p>PIERBURG Ohjainl\u00e4pp\u00e4, Ilmankierto 7.00376.04.0  BMW,3 Touring E91,3 E90,5 E60,1 E87,5 Touring E61,X3 E83,X5 E70,X5 E53,3 Coupe E92,3 Cabriolet E93<\/p>\n","protected":false},"featured_media":0,"template":"","meta":{"site-sidebar-layout":"default","site-content-layout":"default","ast-global-header-display":"","ast-main-header-display":"","ast-hfb-above-header-display":"","ast-hfb-below-header-display":"","ast-hfb-mobile-header-display":"","site-post-title":"","ast-breadcrumbs-content":"","ast-featured-img":"","footer-sml-layout":"","theme-transparent-header-meta":"","adv-header-id-meta":"","stick-header-meta":"","header-above-stick-meta":"","header-main-stick-meta":"","header-below-stick-meta":""},"pwb-brand":[380],"product_cat":[277],"product_tag":[],"class_list":{"0":"post-30914","1":"product","2":"type-product","3":"status-publish","5":"pwb-brand-pierburg","6":"product_cat-kaasulappakotelo","7":"desktop-align-left","8":"tablet-align-left","9":"mobile-align-left","11":"first","12":"instock","13":"product-type-external"},"brands":[{"id":380,"name":"PIERBURG","slug":"pierburg"}],"_links":{"self":[{"href":"https:\/\/www.autonvaraosahaku.fi\/index.php?rest_route=\/wp\/v2\/product\/30914","targetHints":{"allow":["GET"]}}],"collection":[{"href":"https:\/\/www.autonvaraosahaku.fi\/index.php?rest_route=\/wp\/v2\/product"}],"about":[{"href":"https:\/\/www.autonvaraosahaku.fi\/index.php?rest_route=\/wp\/v2\/types\/product"}],"wp:attachment":[{"href":"https:\/\/www.autonvaraosahaku.fi\/index.php?rest_route=%2Fwp%2Fv2%2Fmedia&parent=30914"}],"wp:term":[{"taxonomy":"pwb-brand","embeddable":true,"href":"https:\/\/www.autonvaraosahaku.fi\/index.php?rest_route=%2Fwp%2Fv2%2Fpwb-brand&post=30914"},{"taxonomy":"product_cat","embeddable":true,"href":"https:\/\/www.autonvaraosahaku.fi\/index.php?rest_route=%2Fwp%2Fv2%2Fproduct_cat&post=30914"},{"taxonomy":"product_tag","embeddable":true,"href":"https:\/\/www.autonvaraosahaku.fi\/index.php?rest_route=%2Fwp%2Fv2%2Fproduct_tag&post=30914"}],"curies":[{"name":"wp","href":"https:\/\/api.w.org\/{rel}","templated":true}]}}