{"id":31011,"date":"2021-02-21T16:08:17","date_gmt":"2021-02-21T16:08:17","guid":{"rendered":"https:\/\/www.autonvaraosahaku.fi\/?product=denso-iw27-sytytystulpat"},"modified":"2021-02-21T16:08:19","modified_gmt":"2021-02-21T16:08:19","slug":"denso-iw27-sytytystulpat","status":"publish","type":"product","link":"https:\/\/www.autonvaraosahaku.fi\/?product=denso-iw27-sytytystulpat","title":{"rendered":"DENSO IW27 Sytytystulpat"},"content":{"rendered":"<p>L\u00e4pimitta [mm]: 14; Avainv\u00e4li: 20.6; Kiristysmomentti: 22; Paino [g]: 56; Sytytystulppa: 1-maaelektroodi; Kierre 1: 19; Tuotelinja: Iridium Power; Tarvittava kappalem\u00e4\u00e4r\u00e4: 6; PORSCHE: 911,911 Targa,911 Cabriolet; 99906910X9013, 9807959644, 0000109GV, MZ602036, BY480BPR9E, 7700565155, 0948200162, 0948200209, 0948200241, 0948200241111, 0948200405, 0948200500, 9900069835BR9, 9900079A3727E, 9900079A3727R, 9900079K24IW7; Tulpat,Sytytystulppa<\/p>\n","protected":false},"excerpt":{"rendered":"<p>DENSO Sytytystulpat IW27 Tulpat,Sytytystulppa PORSCHE,911,911 Targa,911 Cabriolet<\/p>\n","protected":false},"featured_media":0,"template":"","meta":{"site-sidebar-layout":"default","site-content-layout":"default","ast-global-header-display":"","ast-main-header-display":"","ast-hfb-above-header-display":"","ast-hfb-below-header-display":"","ast-hfb-mobile-header-display":"","site-post-title":"","ast-breadcrumbs-content":"","ast-featured-img":"","footer-sml-layout":"","theme-transparent-header-meta":"","adv-header-id-meta":"","stick-header-meta":"","header-above-stick-meta":"","header-main-stick-meta":"","header-below-stick-meta":""},"pwb-brand":[278],"product_cat":[165],"product_tag":[],"class_list":{"0":"post-31011","1":"product","2":"type-product","3":"status-publish","5":"pwb-brand-denso","6":"product_cat-sytytystulpat","7":"desktop-align-left","8":"tablet-align-left","9":"mobile-align-left","11":"first","12":"instock","13":"product-type-external"},"brands":[{"id":278,"name":"DENSO","slug":"denso"}],"_links":{"self":[{"href":"https:\/\/www.autonvaraosahaku.fi\/index.php?rest_route=\/wp\/v2\/product\/31011","targetHints":{"allow":["GET"]}}],"collection":[{"href":"https:\/\/www.autonvaraosahaku.fi\/index.php?rest_route=\/wp\/v2\/product"}],"about":[{"href":"https:\/\/www.autonvaraosahaku.fi\/index.php?rest_route=\/wp\/v2\/types\/product"}],"wp:attachment":[{"href":"https:\/\/www.autonvaraosahaku.fi\/index.php?rest_route=%2Fwp%2Fv2%2Fmedia&parent=31011"}],"wp:term":[{"taxonomy":"pwb-brand","embeddable":true,"href":"https:\/\/www.autonvaraosahaku.fi\/index.php?rest_route=%2Fwp%2Fv2%2Fpwb-brand&post=31011"},{"taxonomy":"product_cat","embeddable":true,"href":"https:\/\/www.autonvaraosahaku.fi\/index.php?rest_route=%2Fwp%2Fv2%2Fproduct_cat&post=31011"},{"taxonomy":"product_tag","embeddable":true,"href":"https:\/\/www.autonvaraosahaku.fi\/index.php?rest_route=%2Fwp%2Fv2%2Fproduct_tag&post=31011"}],"curies":[{"name":"wp","href":"https:\/\/api.w.org\/{rel}","templated":true}]}}