{"id":31168,"date":"2021-02-21T16:08:55","date_gmt":"2021-02-21T16:08:55","guid":{"rendered":"https:\/\/www.autonvaraosahaku.fi\/?product=valeo-834098-kytkinpaketti"},"modified":"2021-02-21T16:08:57","modified_gmt":"2021-02-21T16:08:57","slug":"valeo-834098-kytkinpaketti","status":"publish","type":"product","link":"https:\/\/www.autonvaraosahaku.fi\/?product=valeo-834098-kytkinpaketti","title":{"rendered":"VALEO 834098 Kytkinpaketti"},"content":{"rendered":"<p>Uusi osa: ; Lis\u00e4tarvike\/lis\u00e4tieto: Painelevyll\u00e4, Irroitusmekanismilla; Ulkol\u00e4pimitta [mm]: 215; Ty\u00f6nt\u00f6voima [N]: 4900; Korvaava tuote\/korvaava tiedote 2: Kytkinlevyll\u00e4; Ulkol\u00e4pimitta 1 [mm]: 215; Hammasluku: 26; Napaprofiili: 21,9 x 20; Kiinnitysreikien m\u00e4\u00e4r\u00e4 irroitinmekanismissa: 2; Painejohdinliittimen l\u00e4pimitta [mm]: 13,3; Paino [kg]: 5,7; Tuotelinja: KIT3P (CSC); Valmistusvuoteen: 12\/2005; NISSAN: MICRA III K12,NOTE E11,NV200 EVALIA,NOTE E12,NV200 Kasten,KUBISTAR Kasten X80; DACIA: DUSTER,SANDERO,LOGAN MCV KS_,SANDERO II,LODGY,LOGAN MCV II,DOKKER,LOGAN LS_,DOKKER Express,LOGAN EXPRESS FS_,LOGAN Pick-up US_,LOGAN II,DUSTER Kasten; RENAULT: CLIO II BB0\/1\/2_, CB0\/1\/2_,CLIO III BR0\/1, CR0\/1,KANGOO KC0\/1_,TWINGO II CN0_,MODUS \/ GRAND MODUS F\/JP0_,KANGOO \/ GRAND KANGOO KW0\/1_,KANGOO Express FC0\/1_,CLIO Grandtour KR0\/1_,KANGOO Express FW0\/1_,CLIO II Kasten SB0\/1\/2_,THALIA I LB0\/1\/2_,CLIO III Kasten SB_, SR_,LOGAN I Kombi KS_,LOGAN I LS_,THALIA II LU1\/2_,LOGAN II; 2335400QAK, 302055016R, 302058324R, 302059852R, 306200650R, 7701476180, 7701478779, 8200046103, 2335400QAK, 2335400QAR, 3062000Q0A, 3062000Q0E, 3062000Q0J, 3062000QAB, 30620BN700, 30620BN710, 7701478779, 2335400QAK, 302055016R, 302058324R, 302059852R, 306200650R, 7701472700, 7701474961, 7701475345, 7701475361, 7701476180, 7701478114, 7701478779, 8200046103, 8200764613, 8200990502; Kytkinsarja<\/p>\n","protected":false},"excerpt":{"rendered":"<p>VALEO Kytkinpaketti 834098 Kytkinsarja NISSAN,DACIA,RENAULT,MICRA III K12,NOTE E11,NV200 EVALIA,NOTE E12,NV200 Kasten,KUBISTAR Kasten X80,DUSTER<\/p>\n","protected":false},"featured_media":0,"template":"","meta":{"site-sidebar-layout":"default","site-content-layout":"default","ast-global-header-display":"","ast-main-header-display":"","ast-hfb-above-header-display":"","ast-hfb-below-header-display":"","ast-hfb-mobile-header-display":"","site-post-title":"","ast-breadcrumbs-content":"","ast-featured-img":"","footer-sml-layout":"","theme-transparent-header-meta":"","adv-header-id-meta":"","stick-header-meta":"","header-above-stick-meta":"","header-main-stick-meta":"","header-below-stick-meta":""},"pwb-brand":[28],"product_cat":[21],"product_tag":[],"class_list":{"0":"post-31168","1":"product","2":"type-product","3":"status-publish","5":"pwb-brand-valeo","6":"product_cat-kytkinpaketti","7":"desktop-align-left","8":"tablet-align-left","9":"mobile-align-left","11":"first","12":"instock","13":"product-type-external"},"brands":[{"id":28,"name":"VALEO","slug":"valeo"}],"_links":{"self":[{"href":"https:\/\/www.autonvaraosahaku.fi\/index.php?rest_route=\/wp\/v2\/product\/31168","targetHints":{"allow":["GET"]}}],"collection":[{"href":"https:\/\/www.autonvaraosahaku.fi\/index.php?rest_route=\/wp\/v2\/product"}],"about":[{"href":"https:\/\/www.autonvaraosahaku.fi\/index.php?rest_route=\/wp\/v2\/types\/product"}],"wp:attachment":[{"href":"https:\/\/www.autonvaraosahaku.fi\/index.php?rest_route=%2Fwp%2Fv2%2Fmedia&parent=31168"}],"wp:term":[{"taxonomy":"pwb-brand","embeddable":true,"href":"https:\/\/www.autonvaraosahaku.fi\/index.php?rest_route=%2Fwp%2Fv2%2Fpwb-brand&post=31168"},{"taxonomy":"product_cat","embeddable":true,"href":"https:\/\/www.autonvaraosahaku.fi\/index.php?rest_route=%2Fwp%2Fv2%2Fproduct_cat&post=31168"},{"taxonomy":"product_tag","embeddable":true,"href":"https:\/\/www.autonvaraosahaku.fi\/index.php?rest_route=%2Fwp%2Fv2%2Fproduct_tag&post=31168"}],"curies":[{"name":"wp","href":"https:\/\/api.w.org\/{rel}","templated":true}]}}