{"id":31893,"date":"2021-02-21T16:11:44","date_gmt":"2021-02-21T16:11:44","guid":{"rendered":"https:\/\/www.autonvaraosahaku.fi\/?product=brembo-s-28-507-jarrukengat"},"modified":"2021-02-21T16:11:46","modified_gmt":"2021-02-21T16:11:46","slug":"brembo-s-28-507-jarrukengat","status":"publish","type":"product","link":"https:\/\/www.autonvaraosahaku.fi\/?product=brembo-s-28-507-jarrukengat","title":{"rendered":"BREMBO S 28 507 Jarrukeng\u00e4t"},"content":{"rendered":"<p>L\u00e4pimitta [mm]: 220; Leveys (mm): 36; Jarruj\u00e4rjestelm\u00e4: Akebono; Asennuspuoli: Hinterachse; HONDA: FR-V BE,CR-V I RD,ACCORD IV CB,ACCORD IV Coupe CB, CC,AIRWAVE; SUZUKI: JIMNY FJ,CARRY Kasten FD,JIMNY Gel\u00e4ndewagen offen SN,CARRY Pick-up FD; 04431S5SE01, 06450S9AE51, 42152SM4A01, 42154SM4A01, 42155SM4A01, 43053S10A00, 43053S10E50, 43053S6AE50, 43053SM4A00, 43053SM4A01, 43053SM4E50, 43053SM4E51, 4305SM4000, 43153S10A01, 43153S10A02, 43153S6AJ01, 43153S6AJ02, 43153SM4A01, 43153SM4A01HS, 43153SM4A02, 43154S10A01, 43154S10A02, 43154S6AJ01, 43154S6AJ02, 43154SM4A01, 43154SM4A02, 43155S10A01, 43155S10A02, 43155S6AJ01, 43155S6AJ02, 43155SM4A01, 43155SM4A02, 43155SM5A01, 43513S10A01, 45153S10A01, 45154S10A01, 5320076J00, 5320081A11000, 1A022638ZA, 1A082638Z, 1A082638ZA, 1A162638Z, 5320076J00000, 5320076J01, 5320081A00, 5320081A00000, 5320081A01, 5320081A01000, 5320081A10, 5320081A11, 5320081S01, 5320081S01000; Jarrukenk\u00e4sarja<\/p>\n","protected":false},"excerpt":{"rendered":"<p>BREMBO Jarrukeng\u00e4t S 28 507 Jarrukenk\u00e4sarja HONDA,SUZUKI,FR-V BE,CR-V I RD,ACCORD IV CB,ACCORD IV Coupe CB, CC,AIRWAVE,JIMNY FJ,CARRY Kasten FD<\/p>\n","protected":false},"featured_media":0,"template":"","meta":{"site-sidebar-layout":"default","site-content-layout":"default","ast-global-header-display":"","ast-main-header-display":"","ast-hfb-above-header-display":"","ast-hfb-below-header-display":"","ast-hfb-mobile-header-display":"","site-post-title":"","ast-breadcrumbs-content":"","ast-featured-img":"","footer-sml-layout":"","theme-transparent-header-meta":"","adv-header-id-meta":"","stick-header-meta":"","header-above-stick-meta":"","header-main-stick-meta":"","header-below-stick-meta":""},"pwb-brand":[146],"product_cat":[176],"product_tag":[],"class_list":{"0":"post-31893","1":"product","2":"type-product","3":"status-publish","5":"pwb-brand-brembo","6":"product_cat-jarrukengat","7":"desktop-align-left","8":"tablet-align-left","9":"mobile-align-left","11":"first","12":"instock","13":"product-type-external"},"brands":[{"id":146,"name":"BREMBO","slug":"brembo"}],"_links":{"self":[{"href":"https:\/\/www.autonvaraosahaku.fi\/index.php?rest_route=\/wp\/v2\/product\/31893","targetHints":{"allow":["GET"]}}],"collection":[{"href":"https:\/\/www.autonvaraosahaku.fi\/index.php?rest_route=\/wp\/v2\/product"}],"about":[{"href":"https:\/\/www.autonvaraosahaku.fi\/index.php?rest_route=\/wp\/v2\/types\/product"}],"wp:attachment":[{"href":"https:\/\/www.autonvaraosahaku.fi\/index.php?rest_route=%2Fwp%2Fv2%2Fmedia&parent=31893"}],"wp:term":[{"taxonomy":"pwb-brand","embeddable":true,"href":"https:\/\/www.autonvaraosahaku.fi\/index.php?rest_route=%2Fwp%2Fv2%2Fpwb-brand&post=31893"},{"taxonomy":"product_cat","embeddable":true,"href":"https:\/\/www.autonvaraosahaku.fi\/index.php?rest_route=%2Fwp%2Fv2%2Fproduct_cat&post=31893"},{"taxonomy":"product_tag","embeddable":true,"href":"https:\/\/www.autonvaraosahaku.fi\/index.php?rest_route=%2Fwp%2Fv2%2Fproduct_tag&post=31893"}],"curies":[{"name":"wp","href":"https:\/\/api.w.org\/{rel}","templated":true}]}}