{"id":31997,"date":"2021-02-21T16:12:07","date_gmt":"2021-02-21T16:12:07","guid":{"rendered":"https:\/\/www.autonvaraosahaku.fi\/?product=frenkit-810002-jarrusatula-korjaussarja"},"modified":"2021-02-21T16:12:10","modified_gmt":"2021-02-21T16:12:10","slug":"frenkit-810002-jarrusatula-korjaussarja","status":"publish","type":"product","link":"https:\/\/www.autonvaraosahaku.fi\/?product=frenkit-810002-jarrusatula-korjaussarja","title":{"rendered":"FRENKIT 810002 Jarrusatula korjaussarja"},"content":{"rendered":"<p>L\u00e4pimitta [mm]: 10; Asennuspuoli: Etuakseli, Taka-akseli; Jarruj\u00e4rjestelm\u00e4: Tok\/Kas\/Luc\/Niss\/Man; NISSAN: MICRA II K11,JUKE F15,PATROL GR II Wagon Y61,ALMERA I Hatchback N15,PICK UP D22,200 SX S13,ALMERA I N15,MAXIMA QX A33,TERRANO I WD21,MAXIMA QX A32,VANETTE Bus C22,BLUEBIRD T72 , T12,BLUEBIRD Hatchback T72, T12,MAXIMA II J30,PRAIRIE PRO M11,BLUEBIRD U11,PULSAR Schr\u00e4gheck C13,URVAN Bus E24,URVAN Kasten E23,URVAN Kasten E24,URVAN Bus E23,MAXIMA Station Wagon; MERCEDES-BENZ: A-CLASS W168; KIA: SORENTO I JC,SORENTO II XM,CERATO LD,MAGENTIS GD,MAGENTIS MG,OPIRUS GH,CERATO Stufenheck LD,PREGIO Kasten TB,PREGIO Bus,SORENTO III; SUBARU: FORESTER SG,FORESTER SH,LEGACY IV Station Wagon BL, BP, B13_,IMPREZA Schr\u00e4gheck GR, GH, G3,OUTBACK BL, BP,LEGACY IV BL, BP,LEGACY V Station Wagon BM, BR,OUTBACK BM, BR,LEGACY V BM, BR; ROVER: 800 XS; HYUNDAI: TUCSON JM,SANTA F\u00c9 I SM,TERRACAN HP,COUPE GK,ATOS MX,TRAJET FO,SONATA IV EF,COUPE RD,ELANTRA XD,ELANTRA Stufenheck XD,XG XG,SONATA III Y-3,LANTRA I J-1,SONATA II Y-2; MITSUBISHI: L 200 K7_T, K6_T; Ohjainhylsysarja, Jarrusatula<\/p>\n","protected":false},"excerpt":{"rendered":"<p>FRENKIT Ohjaustappi 810002 Ohjainhylsysarja, Jarrusatula NISSAN,MERCEDES-BENZ,KIA,MICRA II K11,JUKE F15,PATROL GR II Wagon Y61,ALMERA I Hatchback N15<\/p>\n","protected":false},"featured_media":0,"template":"","meta":{"site-sidebar-layout":"default","site-content-layout":"default","ast-global-header-display":"","ast-main-header-display":"","ast-hfb-above-header-display":"","ast-hfb-below-header-display":"","ast-hfb-mobile-header-display":"","site-post-title":"","ast-breadcrumbs-content":"","ast-featured-img":"","footer-sml-layout":"","theme-transparent-header-meta":"","adv-header-id-meta":"","stick-header-meta":"","header-above-stick-meta":"","header-main-stick-meta":"","header-below-stick-meta":""},"pwb-brand":[474],"product_cat":[57],"product_tag":[],"class_list":{"0":"post-31997","1":"product","2":"type-product","3":"status-publish","5":"pwb-brand-frenkit","6":"product_cat-jarrusatula-korjaussarja","7":"desktop-align-left","8":"tablet-align-left","9":"mobile-align-left","11":"first","12":"instock","13":"product-type-external"},"brands":[{"id":474,"name":"FRENKIT","slug":"frenkit"}],"_links":{"self":[{"href":"https:\/\/www.autonvaraosahaku.fi\/index.php?rest_route=\/wp\/v2\/product\/31997","targetHints":{"allow":["GET"]}}],"collection":[{"href":"https:\/\/www.autonvaraosahaku.fi\/index.php?rest_route=\/wp\/v2\/product"}],"about":[{"href":"https:\/\/www.autonvaraosahaku.fi\/index.php?rest_route=\/wp\/v2\/types\/product"}],"wp:attachment":[{"href":"https:\/\/www.autonvaraosahaku.fi\/index.php?rest_route=%2Fwp%2Fv2%2Fmedia&parent=31997"}],"wp:term":[{"taxonomy":"pwb-brand","embeddable":true,"href":"https:\/\/www.autonvaraosahaku.fi\/index.php?rest_route=%2Fwp%2Fv2%2Fpwb-brand&post=31997"},{"taxonomy":"product_cat","embeddable":true,"href":"https:\/\/www.autonvaraosahaku.fi\/index.php?rest_route=%2Fwp%2Fv2%2Fproduct_cat&post=31997"},{"taxonomy":"product_tag","embeddable":true,"href":"https:\/\/www.autonvaraosahaku.fi\/index.php?rest_route=%2Fwp%2Fv2%2Fproduct_tag&post=31997"}],"curies":[{"name":"wp","href":"https:\/\/api.w.org\/{rel}","templated":true}]}}