{"id":32187,"date":"2021-02-21T16:12:53","date_gmt":"2021-02-21T16:12:53","guid":{"rendered":"https:\/\/www.autonvaraosahaku.fi\/?product=vaico-v60-0117-automaattivaihteistooljy"},"modified":"2021-02-21T16:12:55","modified_gmt":"2021-02-21T16:12:55","slug":"vaico-v60-0117-automaattivaihteistooljy","status":"publish","type":"product","link":"https:\/\/www.autonvaraosahaku.fi\/?product=vaico-v60-0117-automaattivaihteistooljy","title":{"rendered":"VAICO V60-0117 Automaattivaihteisto\u00f6ljy"},"content":{"rendered":"<p>Leveys (mm): 115; Tilavuus (litra): 1; V\u00e4ri: Keltainen; Pakkaustyyppi: Pullo; Erittely: Chrysler\/Dodge NS-2, Nissan NS-1, Nissan NS-2, Suzuki CVT Green1, Suzuki TC, AUDI-VW  G 052 180 A, AUDI-VW TL 521 80, Chrysler CVTF+4, Honda HMMF, Hyundai\/KIA SP-III, MB  001 989 46 03, Mitsubishi CVTF-J1, Mitsubishi SP-III, AUDI-VW G 052 180, BMW  83 22 0 136 376, Ford CVT30, Ford WSS-M2C 928-A, Subaru CVTF, Subaru NS-2, Suzuki NS-2, Toyota TC, BMW 83 22 0 429 154, BMW\/Mini EZL799, Ford CVT23, Honda HCF2, Mercedes Benz 236,20; Suositeltu vaihtov\u00e4li [km]: 60000; Suositellun tarvikkeen tuotenumero: V10-3231, V30-2252, V30-2253; Huomioi j\u00e4rjestelm\u00e4-t\u00e4ytt\u00f6m\u00e4\u00e4r\u00e4: ; Korkeus (mm): 225; Paino [kg]: 0,93; Viskositeettiluokka SAE: ATF CVT; Vaihteistomalli: CVT, TR-580; Vaihteistomalli: CVT-automaattivaihteisto (portaaton), Ei kaksoiskytkinvaihteistoon; Pituus (mm): 60; Suositellun erikoisty\u00f6kalun tuotenumero: V99-1017; Huomioi ajoneuvovalmistajan vaatimukset: ; Kemialliset ominaisuudet: synteettinen; Suositeltu vaihtov\u00e4li [vuotta]: 5; lis\u00e4tieto: CST96; AUDI: A6 Avant 4F5, C6,A4 Avant 8ED, B7,A4 Avant 8E5, B6,A6 Avant 4B5, C5,A4 8E2, B6,A6 4F2, C6,A6 4B2, C5,A4 Cabriolet 8H7, B6, 8HE, B7,A4 8EC, B7,A8 4E_; SEAT: EXEO ST 3R5,EXEO 3R2; NISSAN: ALMERA TINO V10,PRIMERA P11,PRIMERA P12,PRIMERA Traveller WP11,PRIMERA Hatchback P11,PRIMERA Hatchback P12; MERCEDES-BENZ: A-CLASS W169,B-CLASS W245; MINI: MINI R56,MINI R50, R53,MINI Cabriolet R52,MINI Cabriolet R57; SUBARU: IMPREZA Stufenheck GD,IMPREZA Schr\u00e4gheck GR, GH, G3,IMPREZA Station Wagon GG,LEGACY V Station Wagon BM, BR,OUTBACK BM, BR,IMPREZA Stufenheck GR,LEGACY V BM, BR,IMPREZA Schr\u00e4gheck GP,IMPREZA Stufenheck GJ; FORD: FOCUS II Kombi DA_,FOCUS II DA_,FOCUS C-MAX,FOCUS II Stufenheck DA_; TOYOTA: RAV 4 III ACA3_, ACE_, ALA3_, GSA3_, ZSA3_,AVENSIS Station Wagon ZRT27, ADT27,VERSO _AUR2_, _ZGR2_,YARIS NHP13_, NSP13_, NCP13_, KSP13_, NLP13_,IQ KPJ1_, NGJ1_, KGJ1_, NUJ1_,AVENSIS Stufenheck ZRT27, ADT27,VERSO S NLP12_, NCP12_, NSP12_; G052180A2, G052516A2, EZL799, NS2CVTF4, NS2CVTF4, CVT75W80, CVT23, CVT30, WSSM2C928A, HCF2, HMMF, SPIII, NS2CVTF4, SPIII, 0019894603, 001989460313, 23620, A0019894603, A001989460313, 83220136376, 83220136376S1, 83220429154, 83220429154S1, EZL799, NormEZL799, CVTFJ1, CVTFJ1SPIII, SPIII, NS1, NS2, G052180A2, G052516A2, G052180A2, G052516A2, CVTF, NS2, NS2CVTF, CVTGreen1, TCNS2, TC, G052180A2, G052516A2<\/p>\n","protected":false},"excerpt":{"rendered":"<p>VAICO Automaattivaihteisto\u00f6ljy V60-0117  AUDI,SEAT,NISSAN,A6 Avant 4F5, C6,A4 Avant 8ED, B7,A4 Avant 8E5, B6,A6 Avant 4B5, C5,A4 8E2, B6,A6 4F2, C6<\/p>\n","protected":false},"featured_media":0,"template":"","meta":{"site-sidebar-layout":"default","site-content-layout":"default","ast-global-header-display":"","ast-main-header-display":"","ast-hfb-above-header-display":"","ast-hfb-below-header-display":"","ast-hfb-mobile-header-display":"","site-post-title":"","ast-breadcrumbs-content":"","ast-featured-img":"","footer-sml-layout":"","theme-transparent-header-meta":"","adv-header-id-meta":"","stick-header-meta":"","header-above-stick-meta":"","header-main-stick-meta":"","header-below-stick-meta":""},"pwb-brand":[330],"product_cat":[143],"product_tag":[],"class_list":{"0":"post-32187","1":"product","2":"type-product","3":"status-publish","5":"pwb-brand-vaico","6":"product_cat-automaattivaihteistooljy","7":"desktop-align-left","8":"tablet-align-left","9":"mobile-align-left","11":"first","12":"instock","13":"product-type-external"},"brands":[{"id":330,"name":"VAICO","slug":"vaico"}],"_links":{"self":[{"href":"https:\/\/www.autonvaraosahaku.fi\/index.php?rest_route=\/wp\/v2\/product\/32187","targetHints":{"allow":["GET"]}}],"collection":[{"href":"https:\/\/www.autonvaraosahaku.fi\/index.php?rest_route=\/wp\/v2\/product"}],"about":[{"href":"https:\/\/www.autonvaraosahaku.fi\/index.php?rest_route=\/wp\/v2\/types\/product"}],"wp:attachment":[{"href":"https:\/\/www.autonvaraosahaku.fi\/index.php?rest_route=%2Fwp%2Fv2%2Fmedia&parent=32187"}],"wp:term":[{"taxonomy":"pwb-brand","embeddable":true,"href":"https:\/\/www.autonvaraosahaku.fi\/index.php?rest_route=%2Fwp%2Fv2%2Fpwb-brand&post=32187"},{"taxonomy":"product_cat","embeddable":true,"href":"https:\/\/www.autonvaraosahaku.fi\/index.php?rest_route=%2Fwp%2Fv2%2Fproduct_cat&post=32187"},{"taxonomy":"product_tag","embeddable":true,"href":"https:\/\/www.autonvaraosahaku.fi\/index.php?rest_route=%2Fwp%2Fv2%2Fproduct_tag&post=32187"}],"curies":[{"name":"wp","href":"https:\/\/api.w.org\/{rel}","templated":true}]}}