{"id":32775,"date":"2021-02-21T16:14:59","date_gmt":"2021-02-21T16:14:59","guid":{"rendered":"https:\/\/www.autonvaraosahaku.fi\/?product=mahle-original-abr-37-000p-lammityslaitteen-puhaltimen-vastus"},"modified":"2021-02-21T16:15:01","modified_gmt":"2021-02-21T16:15:01","slug":"mahle-original-abr-37-000p-lammityslaitteen-puhaltimen-vastus","status":"publish","type":"product","link":"https:\/\/www.autonvaraosahaku.fi\/?product=mahle-original-abr-37-000p-lammityslaitteen-puhaltimen-vastus","title":{"rendered":"MAHLE ORIGINAL ABR 37 000P L\u00e4mmityslaitteen puhaltimen vastus"},"content":{"rendered":"<p>Varusteet: Autoihin, joissa autom. ilmastointi; Vasen \/ oikea liikenne: Ohjaus vasemmalla; VW: POLO 9N_,POLO 6R, 6C,POLO Stufenheck 9A4; AUDI: A2 8Z0; SKODA: FABIA,FABIA Combi,ROOMSTER 5J; SEAT: IBIZA IV 6L1,IBIZA V 6J5, 6P5,IBIZA V ST 6J8, 6P8,CORDOBA 6L2; 6Q1907521, 6Q1907521A, 6Q1907521B, 6Q1907521, 6Q1907521A, 6Q1907521B<\/p>\n","protected":false},"excerpt":{"rendered":"<p>MAHLE ORIGINAL S\u00e4\u00e4din, Sis\u00e4valaistus ABR 37 000P  VW,AUDI,SKODA,POLO 9N_,POLO 6R, 6C,POLO Stufenheck 9A4,A2 8Z0,FABIA,FABIA Combi,ROOMSTER 5J<\/p>\n","protected":false},"featured_media":0,"template":"","meta":{"site-sidebar-layout":"default","site-content-layout":"default","ast-global-header-display":"","ast-main-header-display":"","ast-hfb-above-header-display":"","ast-hfb-below-header-display":"","ast-hfb-mobile-header-display":"","site-post-title":"","ast-breadcrumbs-content":"","ast-featured-img":"","footer-sml-layout":"","theme-transparent-header-meta":"","adv-header-id-meta":"","stick-header-meta":"","header-above-stick-meta":"","header-main-stick-meta":"","header-below-stick-meta":""},"pwb-brand":[153],"product_cat":[134],"product_tag":[],"class_list":{"0":"post-32775","1":"product","2":"type-product","3":"status-publish","5":"pwb-brand-mahle-original","6":"product_cat-lammityslaitteen-puhaltimen-vastus","7":"desktop-align-left","8":"tablet-align-left","9":"mobile-align-left","11":"first","12":"instock","13":"product-type-external"},"brands":[{"id":153,"name":"MAHLE ORIGINAL","slug":"mahle-original"}],"_links":{"self":[{"href":"https:\/\/www.autonvaraosahaku.fi\/index.php?rest_route=\/wp\/v2\/product\/32775","targetHints":{"allow":["GET"]}}],"collection":[{"href":"https:\/\/www.autonvaraosahaku.fi\/index.php?rest_route=\/wp\/v2\/product"}],"about":[{"href":"https:\/\/www.autonvaraosahaku.fi\/index.php?rest_route=\/wp\/v2\/types\/product"}],"wp:attachment":[{"href":"https:\/\/www.autonvaraosahaku.fi\/index.php?rest_route=%2Fwp%2Fv2%2Fmedia&parent=32775"}],"wp:term":[{"taxonomy":"pwb-brand","embeddable":true,"href":"https:\/\/www.autonvaraosahaku.fi\/index.php?rest_route=%2Fwp%2Fv2%2Fpwb-brand&post=32775"},{"taxonomy":"product_cat","embeddable":true,"href":"https:\/\/www.autonvaraosahaku.fi\/index.php?rest_route=%2Fwp%2Fv2%2Fproduct_cat&post=32775"},{"taxonomy":"product_tag","embeddable":true,"href":"https:\/\/www.autonvaraosahaku.fi\/index.php?rest_route=%2Fwp%2Fv2%2Fproduct_tag&post=32775"}],"curies":[{"name":"wp","href":"https:\/\/api.w.org\/{rel}","templated":true}]}}