{"id":32778,"date":"2021-02-21T16:14:59","date_gmt":"2021-02-21T16:14:59","guid":{"rendered":"https:\/\/www.autonvaraosahaku.fi\/?product=febi-bilstein-107668-kampiakselin-tiiviste"},"modified":"2021-02-21T16:15:02","modified_gmt":"2021-02-21T16:15:02","slug":"febi-bilstein-107668-kampiakselin-tiiviste","status":"publish","type":"product","link":"https:\/\/www.autonvaraosahaku.fi\/?product=febi-bilstein-107668-kampiakselin-tiiviste","title":{"rendered":"FEBI BILSTEIN 107668 Kampiakselin tiiviste"},"content":{"rendered":"<p>Leveys (mm): 6,0; Sis\u00e4l\u00e4pimitta [mm]: 37,0; Ulkol\u00e4pimitta [mm]: 50,0; Py\u00f6rimissuunta: Py\u00f6rimissuunta my\u00f6t\u00e4p\u00e4iv\u00e4\u00e4n; Materiaali: MVQ (silikooni\/kautsu); Asennuspuoli: Etup\u00e4\u00e4; Paino [kg]: 0,011, 0,011, 0,011; Moottorinumero: LF50; LF72; LFN7; MAZDA: 5 CR19,3 BK,6 Station Wagon GY,6 Kombi GH,CX-7 ER,6 Hatchback GG,6 GG,3 BL,TRIBUTE EP,5 CW,MX-5 III NC,6 Schr\u00e4gheck GH,3 Stufenheck BK,6 GH,MPV II LW,3 Stufenheck BL,BT-50 Pick-up B22, B32, UP; FORD USA: MUSTANG Coupe,EDGE,MUSTANG Convertible; VOLVO: V50 MW,XC60,V70 III BW,C30,V60,S40 II MS,S80 II AS,S60 II; FORD: FIESTA V JH_, JD_,FOCUS II Kombi DA_,FOCUS II DA_,S-MAX WA6,FOCUS C-MAX,GALAXY WA6,FOCUS III,MAVERICK,TRANSIT MK-7 Kasten,RANGER TKE,MONDEO IV BA7,KUGA II DM2,FOCUS II Stufenheck DA_,FOCUS II Cabriolet,TRANSIT MK-7 Pritsche\/Fahrgestell,FOCUS III Stufenheck,MONDEO IV Stufenheck BA7,TRANSIT CONNECT Kasten,S-MAX,MONDEO V Stufenheck,GALAXY,MONDEO V Schr\u00e4gheck,TRANSIT CONNECT Kombi; 1119162, 1667955, 1947790, 5184441, 1S7G6700AC, 9E5G6700AA, CM5E6700AB, CM5E6700AC, C2Z31934, LR025013, LR043291, LR083938, 1D0110602, L3G610602, L50710602, LF0110602, 30711875, 31480426; Akselitiiviste, Kampiakseli<\/p>\n","protected":false},"excerpt":{"rendered":"<p>FEBI BILSTEIN Kampiakselin Tiiviste 107668 Akselitiiviste, Kampiakseli MAZDA,FORD USA,VOLVO,5 CR19,3 BK,6 Station Wagon GY,6 Kombi GH,CX-7 ER<\/p>\n","protected":false},"featured_media":0,"template":"","meta":{"site-sidebar-layout":"default","site-content-layout":"default","ast-global-header-display":"","ast-main-header-display":"","ast-hfb-above-header-display":"","ast-hfb-below-header-display":"","ast-hfb-mobile-header-display":"","site-post-title":"","ast-breadcrumbs-content":"","ast-featured-img":"","footer-sml-layout":"","theme-transparent-header-meta":"","adv-header-id-meta":"","stick-header-meta":"","header-above-stick-meta":"","header-main-stick-meta":"","header-below-stick-meta":""},"pwb-brand":[50],"product_cat":[88],"product_tag":[],"class_list":{"0":"post-32778","1":"product","2":"type-product","3":"status-publish","5":"pwb-brand-febi-bilstein","6":"product_cat-kampiakselin-tiiviste","7":"desktop-align-left","8":"tablet-align-left","9":"mobile-align-left","11":"first","12":"instock","13":"product-type-external"},"brands":[{"id":50,"name":"FEBI BILSTEIN","slug":"febi-bilstein"}],"_links":{"self":[{"href":"https:\/\/www.autonvaraosahaku.fi\/index.php?rest_route=\/wp\/v2\/product\/32778","targetHints":{"allow":["GET"]}}],"collection":[{"href":"https:\/\/www.autonvaraosahaku.fi\/index.php?rest_route=\/wp\/v2\/product"}],"about":[{"href":"https:\/\/www.autonvaraosahaku.fi\/index.php?rest_route=\/wp\/v2\/types\/product"}],"wp:attachment":[{"href":"https:\/\/www.autonvaraosahaku.fi\/index.php?rest_route=%2Fwp%2Fv2%2Fmedia&parent=32778"}],"wp:term":[{"taxonomy":"pwb-brand","embeddable":true,"href":"https:\/\/www.autonvaraosahaku.fi\/index.php?rest_route=%2Fwp%2Fv2%2Fpwb-brand&post=32778"},{"taxonomy":"product_cat","embeddable":true,"href":"https:\/\/www.autonvaraosahaku.fi\/index.php?rest_route=%2Fwp%2Fv2%2Fproduct_cat&post=32778"},{"taxonomy":"product_tag","embeddable":true,"href":"https:\/\/www.autonvaraosahaku.fi\/index.php?rest_route=%2Fwp%2Fv2%2Fproduct_tag&post=32778"}],"curies":[{"name":"wp","href":"https:\/\/api.w.org\/{rel}","templated":true}]}}