{"id":32800,"date":"2021-02-21T16:15:07","date_gmt":"2021-02-21T16:15:07","guid":{"rendered":"https:\/\/www.autonvaraosahaku.fi\/?product=prasco-aa210r006-jaahdytin"},"modified":"2021-02-21T16:15:07","modified_gmt":"2021-02-21T16:15:07","slug":"prasco-aa210r006-jaahdytin","status":"publish","type":"product","link":"https:\/\/www.autonvaraosahaku.fi\/?product=prasco-aa210r006-jaahdytin","title":{"rendered":"PRASCO AA210R006 J\u00e4\u00e4hdytin"},"content":{"rendered":"<p>Laatu: Alternativ; Valmistaja rajaus: Denso; Kennon mitat: 621x407x34; Materiaali: Alumiini, Muovi; Suodatintyyppi: pikakiinnityksell\u00e4; Sis\u00e4\u00e4ntulol\u00e4pimitta [mm]: 38,0; Ulostulon l\u00e4pimitta [mm]: 38,0; Vaihteistomalli: Schaltgetriebe; ABARTH: PUNTO 199_; OPEL: CORSA D,CORSA D Van; LANCIA: DELTA III 844; FIAT: GRANDE PUNTO 199,BRAVO II 198,PUNTO EVO 199,DOBLO Kasten\/Kombi 263,PUNTO 199,DOBLO Gro\u00dfraumlimousine 152, 263,DOBLO Pritsche\/Fahrgestell 263; ALFA ROMEO: MITO 955; VAUXHALL: CORSA Mk III D L_8,CORSAVAN Mk III D; 51808364, 51896964, 55700617, 55704135, 51896964, 55704135, 51808364, 51896964, 55700617, 55703927, 55704135, 51808364, 51896964, 55700617, 55703927, 55704135, 1300287, 55703927; Syyl\u00e4ri,J\u00e4\u00e4hdytin,Moottorin J\u00e4\u00e4hdytys<\/p>\n","protected":false},"excerpt":{"rendered":"<p>PRASCO J\u00e4\u00e4hdytin PrascoSelection AA210R006 Syyl\u00e4ri,J\u00e4\u00e4hdytin,Moottorin J\u00e4\u00e4hdytys ABARTH,OPEL,LANCIA,PUNTO 199_,CORSA D,CORSA D Van,DELTA III 844<\/p>\n","protected":false},"featured_media":0,"template":"","meta":{"site-sidebar-layout":"default","site-content-layout":"default","ast-global-header-display":"","ast-main-header-display":"","ast-hfb-above-header-display":"","ast-hfb-below-header-display":"","ast-hfb-mobile-header-display":"","site-post-title":"","ast-breadcrumbs-content":"","ast-featured-img":"","footer-sml-layout":"","theme-transparent-header-meta":"","adv-header-id-meta":"","stick-header-meta":"","header-above-stick-meta":"","header-main-stick-meta":"","header-below-stick-meta":""},"pwb-brand":[406],"product_cat":[421],"product_tag":[],"class_list":{"0":"post-32800","1":"product","2":"type-product","3":"status-publish","5":"pwb-brand-prasco","6":"product_cat-jaahdytin","7":"desktop-align-left","8":"tablet-align-left","9":"mobile-align-left","11":"first","12":"instock","13":"product-type-external"},"brands":[{"id":406,"name":"PRASCO","slug":"prasco"}],"_links":{"self":[{"href":"https:\/\/www.autonvaraosahaku.fi\/index.php?rest_route=\/wp\/v2\/product\/32800","targetHints":{"allow":["GET"]}}],"collection":[{"href":"https:\/\/www.autonvaraosahaku.fi\/index.php?rest_route=\/wp\/v2\/product"}],"about":[{"href":"https:\/\/www.autonvaraosahaku.fi\/index.php?rest_route=\/wp\/v2\/types\/product"}],"wp:attachment":[{"href":"https:\/\/www.autonvaraosahaku.fi\/index.php?rest_route=%2Fwp%2Fv2%2Fmedia&parent=32800"}],"wp:term":[{"taxonomy":"pwb-brand","embeddable":true,"href":"https:\/\/www.autonvaraosahaku.fi\/index.php?rest_route=%2Fwp%2Fv2%2Fpwb-brand&post=32800"},{"taxonomy":"product_cat","embeddable":true,"href":"https:\/\/www.autonvaraosahaku.fi\/index.php?rest_route=%2Fwp%2Fv2%2Fproduct_cat&post=32800"},{"taxonomy":"product_tag","embeddable":true,"href":"https:\/\/www.autonvaraosahaku.fi\/index.php?rest_route=%2Fwp%2Fv2%2Fproduct_tag&post=32800"}],"curies":[{"name":"wp","href":"https:\/\/api.w.org\/{rel}","templated":true}]}}